-- Table structure for table `job_batches`
--

CREATE TABLE `job_batches` (
  `id` varchar(255) CHARACTER SET utf8mb4 COLLATE utf8mb4_unicode_ci NOT NULL,
  `name` varchar(255) CHARACTER SET utf8mb4 COLLATE utf8mb4_unicode_ci NOT NULL,
  `total_jobs` int NOT NULL,
  `pending_jobs` int NOT NULL,
  `failed_jobs` int NOT NULL,
  `failed_job_ids` longtext CHARACTER SET utf8mb4 COLLATE utf8mb4_unicode_ci NOT NULL,
  `options` mediumtext CHARACTER SET utf8mb4 COLLATE utf8mb4_unicode_ci,
  `cancelled_at` int DEFAULT NULL,
  `created_at` int NOT NULL,
  `finished_at` int DEFAULT NULL
) ENGINE=InnoDB DEFAULT CHARSET=utf8mb4 COLLATE=utf8mb4_unicode_ci;

-- --------------------------------------------------------

--
-- Table structure for table `messages`
--

CREATE TABLE `messages` (
  `id` bigint UNSIGNED NOT NULL,
  `name` varchar(255) CHARACTER SET utf8mb4 COLLATE utf8mb4_unicode_ci NOT NULL,
  `email` varchar(255) CHARACTER SET utf8mb4 COLLATE utf8mb4_unicode_ci NOT NULL,
  `message` text CHARACTER SET utf8mb4 COLLATE utf8mb4_unicode_ci NOT NULL,
  `created_at` timestamp NULL DEFAULT NULL,
  `updated_at` timestamp NULL DEFAULT NULL
) ENGINE=InnoDB DEFAULT CHARSET=utf8mb4 COLLATE=utf8mb4_unicode_ci;

--
-- Dumping data for table `messages`
--

INSERT INTO `messages` (`id`, `name`, `email`, `message`, `created_at`, `updated_at`) VALUES
(1, 'awes', 'rafiawes897@gmail.com', 'this is a test message.', '2025-12-25 22:57:47', '2025-12-25 22:57:47'),
(2, 'awes', 'rafiawes897@gmail.com', 'this is a test message.', '2025-12-25 23:13:02', '2025-12-25 23:13:02'),
(3, 'awes', 'rafiawes897@gmail.com', 'this is a test message.', '2025-12-25 23:52:45', '2025-12-25 23:52:45'),
(4, 'awes', 'rafiawes897@gmail.com', 'this is a test message.', '2025-12-25 23:53:22', '2025-12-25 23:53:22'),
(5, 'awes', 'rafiawes897@gmail.com', 'this is a test message.', '2025-12-25 23:53:51', '2025-12-25 23:53:51'),
(6, 'Rudyard Ballard', 'kuzelo@mailinator.com', 'Voluptatem aspernatu', '2025-12-26 00:12:00', '2025-12-26 00:12:00'),
(7, 'Rudyard Ballard', 'kuzelo@mailinator.com', 'Voluptatem aspernatu', '2025-12-26 00:12:25', '2025-12-26 00:12:25'),
(8, 'Zeus Booker', 'vuguj@mailinator.com', 'Veniam quaerat dolo', '2025-12-26 00:14:29', '2025-12-26 00:14:29'),
(9, 'Emma Brown', 'admin@gmail.com', 'qwqwqw', '2026-01-11 00:12:10', '2026-01-11 00:12:10'),
(10, 'Emma Brown', 'admin@gmail.com', 'qwqwqw', '2026-01-11 00:12:15', '2026-01-11 00:12:15'),
(11, 'Emma Brown', 'admin@gmail.com', 'qwqwqw', '2026-01-11 00:12:17', '2026-01-11 00:12:17'),
(12, 'Emma Brown', 'kihini4578@imfaya.com', 'qwqwqw', '2026-01-11 00:12:21', '2026-01-11 00:12:21'),
(13, 'Emma Brown', 'kihini4578@imfaya.com', 'qwqwqw', '2026-01-11 00:12:23', '2026-01-11 00:12:23'),
(14, 'Emma Brown', 'kihini4578@imfaya.com', 'qwqwqw', '2026-01-11 00:12:23', '2026-01-11 00:12:23'),
(15, 'Emma Brown', 'kihini4578@imfaya.com', 'qwqwqw', '2026-01-11 00:12:28', '2026-01-11 00:12:28'),
(16, 'Emma Brown', 'kihini4578@imfaya.com', 'dsadsdsdsdsdsdsdwewe', '2026-01-11 00:21:15', '2026-01-11 00:21:15'),
(17, 'Emma Brown', 'kihini4578@imfaya.com', 'dsadsdsdsdsdsdsdwewe', '2026-01-11 00:21:32', '2026-01-11 00:21:32'),
(18, 'Emma Brown', 'kihini4578@imfaya.com', 'sewrwerewrsd', '2026-01-11 00:22:04', '2026-01-11 00:22:04'),
(19, 'Emma Brown', 'kihini4578@imfaya.com', 'sewrwerewrsd', '2026-01-11 00:22:28', '2026-01-11 00:22:28'),
(20, 'Emma Brown', 'kihini4578@imfaya.com', 'sewrwerewrsd', '2026-01-11 00:22:30', '2026-01-11 00:22:30'),
(21, 'Emma Brown', 'kihini4578@imfaya.com', 'sewrwerewrsd', '2026-01-11 00:22:30', '2026-01-11 00:22:30'),
(22, 'Emma Brown', 'kihini4578@imfaya.com', 'sewrwerewrsd', '2026-01-11 00:22:31', '2026-01-11 00:22:31'),
(23, 'Emma Brown', 'kihini4578@imfaya.com', 'sewrwerewrsd', '2026-01-11 00:22:31', '2026-01-11 00:22:31'),
(24, 'Emma Brown', 'kihini4578@imfaya.com', 'sewrwerewrsd', '2026-01-11 00:22:31', '2026-01-11 00:22:31'),
(25, 'Emma Brown', 'kihini4578@imfaya.com', 'sewrwerewrsd', '2026-01-11 00:22:31', '2026-01-11 00:22:31'),
(26, 'Emma Brown', 'kihini4578@imfaya.com', 'sewrwerewrsd', '2026-01-11 00:22:32', '2026-01-11 00:22:32'),
(27, 'Emma Brown', 'kihini4578@imfaya.com', 'sewrwerewrsd', '2026-01-11 00:22:32', '2026-01-11 00:22:32'),
(28, 'Emma Brown', 'admin@gmail.com', 'csds c', '2026-01-11 00:22:50', '2026-01-11 00:22:50'),
(29, 'Emma Brown', 'admin@gmail.com', 'csds c', '2026-01-11 00:22:50', '2026-01-11 00:22:50'),
(30, 'Molly Hudson', 'mijyq@mailinator.com', 'Natus sint pariatur', '2026-01-11 00:36:58', '2026-01-11 00:36:58'),
(31, 'awes', 'rafiawes897@gmail.com', 'this is a test message.', '2026-01-11 00:37:59', '2026-01-11 00:37:59'),
(32, 'Ferdinand Finley', 'kudi@mailinator.com', 'Nihil qui minima rep', '2026-01-11 00:39:18', '2026-01-11 00:39:18'),
(33, 'awes', 'rafiawes897@gmail.com', 'this is a test message.', '2026-01-11 00:39:30', '2026-01-11 00:39:30'),
(34, 'awes', 'rafiawes897@gmail.com', 'this is a test message.', '2026-01-11 00:46:12', '2026-01-11 00:46:12'),
(35, 'parvas', 'test10@yopmail.com', 'Ad quisquam aut labo', '2026-01-11 00:47:49', '2026-01-11 00:47:49'),
(36, 'awes', 'rafiawes897@gmail.com', 'this is a test message.', '2026-01-11 21:30:01', '2026-01-11 21:30:01'),
(37, 'awes', 'rafiawes897@gmail.com', 'this is a test message.', '2026-01-11 22:09:51', '2026-01-11 22:09:51'),
(38, 'awes', 'rafiawes897@gmail.com', 'this is a test message.', '2026-01-11 22:21:07', '2026-01-11 22:21:07'),
(39, 'awes', 'rafiawes897@gmail.com', 'this is a test message.', '2026-01-11 22:26:25', '2026-01-11 22:26:25'),
(40, 'awes', 'rafiawes897@gmail.com', 'this is a test message.', '2026-01-11 22:27:28', '2026-01-11 22:27:28'),
(41, 'awes', 'rafiawes4897@gmail.com', 'this is a test message.', '2026-01-11 23:18:14', '2026-01-11 23:18:14'),
(42, 'Lois Gonzales', 'sotucigev@mailinator.com', 'Commodi sed adipisci', '2026-01-11 23:45:31', '2026-01-11 23:45:31'),
(43, 'Emma Brown', 'focip31212@imfaya.com', 'sdsd', '2026-01-15 21:52:35', '2026-01-15 21:52:35'),
(44, 'Emma Brown', 'focip31212@imfaya.com', 'sdsd', '2026-01-15 21:52:40', '2026-01-15 21:52:40'),
(45, 'Zachery Frazier', 'vyvo@mailinator.com', 'Maiores esse non vo', '2026-01-21 04:14:46', '2026-01-21 04:14:46'),
(46, 'Zachery Frazier', 'vyvo@mailinator.com', 'Maiores esse non vo', '2026-01-21 04:14:51', '2026-01-21 04:14:51'),
(47, 'Zachery Frazier', 'vyvo@mailinator.com', 'Maiores esse non vo', '2026-01-21 04:14:56', '2026-01-21 04:14:56'),
(48, 'Zachery Frazier', 'vyvo@mailinator.com', 'Maiores esse non vo', '2026-01-21 04:15:01', '2026-01-21 04:15:01'),
(49, 'Kirby Stout', 'qubika@mailinator.com', 'Incidunt ratione se', '2026-01-21 04:16:04', '2026-01-21 04:16:04'),
(50, 'Ifeoma Clark', 'dyqax@mailinator.com', 'Beatae inventore lab', '2026-01-21 04:16:15', '2026-01-21 04:16:15'),
(51, 'Montana Gould', 'gyjes@mailinator.com', 'In id placeat dolo', '2026-01-21 04:18:03', '2026-01-21 04:18:03');

-- --------------------------------------------------------

--
-- Table structure for table `migrations`
--

CREATE TABLE `migrations` (
  `id` int UNSIGNED NOT NULL,
  `migration` varchar(255) CHARACTER SET utf8mb4 COLLATE utf8mb4_unicode_ci NOT NULL,
  `batch` int NOT NULL
) ENGINE=InnoDB DEFAULT CHARSET=utf8mb4 COLLATE=utf8mb4_unicode_ci;

--
-- Dumping data for table `migrations`
--

INSERT INTO `migrations` (`id`, `migration`, `batch`) VALUES
(302, '2025_12_05_101859_create_custom_quotes_table', 1),
(323, '2025_12_05_101924_create_news_table', 2),
(335, '2025_12_18_083217_create_carts_table', 4),
(354, '0001_01_01_000000_create_users_table', 5),
(355, '0001_01_01_000001_create_cache_table', 5),
(356, '0001_01_01_000002_create_jobs_table', 5),
(357, '2025_12_04_094809_create_personal_access_tokens_table', 5),
(358, '2025_12_05_101339_create_categories_table', 5),
(359, '2025_12_05_101359_create_services_table', 5),
(360, '2025_12_05_101431_create_included_services_table', 5),
(361, '2025_12_05_101559_create_processing_times_table', 5),
(362, '2025_12_05_101614_create_questionaries_table', 5),
(363, '2025_12_05_101647_create_delivery_details_table', 5),
(364, '2025_12_05_101735_create_quotes_table', 5),
(365, '2025_12_05_101755_create_service_quotes_table', 5),
(366, '2025_12_05_111446_create_required_documents_table', 5),
(367, '2025_12_05_115503_create_pages_table', 5),
(368, '2025_12_05_115514_create_faqs_table', 5),
(369, '2025_12_13_042437_create_custom_quotes_table', 5),
(370, '2025_12_13_064058_create_answers_table', 5),
(371, '2025_12_15_050320_add_reset_token_expires_at_to_users_table', 5),
(372, '2025_12_15_052608_add_reset_token__to_users_table', 5),
(373, '2025_12_15_064805_reset_token_verified_to_users_table', 5),
(374, '2025_12_15_085325_add_reset_token_verified_at_to_users_table', 5),
(375, '2025_12_17_060831_add_delivery_details_ids_to_table_service_quotes', 5),
(376, '2025_12_18_102447_create_news_table', 5),
(377, '2025_12_19_095440_create_orders_table', 5),
(378, '2025_12_19_103910_create_order_items_table', 5),
(379, '2025_12_20_060142_create_order_item_deliveries_table', 5),
(380, '2025_12_20_095305_create_customer_columns', 5),
(381, '2025_12_20_095306_create_subscriptions_table', 5),
(382, '2025_12_20_095307_create_subscription_items_table', 5),
(383, '2025_12_20_095308_add_meter_id_to_subscription_items_table', 5),
(384, '2025_12_20_095309_add_meter_event_name_to_subscription_items_table', 5),
(385, '2025_12_23_101125_add_service_id_to_answers_table', 5),
(386, '2025_12_24_042412_add_slug_to_orders_table', 6),
(387, '2025_12_24_053032_create_transactions_table', 7),
(388, '2025_12_24_102543_add_subtitle_to_services_table', 8),
(389, '2025_12_24_105131_create_notifications_table', 9),
(390, '2025_12_25_084346_create_ratings_table', 10),
(391, '2025_12_25_071719_create_messages_table', 11),
(392, '2025_12_26_061452_create_subscribers_table', 12),
(393, '2025_12_26_063150_update_slug_in_orders_table', 13),
(397, '2025_12_26_071245_update_type_in_table_questionaries', 14),
(398, '2025_12_26_093112_create_answers_table', 14),
(399, '2025_12_26_123839_add_column_orderid_to_service_quotes', 15),
(400, '2025_12_26_131209_make_quote_id_nullable_in_service_quotes_table', 16),
(401, '2025_12_26_132911_add_status_to_transactions_table', 17),
(402, '2025_12_27_045837_update_answers_table_for_orders', 18),
(403, '2025_12_27_061725_add_order_item_id_to_answers_table', 19),
(413, '2025_12_27_000001_add_type_to_services_table', 20),
(414, '2025_12_27_071331_fix_database_issues', 21),
(415, '2025_12_27_072314_add_questionary_id_and_value_to_answers_table', 22),
(416, '2025_12_28_110058_add_cart_id_to_answers', 23),
(417, '2025_12_28_111126_create_cart_items_table', 24),
(418, '2025_12_28_111656_create_carts_table', 24),
(420, '2025_12_28_115701_create_answers_table', 25),
(421, '2025_12_29_053501_add_is_south_african_to_service', 25),
(422, '2025_12_29_000001_fix_type_enum_in_services', 26),
(423, '2025_12_29_110918_add_total_price_to_cart_items', 27),
(424, '2026_01_05_054140_create_subscribers_table', 28),
(425, '2026_01_06_050525_create_ratings_table', 29),
(427, '2026_01_12_082548_add_subtitle_short_description_to_services', 30),
(428, '2026_01_12_100000_add_missing_columns_to_services', 31),
(429, '2026_01_13_095959_drop_order_item_deliveries_table', 32),
(430, '2026_01_13_100000_recreate_delivery_table', 33),
(431, '2026_01_13_100001_add_delivery_id_to_orders_table', 34),
(432, '2026_01_13_100002_drop_order_item_deliveries_table', 35),
(433, '2026_01_13_105000_rename_subtitle_to_description_in_deliveries', 36),
(434, '2026_01_13_110000_add_delivery_id_to_quotes_table', 37),
(435, '2026_01_13_111000_create_how_it_works_table', 38),
(436, '2026_01_17_080154_add_column_to_custom_quotes_table', 39),
(437, '2026_01_17_101907_add_column_to_quotes_table', 40),
(438, '2026_01_19_110341_add_image_to_service', 41),
(439, '2026_01_20_000000_add_ban_fields_to_users_table', 42),
(440, '2026_01_20_102843_update_cart_items_delivery_column', 43),
(441, '2026_01_20_120000_drop_delivery_id_from_cart_items', 44),
(442, '2026_01_21_000000_add_docs_id_to_answers_table', 45),
(443, '2026_01_21_000001_make_questionary_id_nullable_in_answers_table', 46);

-- --------------------------------------------------------

--
-- Table structure for table `news`
--

CREATE TABLE `news` (
  `id` bigint UNSIGNED NOT NULL,
  `title` varchar(255) CHARACTER SET utf8mb4 COLLATE utf8mb4_unicode_ci NOT NULL,
  `Description` text CHARACTER SET utf8mb4 COLLATE utf8mb4_unicode_ci NOT NULL,
  `image` varchar(255) CHARACTER SET utf8mb4 COLLATE utf8mb4_unicode_ci NOT NULL,
  `created_at` timestamp NULL DEFAULT NULL,
  `updated_at` timestamp NULL DEFAULT NULL
) ENGINE=InnoDB DEFAULT CHARSET=utf8mb4 COLLATE=utf8mb4_unicode_ci;

--
-- Dumping data for table `news`
--

INSERT INTO `news` (`id`, `title`, `Description`, `image`, `created_at`, `updated_at`) VALUES
(3, 'Quis Nam sunt offici', '<p>Id qui nulla ut repe.</p>', '1766811210_toon-lambrechts-0FTI9ceTUOc-unsplash.jpg', '2025-12-23 23:49:02', '2025-12-26 22:53:30'),
(4, 'Est aut dolore digni', '<p>Sed pariatur? Est, c.</p>', '1766811198_vii-nguyenn-7cPcGuTZD5U-unsplash.jpg', '2025-12-23 23:49:18', '2025-12-26 22:53:18'),
(5, 'Inventore vitae sint', '<p><strong>TL;DR – Who can apostille a document in the UK</strong></p><p><br></p><p>The Foreign, Commonwealth, and Development Office (FCDO) is the competent authority in the UK that can apostille a document. No other organisation in the UK can issue a valid apostille certificate.</p><p>The international treaty that established the apostille process is the Hague Apostille Convention. The convention requires signatory countries to designate competent authorities to issue apostilles for use in member countries.</p><p>While the FCDO is the only body in the UK that can issue an apostille, it works with registered third-party agencies that facilitate the process. These specialist apostille services act on your behalf to ensure documents are correctly submitted, significantly speeding up the process and avoiding rejections.</p><p>We are London Apostille Services Ltd, an FCDO-registered apostille facilitator (agent) with 15+ years of experience. Book a free consultation with our team today to get your documents apostilled in 24 hours.</p><p>FCDO Plaque at King Charles Street</p><p><br></p><p>What does it mean to apostille a document in the UK?</p><p>When you want foreign authorities and institutions to recognise and accept your UK documents legally, you must ‘legalise’ them for international use.</p><p>Legalisation involves validating the documents’ stamps and signatures to ascertain that legitimate authorities issued them.</p><p>Various countries, including the UK, adopted the Hague Apostille Convention to streamline document legalisation processes. The convention replaced several complex processes with a single certification, an apostille.</p><p>As the convention required, the UK designated a competent authority, the FCDO, to issue apostilles. The FCDO legalises documents for international use by attaching an apostille certificate to them.</p><p>You can submit your documents directly to the FCDO or through authorised agents and facilitators.</p><p><br></p><p>How does FCDO authorisation work?</p><p>The UK FCDO Legalisation Office checks the signature/stamp/seal on your document against its records and—if valid—issues an apostille (this is “FCDO authorisation”).</p><p>There are two ways you can get your documents apostilled:</p><p><br></p><p>Route 1 — Apply directly via GOV.UK (paper apostille by post only)</p><p>How it works: Apply online, pay, then post your document to the FCDO. If the signature/stamp cannot be verified, the FCDO will not legalise it, and you will not be refunded.</p><p>Typical timeframe: Expect roughly 15–21 days end-to-end (the standard postal service is commonly quoted as 2–4 weeks, depending on workload and post/courier time).</p><p>When to choose: You’re confident the document is in the exact format the FCDO accepts (correct original/certified copy, correct UK public official, no missing dates/seals). Mistakes lead to rejection and no FCDO refund.</p><p><br></p><p>Route 2 — Use an FCDO-registered apostille agency</p><p>How it works: A specialist agency (registered as an FCDO business customer) pre-checks your paperwork, arranges any UK solicitor/notary certification needed, submits it to the FCDO, and manages collection/return.</p><p>Typical timeframe: Frequently 1–2 working days once documents are in order (subject to FCDO capacity and agency cut-offs).</p><p>Why choose this: Faster logistics, expert pre-screening to avoid FCDO rejections, and one point of contact. (Many reputable apostille agencies offer their own refund/resubmission guarantees if the FCDO rejects—this is the agency’s policy, not the FCDO’s.)</p><p><br></p><p>Note: There is also a separate e-Apostille route for eligible digitally-signed documents (apply online, upload the file). Acceptance varies by recipient/country; paper apostilles remain widely used.</p><p><br></p><p>Additionally, when you choose Route 2, it’s best to work with an apostille agency with reliable solicitors and notaries in its network.</p><p>Access to a reliable network of notaries and solicitors is essential because many UK documents cannot be sent to the FCDO for an apostille before certification.</p><p>The FCDO can only verify the authenticity of stamps and signatures already in the government’s database. Therefore, documents not issued by a public authority or that are copies of the original will first require an ‘authenticity verification’ by a third party. The third party is usually an FCDO-registered notary or solicitor.</p><p><br></p><p>Notary vs solicitor: who should certify my document for an apostille?</p><p>A document can be certified by a notary or solicitor. Under UK law, the two are competent legal professionals, but their primary focus and authority differ.</p><p>A solicitor: Is a legal professional providing a broad range of legal services, primarily focusing on UK law. They can certify copies and declarations for legalisation.</p><p>A notary: Is a legal professional whose primary role is to deal with documents for international use. They verify the authenticity of documents, signatures, and facts.</p><p>Notarial certification is often preferred—and in some countries required—because a notary provides independent, higher-level verification and impartiality.</p><p>London Apostille Services Ltd can confirm if your destination requires notarisation and guide you on the correct apostille route.</p><p><br></p><p>Who can apostille a document in the UK?</p><p>Only the FCDO Legalisation Office issues UK apostilles.</p><p>Notaries and solicitors don’t apostille—they certify documents so the FCDO can legalise them. Agencies like ours manage checks and submissions, but the apostille is always issued by the FCDO.</p><p>You can apply for an e-Apostille or a paper apostille, and anyone can verify a UK apostille on the official GOV.UK checker.</p><p>The Legalisation Office operates from Hanslope Park, Milton Keynes. All applications start online; once you’ve paid, GOV.UK gives you the correct postal address.</p><p>There are no public walk-ins.</p><p><br></p><p>Access is for registered business users only. The Premium Service is limited to registered business users who regularly submit documents (like us).</p><p>Important service update</p><p>The London same-day “Premium” service closed on 29 December 2023; processing is now handled via Milton Keynes.</p>', '1766811179_puroclean-of-fort-worth--dc38HdQR1M-unsplash.jpg', '2025-12-25 22:42:58', '2025-12-26 22:52:59'),
(6, 'Itaque odio rerum de', '<h2><span style=\"background-color: rgb(255, 255, 255); color: rgb(35, 30, 21);\">What is lorem ipsum, and when did publishers begin using it?</span></h2><p><span style=\"background-color: rgb(255, 255, 255); color: rgb(35, 30, 21);\">The standard lorem ipsum passage has been a printer\'s friend for centuries. Like stock photos today, it served as a placeholder for actual content. The original text comes from Cicero\'s philosophical work \"De Finibus Bonorum et Malorum,\" written in 45 BC.</span></p><p><span style=\"background-color: rgb(255, 255, 255); color: rgb(35, 30, 21);\">The use of the</span><u style=\"color: rgb(35, 30, 21); background-color: initial;\"><a href=\"https://fedtechmagazine.com/article/2021/06/history-lorem-ipsum\" rel=\"noopener noreferrer\" target=\"_blank\"> lorem ipsum passage dates back to the 1500s</a></u><span style=\"background-color: rgb(255, 255, 255); color: rgb(35, 30, 21);\">. When printing presses required painstaking hand-setting of type, workers needed something to show clients how their pages would look. To save time, they turned to Cicero\'s words, creating sample books filled with preset paragraphs.</span></p><p><span style=\"background-color: rgb(255, 255, 255); color: rgb(35, 30, 21);\">However, it wasn\'t until the</span><u style=\"color: rgb(35, 30, 21); background-color: initial;\"><a href=\"https://www.britannica.com/topic/Lorem-ipsum\" rel=\"noopener noreferrer\" target=\"_blank\"> 1960s</a></u><span style=\"background-color: rgb(255, 255, 255); color: rgb(35, 30, 21);\"> that the passage became common when Letraset revolutionized the advertising industry with its transfer sheets. These innovative sheets allowed designers to apply pre-printed lorem ipsum text in various fonts and formats directly onto their mockups and prototypes.</span></p><h3><strong style=\"background-color: rgb(255, 255, 255); color: rgb(35, 30, 21);\">What does Lorem Ipsum text say?</strong></h3><p><span style=\"background-color: rgb(255, 255, 255); color: rgb(35, 30, 21);\">Printers in the 1500s scrambled the words from Cicero\'s \"De Finibus Bonorum et Malorum\'\' after mixing the words in each sentence. The familiar \"lorem ipsum dolor sit amet\" text emerged when 16th-century printers adapted Cicero\'s original work, beginning with the phrase \"dolor sit amet consectetur.\"</span></p><p><span style=\"background-color: rgb(255, 255, 255); color: rgb(35, 30, 21);\">They abbreviated \"dolorem\" (meaning \"pain\") to \"lorem,\" which carries no meaning in Latin. \"Ipsum\" translates to \"itself,\" and the text frequently includes phrases such as \"consectetur adipiscing elit\" and \"ut labore et dolore.\" These Latin fragments, derived from Cicero\'s philosophical treatise, were rearranged to create the standard dummy text that has become a fundamental tool in design and typography across generations.</span></p><p><span style=\"background-color: rgb(255, 255, 255); color: rgb(35, 30, 21);\">The short answer is that lorem ipsum text doesn\'t actually \"say\" anything meaningful. It\'s deliberately scrambled Latin that doesn\'t form coherent sentences. While it comes from Cicero\'s \"De Finibus Bonorum et Malorum,\" the text has been modified so extensively that it\'s nonsensical.</span></p><p><span style=\"background-color: rgb(255, 255, 255); color: rgb(35, 30, 21);\">Why scrambled text? That\'s exactly the point. By using text that\'s unreadable but maintains the general pattern of regular writing — including normal word length, spacing, and punctuation — designers can focus on the visual elements of a layout without the actual content getting in the way. The pseudo-Latin appearance gives it a natural feel while ensuring it won\'t distract from the design itself.</span></p><p><br></p>', '1768038700_giorgio-trovato-5TXz228u4eo-unsplash.jpg', '2026-01-10 03:51:40', '2026-01-10 03:51:40'),
(9, 'Similique dolore non', '<p>Rerum eligendi qui d.</p>', '1768125032_anton-SnKfmC1I9fU-unsplash.jpg', '2026-01-11 03:50:32', '2026-01-11 03:50:32'),
(11, 'csisjsinfan', '<p><strong>fdsdgfgfsdgfsdg</strong></p>', '1768535627_download__1_.png', '2026-01-15 21:53:47', '2026-01-15 21:53:47'),
(12, 'wqewe', '<p>weqjdasjdh</p>', '1768535653_download__2_.png', '2026-01-15 21:54:13', '2026-01-15 21:54:13'),
(13, 'asdad', '<p>wedsadsad</p>', '1768535668_football-icon-260nw-652628452.webp', '2026-01-15 21:54:28', '2026-01-15 21:54:28'),
(16, 'Saepe voluptatum cul', '<p>Quas itaque architec.</p>', '1768884805_gil-ribeiro-3hO8igCybds-unsplash.jpg', '2026-01-19 22:53:25', '2026-01-19 22:53:25');

-- --------------------------------------------------------

--
-- Table structure for table `notifications`
--

CREATE TABLE `notifications` (
  `id` char(36) CHARACTER SET utf8mb4 COLLATE utf8mb4_unicode_ci NOT NULL,
  `type` varchar(255) CHARACTER SET utf8mb4 COLLATE utf8mb4_unicode_ci NOT NULL,
  `notifiable_type` varchar(255) CHARACTER SET utf8mb4 COLLATE utf8mb4_unicode_ci NOT NULL,
  `notifiable_id` bigint UNSIGNED NOT NULL,
  `data` json NOT NULL,
  `read_at` timestamp NULL DEFAULT NULL,
  `created_at` timestamp NULL DEFAULT NULL,
  `updated_at` timestamp NULL DEFAULT NULL
) ENGINE=InnoDB DEFAULT CHARSET=utf8mb4 COLLATE=utf8mb4_unicode_ci;

--
-- Dumping data for table `notifications`
--

INSERT INTO `notifications` (`id`, `type`, `notifiable_type`, `notifiable_id`, `data`, `read_at`, `created_at`, `updated_at`) VALUES
('6fc3373f-4a9a-46bc-a01d-122d5c22228b', 'App\\Notifications\\OrderCompleted', 'App\\Models\\User', 28, '{\"type\": \"order_completed\", \"title\": \"Order Completed!\", \"message\": \"Your Order # is now complete.\", \"order_id\": 5}', '2026-01-15 23:01:03', '2026-01-15 22:29:05', '2026-01-15 23:01:03'),
('73f9773a-a03b-4643-b99a-fe68843b47fc', 'App\\Notifications\\OrderCompleted', 'App\\Models\\User', 12, '{\"type\": \"order_completed\", \"title\": \"Order Completed!\", \"message\": \"Your Order # is now complete.\", \"order_id\": 11}', NULL, '2026-01-17 06:10:34', '2026-01-17 06:10:34'),
('d263c767-94fb-40fd-83a2-1faab7271cec', 'App\\Notifications\\OrderCompleted', 'App\\Models\\User', 12, '{\"type\": \"order_completed\", \"title\": \"Order Completed!\", \"message\": \"Your Order # is now complete.\", \"order_id\": 13}', NULL, '2026-01-19 22:31:45', '2026-01-19 22:31:45'),
('d7d72e2c-d2c0-4ab7-801c-50b7e555a894', 'App\\Notifications\\OrderCompleted', 'App\\Models\\User', 28, '{\"type\": \"order_completed\", \"title\": \"Order Completed!\", \"message\": \"Your Order # is now complete.\", \"order_id\": 6}', '2026-01-15 23:01:05', '2026-01-15 22:28:53', '2026-01-15 23:01:05'),
('f0c0c6a8-8eb8-4af4-a4d7-768f434bffce', 'App\\Notifications\\OrderCompleted', 'App\\Models\\User', 12, '{\"type\": \"order_completed\", \"title\": \"Order Completed!\", \"message\": \"Your Order # is now complete.\", \"order_id\": 12}', NULL, '2026-01-15 03:37:55', '2026-01-15 03:37:55');

-- --------------------------------------------------------

--
-- Table structure for table `orders`
--

CREATE TABLE `orders` (
  `id` bigint UNSIGNED NOT NULL,
  `orderid` varchar(255) CHARACTER SET utf8mb4 COLLATE utf8mb4_unicode_ci NOT NULL,
  `user_id` bigint UNSIGNED NOT NULL,
  `stripe_payment_id` varchar(255) CHARACTER SET utf8mb4 COLLATE utf8mb4_unicode_ci DEFAULT NULL,
  `total_amount` decimal(12,2) NOT NULL,
  `delivery_id` bigint UNSIGNED DEFAULT NULL,
  `status` varchar(255) CHARACTER SET utf8mb4 COLLATE utf8mb4_unicode_ci NOT NULL DEFAULT 'pending',
  `is_south_africa` tinyint(1) NOT NULL DEFAULT '0',
  `created_at` timestamp NULL DEFAULT NULL,
  `updated_at` timestamp NULL DEFAULT NULL
) ENGINE=InnoDB DEFAULT CHARSET=utf8mb4 COLLATE=utf8mb4_unicode_ci;

--
-- Dumping data for table `orders`
--

INSERT INTO `orders` (`id`, `orderid`, `user_id`, `stripe_payment_id`, `total_amount`, `delivery_id`, `status`, `is_south_africa`, `created_at`, `updated_at`) VALUES
(1, '000001', 12, 'pi_3Spp58CO6ERksYBY1Cay7bQa', 5088.00, 1, 'pending', 0, '2026-01-15 05:51:31', '2026-01-15 05:51:31'),
(2, '000002', 12, 'pi_3SppYCCO6ERksYBY18NIPw6r', 1446.00, 1, 'pending', 0, '2026-01-15 06:21:34', '2026-01-15 06:21:34'),
(3, '000003', 12, 'pi_3SpqHMCO6ERksYBY1hugkvSb', 1446.00, 1, 'pending', 0, '2026-01-15 07:08:25', '2026-01-15 07:08:25'),
(4, '000004', 12, 'pi_3SpqO2CO6ERksYBY1nyp6lxK', 1446.00, 1, 'pending', 0, '2026-01-15 07:19:27', '2026-01-15 07:19:27'),
(5, '000005', 28, 'pi_3Sq3wuCO6ERksYBY06FzNkSO', 435.00, 3, 'completed', 1, '2026-01-15 21:44:03', '2026-01-15 22:29:05'),
(6, '000006', 28, 'pi_3Sq44wCO6ERksYBY1rnIjDGy', 770.00, 3, 'completed', 1, '2026-01-15 21:52:19', '2026-01-15 22:28:53'),
(7, '000007', 12, 'pi_3SqQfOCO6ERksYBY0LMN8lAP', 1467.00, 2, 'pending', 0, '2026-01-16 21:59:42', '2026-01-16 21:59:42'),
(8, '000008', 12, 'pi_3SqR9oCO6ERksYBY0vZa0RaO', 585.00, 3, 'pending', 0, '2026-01-16 22:30:57', '2026-01-16 22:30:57'),
(9, '000009', 12, 'pi_3SqS4ICO6ERksYBY0PzCsmmC', 1432.00, 1, 'pending', 0, '2026-01-16 23:29:17', '2026-01-16 23:29:17'),
(10, '000010', 28, 'pi_3SqT2CCO6ERksYBY0EQ0GvNn', 417.00, 1, 'pending', 1, '2026-01-17 00:31:12', '2026-01-17 00:31:12'),
(11, '000011', 12, 'pi_3SqXvJCO6ERksYBY1kPHtVzh', 1432.00, 1, 'completed', 0, '2026-01-17 05:44:29', '2026-01-17 06:10:33'),
(12, '000012', 12, 'pi_3SqowfCO6ERksYBY0KiXGWtZ', 1432.00, 1, 'pending', 0, '2026-01-17 23:54:56', '2026-01-17 23:54:56'),
(13, '000013', 12, 'pi_3Sr9K0CO6ERksYBY0qL1Hf1J', 1432.00, 1, 'completed', 0, '2026-01-18 21:40:20', '2026-01-19 22:31:43'),
(14, '000014', 12, 'pi_3SrGBGCO6ERksYBY1GJDkYaX', 1327.00, 2, 'pending', 0, '2026-01-19 04:59:46', '2026-01-19 04:59:46'),
(16, '000015', 23, 'pi_3SphAlCO6ERksYBY1HkvQwQe', 1200.00, 3, 'pending', 0, '2026-01-21 06:08:00', '2026-01-21 06:08:00'),
(17, '000016', 12, 'pi_3SphAlCO6ERksYBY1HkvQwQe', 1200.00, 3, 'pending', 0, '2026-01-21 06:26:44', '2026-01-21 06:26:44'),
(18, '000017', 12, 'pi_3SphAlCO6ERksYBY1HkvQwQe', 1200.00, 3, 'pending', 0, '2026-01-21 07:18:11', '2026-01-21 07:18:11'),
(19, '000018', 12, 'pi_3SphAlCO6ERksYBY1HkvQwQe', 1200.00, 3, 'pending', 0, '2026-01-21 07:26:04', '2026-01-21 07:26:04');

-- --------------------------------------------------------

--
-- Table structure for table `order_items`
--

CREATE TABLE `order_items` (
  `id` bigint UNSIGNED NOT NULL,
  `order_id` bigint UNSIGNED NOT NULL,
  `service_id` bigint UNSIGNED NOT NULL,
  `quantity` int NOT NULL,
  `price` decimal(12,2) NOT NULL,
  `subtotal` decimal(12,2) NOT NULL,
  `created_at` timestamp NULL DEFAULT NULL,
  `updated_at` timestamp NULL DEFAULT NULL
) ENGINE=InnoDB DEFAULT CHARSET=utf8mb4 COLLATE=utf8mb4_unicode_ci;

--
-- Dumping data for table `order_items`
--

INSERT INTO `order_items` (`id`, `order_id`, `service_id`, `quantity`, `price`, `subtotal`, `created_at`, `updated_at`) VALUES
(1, 1, 2, 2, 398.00, 796.00, '2026-01-15 05:51:31', '2026-01-15 05:51:31'),
(2, 2, 2, 1, 398.00, 398.00, '2026-01-15 06:21:34', '2026-01-15 06:21:34'),
(3, 3, 2, 1, 398.00, 398.00, '2026-01-15 07:08:25', '2026-01-15 07:08:25'),
(4, 4, 2, 1, 398.00, 398.00, '2026-01-15 07:19:27', '2026-01-15 07:19:27'),
(5, 5, 5, 1, 130.00, 130.00, '2026-01-15 21:44:03', '2026-01-15 21:44:03'),
(6, 6, 7, 1, 250.00, 250.00, '2026-01-15 21:52:19', '2026-01-15 21:52:19'),
(7, 6, 5, 1, 130.00, 130.00, '2026-01-15 21:52:19', '2026-01-15 21:52:19'),
(8, 7, 7, 2, 250.00, 500.00, '2026-01-16 21:59:42', '2026-01-16 21:59:42'),
(9, 8, 7, 1, 250.00, 250.00, '2026-01-16 22:30:57', '2026-01-16 22:30:57'),
(10, 9, 8, 1, 100.00, 100.00, '2026-01-16 23:29:17', '2026-01-16 23:29:17'),
(11, 10, 5, 1, 130.00, 130.00, '2026-01-17 00:31:12', '2026-01-17 00:31:12'),
(12, 11, 8, 1, 100.00, 100.00, '2026-01-17 05:44:29', '2026-01-17 05:44:29'),
(13, 12, 8, 1, 100.00, 100.00, '2026-01-17 23:54:56', '2026-01-17 23:54:56'),
(14, 13, 8, 1, 100.00, 100.00, '2026-01-18 21:40:20', '2026-01-18 21:40:20'),
(15, 14, 8, 1, 100.00, 100.00, '2026-01-19 04:59:46', '2026-01-19 04:59:46'),
(17, 16, 16, 2, 500.00, 1000.00, '2026-01-21 06:08:00', '2026-01-21 06:08:00'),
(18, 17, 16, 2, 500.00, 1000.00, '2026-01-21 06:26:44', '2026-01-21 06:26:44'),
(19, 18, 17, 2, 500.00, 1000.00, '2026-01-21 07:18:11', '2026-01-21 07:18:11'),
(20, 19, 17, 2, 500.00, 1000.00, '2026-01-21 07:26:04', '2026-01-21 07:26:04');

-- --------------------------------------------------------

--
-- Table structure for table `order_item_deliveries`
--

CREATE TABLE `order_item_deliveries` (
  `id` bigint UNSIGNED NOT NULL,
  `order_item_id` bigint UNSIGNED NOT NULL,
  `delivery_detail_id` bigint UNSIGNED NOT NULL,
  `created_at` timestamp NULL DEFAULT NULL,
  `updated_at` timestamp NULL DEFAULT NULL
) ENGINE=InnoDB DEFAULT CHARSET=utf8mb4 COLLATE=utf8mb4_unicode_ci;

-- --------------------------------------------------------

--
-- Table structure for table `pages`
--

CREATE TABLE `pages` (
  `id` bigint UNSIGNED NOT NULL,
  `key` text CHARACTER SET utf8mb4 COLLATE utf8mb4_unicode_ci,
  `value` text CHARACTER SET utf8mb4 COLLATE utf8mb4_unicode_ci,
  `created_at` timestamp NULL DEFAULT NULL,
  `updated_at` timestamp NULL DEFAULT NULL
) ENGINE=InnoDB DEFAULT CHARSET=utf8mb4 COLLATE=utf8mb4_unicode_ci;

--
-- Dumping data for table `pages`
--

INSERT INTO `pages` (`id`, `key`, `value`, `created_at`, `updated_at`) VALUES
(1, 'terms', '<p>we have terms and conditions. ss</p><p><strong>{terms and condition}</strong></p>', '2025-12-23 06:08:35', '2026-01-20 03:43:26'),
(2, 'terms & conditions', '<p>sfdfdfd</p>', '2025-12-24 21:52:49', '2025-12-24 22:41:13'),
(3, 'privacy', '<p>we have terms and conditions. privacy aa</p><p><strong>{privacy policy}</strong></p>', '2025-12-24 22:22:22', '2026-01-20 03:43:50');

-- --------------------------------------------------------

--
-- Table structure for table `password_reset_tokens`
--

CREATE TABLE `password_reset_tokens` (
  `email` varchar(255) CHARACTER SET utf8mb4 COLLATE utf8mb4_unicode_ci NOT NULL,
  `token` varchar(255) CHARACTER SET utf8mb4 COLLATE utf8mb4_unicode_ci NOT NULL,
  `created_at` timestamp NULL DEFAULT NULL
) ENGINE=InnoDB DEFAULT CHARSET=utf8mb4 COLLATE=utf8mb4_unicode_ci;

-- --------------------------------------------------------

--
-- Table structure for table `personal_access_tokens`
--

CREATE TABLE `personal_access_tokens` (
  `id` bigint UNSIGNED NOT NULL,
  `tokenable_type` varchar(255) CHARACTER SET utf8mb4 COLLATE utf8mb4_unicode_ci NOT NULL,
  `tokenable_id` bigint UNSIGNED NOT NULL,
  `name` text CHARACTER SET utf8mb4 COLLATE utf8mb4_unicode_ci NOT NULL,
  `token` varchar(64) CHARACTER SET utf8mb4 COLLATE utf8mb4_unicode_ci NOT NULL,
  `abilities` text CHARACTER SET utf8mb4 COLLATE utf8mb4_unicode_ci,
  `last_used_at` timestamp NULL DEFAULT NULL,
  `expires_at` timestamp NULL DEFAULT NULL,
  `created_at` timestamp NULL DEFAULT NULL,
  `updated_at` timestamp NULL DEFAULT NULL
) ENGINE=InnoDB DEFAULT CHARSET=utf8mb4 COLLATE=utf8mb4_unicode_ci;

--
-- Dumping data for table `personal_access_tokens`
--

INSERT INTO `personal_access_tokens` (`id`, `tokenable_type`, `tokenable_id`, `name`, `token`, `abilities`, `last_used_at`, `expires_at`, `created_at`, `updated_at`) VALUES
(1, 'App\\Models\\User', 1, 'auth_token', 'ea867f967703a71eb2b5e5126fe40a1bc4f6bae5d828c9555f845067ce2c898e', '[\"*\"]', NULL, NULL, '2025-12-23 05:37:41', '2025-12-23 05:37:41'),
(2, 'App\\Models\\User', 1, 'auth_token', 'a7da8cd639559beb984cdc3aace8010970eb97c5e2ff31cfcb694e6767d5ebfb', '[\"*\"]', NULL, NULL, '2025-12-23 05:38:28', '2025-12-23 05:38:28'),
(3, 'App\\Models\\User', 1, 'auth_token', '253eda5484e7c45e5dd25ebc9f882345856896c2fc230be01437d419a5d1b728', '[\"*\"]', NULL, NULL, '2025-12-23 05:39:11', '2025-12-23 05:39:11'),
(4, 'App\\Models\\User', 1, 'auth_token', '030e26ca18a8610be4c16ab2389f08ef11c54b85e22b941ca5346f2f30be3921', '[\"*\"]', NULL, NULL, '2025-12-23 05:43:25', '2025-12-23 05:43:25'),
(5, 'App\\Models\\User', 1, 'auth_token', 'c6820b2abb48940303755af8f7cfa852709ed2b6755ca8a8d96c4d853f930eeb', '[\"*\"]', NULL, NULL, '2025-12-23 05:45:25', '2025-12-23 05:45:25'),
(6, 'App\\Models\\User', 1, 'auth_token', 'acd0b27d5f0f997dc1f900d8f8b1159a8c7a4ddc6c082037c7133e2ef6bda867', '[\"*\"]', NULL, NULL, '2025-12-23 05:47:20', '2025-12-23 05:47:20'),
(7, 'App\\Models\\User', 1, 'auth_token', 'e4a430389e1fa17f39ee512116becc00c2dfa0859ddf4e88f825b2d0ed3b0030', '[\"*\"]', NULL, NULL, '2025-12-23 05:50:06', '2025-12-23 05:50:06'),
(8, 'App\\Models\\User', 2, 'auth_token', 'fa0d62df5493740a1ad08c26ea42a47bb53ef9e3ddbd0d6bf14555e776ada17e', '[\"*\"]', '2026-01-20 03:06:05', NULL, '2025-12-23 05:59:50', '2026-01-20 03:06:05'),
(9, 'App\\Models\\User', 1, 'auth_token', '988513bd6e2238bfb141a14e3f583e96479d5c8062b7b363a8b0f0d77ba0af90', '[\"*\"]', NULL, NULL, '2025-12-23 06:02:10', '2025-12-23 06:02:10'),
(10, 'App\\Models\\User', 1, 'auth_token', 'ea3bd88728d1e212597c03eb63aef0465dd5b8c9080a206e6bca90b617f9e2db', '[\"*\"]', '2025-12-23 06:03:01', NULL, '2025-12-23 06:03:01', '2025-12-23 06:03:01'),
(11, 'App\\Models\\User', 1, 'auth_token', '6f989492f31061a08411ed30977905fad9cd9980a2aae025a537c6ff5a032aab', '[\"*\"]', NULL, NULL, '2025-12-23 06:03:18', '2025-12-23 06:03:18'),
(12, 'App\\Models\\User', 1, 'auth_token', '702174819fb0c463fd20b2c7e12c11719d0899dbcdea988279af42222da782be', '[\"*\"]', '2025-12-23 06:05:03', NULL, '2025-12-23 06:05:03', '2025-12-23 06:05:03'),
(13, 'App\\Models\\User', 3, 'auth_token', 'f2ef079b0e816842539cf5e0c31d5ef22036c0697b70848385803213b37ce227', '[\"*\"]', NULL, NULL, '2025-12-23 06:06:01', '2025-12-23 06:06:01'),
(14, 'App\\Models\\User', 3, 'auth_token', '418e6fa931d0e3f718cf97d770876646312a6f2468e84a83002ab838b602a5d6', '[\"*\"]', NULL, NULL, '2025-12-23 06:06:16', '2025-12-23 06:06:16'),
(15, 'App\\Models\\User', 3, 'auth_token', 'e31dff4ba65d67dae893278f9ec88aedf083e8fb39735993c08d82c1d18e7716', '[\"*\"]', NULL, NULL, '2025-12-23 06:06:40', '2025-12-23 06:06:40'),
(16, 'App\\Models\\User', 1, 'auth_token', 'f1bcad0d968f225a82760bab60d2492bc0809f779ab29070093c8249889ddc24', '[\"*\"]', '2025-12-23 21:19:36', NULL, '2025-12-23 21:19:35', '2025-12-23 21:19:36'),
(17, 'App\\Models\\User', 1, 'auth_token', '548f11bb83c8f73af5eb314665fe60f995faa9fd7a0dbbfc0891317e97c0e6e5', '[\"*\"]', '2025-12-23 21:29:58', NULL, '2025-12-23 21:29:29', '2025-12-23 21:29:58'),
(18, 'App\\Models\\User', 1, 'auth_token', 'adca96fec5b844d3acdd246670169eb96e3efdd209c7cddd8fa2fb9f87221b4f', '[\"*\"]', '2025-12-23 22:21:52', NULL, '2025-12-23 21:30:19', '2025-12-23 22:21:52'),
(19, 'App\\Models\\User', 2, 'auth_token', '3cf86bafb84da239891936d5e96ff7c5edb6d7421b88d3db3fa3529dc9b2ad41', '[\"*\"]', '2026-01-21 06:59:37', NULL, '2025-12-23 21:47:53', '2026-01-21 06:59:37'),
(20, 'App\\Models\\User', 1, 'auth_token', '54cfec64226750cbd6e9c681177ddc05a03745529661034a18e96f1c6455ff30', '[\"*\"]', '2025-12-23 22:53:04', NULL, '2025-12-23 21:49:08', '2025-12-23 22:53:04'),
(21, 'App\\Models\\User', 4, 'auth_token', '7b01c19e41ec12c6985b45c2c057e4201ae33f27e8a2fb1de28d8539a4cbf46c', '[\"*\"]', NULL, NULL, '2025-12-23 22:23:44', '2025-12-23 22:23:44'),
(22, 'App\\Models\\User', 4, 'auth_token', '0712e475335a7bc3156fad8eda873dfe99c79f29a1384f0ec0d650fa42e1e2c6', '[\"*\"]', NULL, NULL, '2025-12-23 22:23:53', '2025-12-23 22:23:53'),
(23, 'App\\Models\\User', 5, 'auth_token', '3f5395b6e14b15b4f567e3a21665969c1fe27c8f31d404482fa39d1efa50f4ba', '[\"*\"]', NULL, NULL, '2025-12-23 22:24:15', '2025-12-23 22:24:15'),
(24, 'App\\Models\\User', 5, 'auth_token', '8664bfac79950f659f3f63b6a70067e930874a6e062a3a7ef71f48547e83fd70', '[\"*\"]', NULL, NULL, '2025-12-23 22:24:27', '2025-12-23 22:24:27'),
(25, 'App\\Models\\User', 1, 'auth_token', '9bd42da65decdf222105749f0b47d59c41e8f79081092e73a2cdc257b2bf7abc', '[\"*\"]', '2025-12-23 23:49:18', NULL, '2025-12-23 22:24:46', '2025-12-23 23:49:18'),
(26, 'App\\Models\\User', 1, 'auth_token', 'a690a89128be317e938b9b87a0520efd9317d6c7a419d5ddc5a37246dd8e64e0', '[\"*\"]', '2026-01-21 22:36:10', NULL, '2025-12-24 00:42:00', '2026-01-21 22:36:10'),
(27, 'App\\Models\\User', 1, 'auth_token', 'ea4f0f10a1bbb64259f968a9ba0ae41d88d4bbaedee516464f3d004a23541baf', '[\"*\"]', '2025-12-24 06:46:47', NULL, '2025-12-24 01:57:04', '2025-12-24 06:46:47'),
(28, 'App\\Models\\User', 6, 'auth_token', '931fac50b56ff5403aec953b6970a43b0fe032c0a57a7bd315b0465ab79370f4', '[\"*\"]', NULL, NULL, '2025-12-24 03:39:31', '2025-12-24 03:39:31'),
(29, 'App\\Models\\User', 6, 'auth_token', '73406a17bb35ba43bb5da0d5b1bac77a7877863662d0a3780f8ce561a7a4bd91', '[\"*\"]', '2025-12-24 03:40:26', NULL, '2025-12-24 03:39:52', '2025-12-24 03:40:26'),
(30, 'App\\Models\\User', 1, 'auth_token', 'b02b2ea82867cb7cbfe509e5fd5f8115960313bc93ef0a18cc0d7322333fee09', '[\"*\"]', '2025-12-24 23:54:33', NULL, '2025-12-24 21:09:14', '2025-12-24 23:54:33'),
(31, 'App\\Models\\User', 2, 'auth_token', 'd5b0ca5815cd0a6e124b98dc3ba2145a63182ae63897814a5bb6fa547491180a', '[\"*\"]', '2025-12-24 23:32:55', NULL, '2025-12-24 23:29:58', '2025-12-24 23:32:55'),
(32, 'App\\Models\\User', 7, 'auth_token', '6ed5fc2759fc739be315da78d6af8ac070824be2986e0a7aade0d6fd589ec26c', '[\"*\"]', NULL, NULL, '2025-12-24 23:56:37', '2025-12-24 23:56:37'),
(33, 'App\\Models\\User', 7, 'auth_token', '014ef39ac84179ddaf4e28a80c2a5eed0372fc14c16e4a20a773da1958a82de6', '[\"*\"]', NULL, NULL, '2025-12-24 23:56:50', '2025-12-24 23:56:50'),
(34, 'App\\Models\\User', 7, 'auth_token', '00ff0bfbd06c6912ef8593fe964be60a7f3d4ebca5a507a9df63165add997ae8', '[\"*\"]', '2025-12-25 00:10:57', NULL, '2025-12-24 23:57:08', '2025-12-25 00:10:57'),
(35, 'App\\Models\\User', 7, 'auth_token', 'c76739a567a9d70bd882ac7deb46a6ff588ac2e64b7eecea0ebe19f5d8f551e2', '[\"*\"]', '2025-12-25 02:30:32', NULL, '2025-12-24 23:58:10', '2025-12-25 02:30:32'),
(36, 'App\\Models\\User', 7, 'auth_token', '5e8e983a002f68ac31058f98e29c0daa1f733c97100f55ec30707288573303c9', '[\"*\"]', '2025-12-25 00:25:59', NULL, '2025-12-25 00:11:57', '2025-12-25 00:25:59'),
(37, 'App\\Models\\User', 8, 'auth_token', 'ed1c608409e8b6f67dbccc268b73b46b72f22f3756c8528bd3a4d885e93fa91f', '[\"*\"]', NULL, NULL, '2025-12-25 00:33:51', '2025-12-25 00:33:51'),
(38, 'App\\Models\\User', 8, 'auth_token', '40732e676ae7d00836d371f0d04df015bee60b1316947adda416381f1bce5933', '[\"*\"]', NULL, NULL, '2025-12-25 00:34:02', '2025-12-25 00:34:02'),
(39, 'App\\Models\\User', 8, 'auth_token', '41b200e2ccbe94c2cc2a12a09cd23cc8e8237aaf51007c5dc1386cbeb677bfd5', '[\"*\"]', '2025-12-25 02:12:57', NULL, '2025-12-25 00:34:18', '2025-12-25 02:12:57'),
(40, 'App\\Models\\User', 8, 'auth_token', '73070fdc26a42ed791f05cd97b7fadaa21065a1d8245419ca4d336301c2496c4', '[\"*\"]', NULL, NULL, '2025-12-25 00:38:26', '2025-12-25 00:38:26'),
(41, 'App\\Models\\User', 9, 'auth_token', 'e0479a07ed1d948db97a3c4648b017aa2fcbb3ae7d4a2b2051646042ea9fdd0d', '[\"*\"]', NULL, NULL, '2025-12-25 00:43:21', '2025-12-25 00:43:21'),
(42, 'App\\Models\\User', 9, 'auth_token', '0bd87c8a2d353a3ebe2bacd801f0bb516ede30c7d4d260d84bc307e6efbb7da4', '[\"*\"]', NULL, NULL, '2025-12-25 00:43:39', '2025-12-25 00:43:39'),
(43, 'App\\Models\\User', 9, 'auth_token', 'cb60ff80387a354444b496b0c503be12d1fcffc5fb28a67c00f45dbc48113166', '[\"*\"]', NULL, NULL, '2025-12-25 00:44:04', '2025-12-25 00:44:04'),
(44, 'App\\Models\\User', 10, 'auth_token', 'd230c28e54e2592e1bbd5d9051e2955dd41641ccf0259aa054bc5abe796ba94f', '[\"*\"]', NULL, NULL, '2025-12-25 02:22:22', '2025-12-25 02:22:22'),
(45, 'App\\Models\\User', 10, 'auth_token', '19357773e0e4129a2c719ae8d8923eaef0f973a407373463414ccc649d3de187', '[\"*\"]', NULL, NULL, '2025-12-25 02:22:42', '2025-12-25 02:22:42'),
(46, 'App\\Models\\User', 11, 'auth_token', '2e688c16132443f863dbedb58e43bf24723af2b6599bd0de5f2afe5c6a09a92d', '[\"*\"]', NULL, NULL, '2025-12-25 02:24:47', '2025-12-25 02:24:47'),
(47, 'App\\Models\\User', 11, 'auth_token', 'ddbcb2b6905057111216f863d8170a692a7ba02b8dbb606ea3f351e55131b7af', '[\"*\"]', NULL, NULL, '2025-12-25 02:25:04', '2025-12-25 02:25:04'),
(48, 'App\\Models\\User', 11, 'auth_token', '32431694b0f75b71c617091fdbf5676fe871995823c911d8e79f6663cb678e40', '[\"*\"]', '2025-12-30 00:32:27', NULL, '2025-12-25 02:26:06', '2025-12-30 00:32:27'),
(49, 'App\\Models\\User', 11, 'auth_token', 'a272cbd48cde1da188ed942c851d4b0b34204dee278934ebe167128fb95aa18e', '[\"*\"]', '2025-12-25 05:07:56', NULL, '2025-12-25 02:27:26', '2025-12-25 05:07:56'),
(50, 'App\\Models\\User', 2, 'auth_token', 'eb2f641c17092453281f81803a2d8d52cf97129496b6cc53d7ab91f795ab0949', '[\"*\"]', '2025-12-29 22:12:02', NULL, '2025-12-25 02:54:03', '2025-12-29 22:12:02'),
(51, 'App\\Models\\User', 1, 'auth_token', '623f1be248eab68163357648f96d1fb42b8b47b843e72bdd957f70410f09481e', '[\"*\"]', '2025-12-25 05:31:36', NULL, '2025-12-25 05:25:57', '2025-12-25 05:31:36'),
(52, 'App\\Models\\User', 11, 'auth_token', '1c55046d1a77e03409a608cc9d2a3a6f4c1db2d3c812794da78774346c886c23', '[\"*\"]', '2025-12-25 05:38:36', NULL, '2025-12-25 05:34:37', '2025-12-25 05:38:36'),
(53, 'App\\Models\\User', 1, 'auth_token', '4d4cd7fe7d6f9b69b973390d6975cb1910f237592cc292ed92e8b6a5d4ba679d', '[\"*\"]', '2025-12-25 05:46:45', NULL, '2025-12-25 05:46:34', '2025-12-25 05:46:45'),
(54, 'App\\Models\\User', 11, 'auth_token', 'c9f949a8363d68b64257a8fa1f773c856a8297560061cb4af045622a047cf1b4', '[\"*\"]', '2025-12-25 06:09:29', NULL, '2025-12-25 05:53:10', '2025-12-25 06:09:29'),
(55, 'App\\Models\\User', 1, 'auth_token', '8d2be923de0752dcb40ccaa9b8cce7cf69712faaceb9e19ab6b03afbf1ab757c', '[\"*\"]', '2025-12-25 21:36:05', NULL, '2025-12-25 21:25:04', '2025-12-25 21:36:05'),
(56, 'App\\Models\\User', 12, 'auth_token', 'c39c3aa21354d1bdbf53fc5122ce2b4587cff91631f6736d85e4ef8299546b3a', '[\"*\"]', NULL, NULL, '2025-12-25 21:37:01', '2025-12-25 21:37:01'),
(57, 'App\\Models\\User', 12, 'auth_token', '64838205fff3042535c4209e1240f015cdc335100ece664e226a06a864eea809', '[\"*\"]', NULL, NULL, '2025-12-25 21:37:13', '2025-12-25 21:37:13'),
(58, 'App\\Models\\User', 12, 'auth_token', 'f1602c9a1df1558e2a82116ff45eecca4e41f163b24a34bc8b1ecee7da6dc8ce', '[\"*\"]', '2025-12-25 21:46:26', NULL, '2025-12-25 21:37:23', '2025-12-25 21:46:26'),
(59, 'App\\Models\\User', 12, 'auth_token', '14bcf9a64e7afda58c383de2dd9ad0c9a9514132c79138fb147217e9711d8342', '[\"*\"]', '2025-12-25 22:34:04', NULL, '2025-12-25 21:46:48', '2025-12-25 22:34:04'),
(60, 'App\\Models\\User', 1, 'auth_token', '4b8d64dac2df550a43ac76f9adbc6a1520db33f7fb7cf368aba11af5caebae66', '[\"*\"]', '2025-12-25 22:42:58', NULL, '2025-12-25 22:41:54', '2025-12-25 22:42:58'),
(61, 'App\\Models\\User', 12, 'auth_token', '6872635e112756adb226338baa678e0479b460c0359d321988ab9f756e5dddb2', '[\"*\"]', '2025-12-25 23:20:33', NULL, '2025-12-25 22:43:48', '2025-12-25 23:20:33'),
(62, 'App\\Models\\User', 1, 'auth_token', '54fcb96961709581db08654bd52aa39ed672225296a14907ba38a64602ba7302', '[\"*\"]', '2025-12-25 23:54:31', NULL, '2025-12-25 23:22:37', '2025-12-25 23:54:31'),
(63, 'App\\Models\\User', 1, 'auth_token', 'dfa15f96ae33bf17db0322b386660aae91d16419989e9cb6305ef2348b05408c', '[\"*\"]', '2025-12-25 23:57:12', NULL, '2025-12-25 23:56:12', '2025-12-25 23:57:12'),
(64, 'App\\Models\\User', 1, 'auth_token', '3910e5682018b4cae9fd9189253f101d8eb179981275dab6ad4f4cd47b8a8172', '[\"*\"]', '2025-12-26 02:48:27', NULL, '2025-12-26 00:53:02', '2025-12-26 02:48:27'),
(65, 'App\\Models\\User', 1, 'auth_token', 'e1ddfbf8883e8f54765343f6aef962e907f1274e55a6b31d3c0c0b9bb4ccc55e', '[\"*\"]', '2025-12-26 04:20:26', NULL, '2025-12-26 03:10:21', '2025-12-26 04:20:26'),
(66, 'App\\Models\\User', 12, 'auth_token', '0cdf19e378d506ac244cff6c6c2af48638faf48a07abf5568676124be4c8fc2f', '[\"*\"]', '2025-12-26 05:34:07', NULL, '2025-12-26 05:20:10', '2025-12-26 05:34:07'),
(67, 'App\\Models\\User', 1, 'auth_token', '252500e25e11ab146cb8f35300efb9addd32bd43c9279b052de74a4741cdb6b1', '[\"*\"]', '2025-12-26 07:06:56', NULL, '2025-12-26 05:34:21', '2025-12-26 07:06:56'),
(68, 'App\\Models\\User', 1, 'auth_token', 'f3f9d7cb392b0c44129e71aab7a7c6d3857ef6e9a0dc62f61f37a3457b5f8cf6', '[\"*\"]', '2025-12-26 21:33:25', NULL, '2025-12-26 21:16:54', '2025-12-26 21:33:25'),
(69, 'App\\Models\\User', 1, 'auth_token', '77ee2fc006d30a12086c997415a4277e73ce446b6b087239e369033735e3a145', '[\"*\"]', '2025-12-27 02:32:10', NULL, '2025-12-26 22:23:10', '2025-12-27 02:32:10'),
(70, 'App\\Models\\User', 1, 'auth_token', '9fc6f2353ba6f52eb9b70fde913737fb73834d9b58a55a6debe24fad2282b8c8', '[\"*\"]', '2025-12-27 07:06:57', NULL, '2025-12-27 03:39:28', '2025-12-27 07:06:57'),
(71, 'App\\Models\\User', 1, 'auth_token', 'f013b6bad2dc9b2a35be99d37562540c5ba6a550e31f1304b5fc245dc4cb8ca0', '[\"*\"]', '2025-12-27 21:16:47', NULL, '2025-12-27 21:15:49', '2025-12-27 21:16:47'),
(72, 'App\\Models\\User', 12, 'auth_token', '8d385dfac4fcb8f5ba7b15f3e35c82714cc7192c56c43f67e0f773993463fc85', '[\"*\"]', '2025-12-27 21:19:14', NULL, '2025-12-27 21:19:14', '2025-12-27 21:19:14'),
(73, 'App\\Models\\User', 1, 'auth_token', '6138d50c9cdb319a5e02b99d8b58179cf1b7091f13e8a60dd5c3bcfe6cc74d44', '[\"*\"]', '2025-12-27 21:48:29', NULL, '2025-12-27 21:25:41', '2025-12-27 21:48:29'),
(74, 'App\\Models\\User', 1, 'auth_token', 'a119e8a07e9006a64eb304cc4f2da58b7a3d62bd740489d8ffb9dc414cc32fd1', '[\"*\"]', '2025-12-28 00:17:02', NULL, '2025-12-28 00:16:58', '2025-12-28 00:17:02'),
(75, 'App\\Models\\User', 1, 'auth_token', 'd27d6c51f14ea15c865a72defb200ad5f2d3a8d1fc2b44f2c30a180d6bca6269', '[\"*\"]', '2025-12-28 00:22:13', NULL, '2025-12-28 00:22:12', '2025-12-28 00:22:13'),
(76, 'App\\Models\\User', 1, 'auth_token', 'f275ece1070561c421fe2265701a2c013510dd55753dc6edaf00b9b963724536', '[\"*\"]', '2025-12-28 05:35:05', NULL, '2025-12-28 00:35:59', '2025-12-28 05:35:05'),
(77, 'App\\Models\\User', 1, 'auth_token', '32cdb62c017ac3414c45f527baffdbad46d46316bc19ee8391cc3f644cf5cbf9', '[\"*\"]', '2025-12-28 06:22:59', NULL, '2025-12-28 05:48:43', '2025-12-28 06:22:59'),
(78, 'App\\Models\\User', 1, 'auth_token', '1a7461ecf022d7118034311afb9a72dc176bd4546f1ad18e8be6c4a87dac2299', '[\"*\"]', '2025-12-28 06:46:05', NULL, '2025-12-28 06:23:59', '2025-12-28 06:46:05'),
(79, 'App\\Models\\User', 1, 'auth_token', '56896162d91168206086ea60eaecd66633dcbb5d00efb46f5dcdb187528a4537', '[\"*\"]', '2025-12-28 07:06:51', NULL, '2025-12-28 06:47:57', '2025-12-28 07:06:51'),
(80, 'App\\Models\\User', 1, 'auth_token', '322c07ce2caf50a582f673bbfb8ef19beecfbdf36cdcb38302e82ba4ec451551', '[\"*\"]', '2025-12-28 07:58:12', NULL, '2025-12-28 07:19:44', '2025-12-28 07:58:12'),
(81, 'App\\Models\\User', 1, 'auth_token', '83fdb8c31ba72c107d4501054cfca6f5f379abdd979105b4550423a317ad1089', '[\"*\"]', '2025-12-28 21:31:40', NULL, '2025-12-28 21:31:35', '2025-12-28 21:31:40'),
(82, 'App\\Models\\User', 12, 'auth_token', '47dc58402085dfea03328b12ff8e4fee4245e8cae91dcbdb316b869e5ca77ffd', '[\"*\"]', '2025-12-28 23:24:25', NULL, '2025-12-28 21:37:21', '2025-12-28 23:24:25'),
(83, 'App\\Models\\User', 1, 'auth_token', 'fee86936f0c3c04b5b9a7effec4a4e38bcd0363f0b301680754a225d43caee20', '[\"*\"]', NULL, NULL, '2025-12-28 23:53:15', '2025-12-28 23:53:15'),
(84, 'App\\Models\\User', 1, 'auth_token', '6a48277d57fb9a31ed3fb6864e389f598cb754adf6b3d32c4d98920468783316', '[\"*\"]', NULL, NULL, '2025-12-29 02:29:03', '2025-12-29 02:29:03'),
(85, 'App\\Models\\User', 1, 'auth_token', '6220ad6456d3919719db9ef533fd982b985898fbb15f448213640230051bd74e', '[\"*\"]', '2025-12-29 04:00:11', NULL, '2025-12-29 03:11:48', '2025-12-29 04:00:11'),
(86, 'App\\Models\\User', 12, 'auth_token', 'cbabe3abc187e2d7c9aae88be890994bbe139d5ca64462a19a6bd9fb26344ad5', '[\"*\"]', '2025-12-29 06:55:23', NULL, '2025-12-29 04:04:48', '2025-12-29 06:55:23'),
(87, 'App\\Models\\User', 12, 'auth_token', '78ba24e26bd90b918c3863b568ce8f9ba7f15709001bf64a0c2d3e922efe71ab', '[\"*\"]', '2025-12-29 22:55:36', NULL, '2025-12-29 21:26:37', '2025-12-29 22:55:36'),
(88, 'App\\Models\\User', 12, 'auth_token', '4279a036fb18546bf07e0611aee2ede8d44ca9e334c8d256197df8baa2c95639', '[\"*\"]', '2025-12-30 04:13:41', NULL, '2025-12-29 23:48:00', '2025-12-30 04:13:41'),
(89, 'App\\Models\\User', 12, 'auth_token', '1f3579523cd189e31b9a89591ebeb11327185278f04b02b23f3e3c115a66b795', '[\"*\"]', '2026-01-21 07:26:46', NULL, '2025-12-30 00:37:14', '2026-01-21 07:26:46'),
(90, 'App\\Models\\User', 1, 'auth_token', '77e968cf3cb45038edb08ba06a11e669fa09e179fd2056a29c8553b4341db532', '[\"*\"]', '2025-12-30 04:16:23', NULL, '2025-12-30 04:13:55', '2025-12-30 04:16:23'),
(91, 'App\\Models\\User', 12, 'auth_token', '5c3218ff91a7b03fb04eb5ea87ec22c41c70e49392cf681f3040a9b7db8bfebb', '[\"*\"]', '2025-12-30 04:17:24', NULL, '2025-12-30 04:17:23', '2025-12-30 04:17:24'),
(92, 'App\\Models\\User', 1, 'auth_token', '420ab6e60de42a4df9506b57dd102d0692dd7d547d1776c371a249a56891b976', '[\"*\"]', '2025-12-30 04:18:25', NULL, '2025-12-30 04:18:25', '2025-12-30 04:18:25'),
(93, 'App\\Models\\User', 12, 'auth_token', 'd45a2e9ae35f127725ee1edb4497a24ca6ef357a104d905c897e440180955bcd', '[\"*\"]', '2025-12-30 04:44:42', NULL, '2025-12-30 04:19:32', '2025-12-30 04:44:42'),
(94, 'App\\Models\\User', 1, 'auth_token', '044f098ce484b9e19207f2b85dab2351ab091c67b3c6bd92031b22b95fe67a79', '[\"*\"]', '2025-12-30 04:47:14', NULL, '2025-12-30 04:44:57', '2025-12-30 04:47:14'),
(95, 'App\\Models\\User', 12, 'auth_token', '7803032ccc21e18e67186ce5a95f74651475438fa74775e21512abb37d7130b4', '[\"*\"]', '2025-12-30 05:09:45', NULL, '2025-12-30 04:47:44', '2025-12-30 05:09:45'),
(96, 'App\\Models\\User', 1, 'auth_token', '075ad3d6b3041ff329b38974d4aba38575551fe7dd661f39d4c6df625ef4407a', '[\"*\"]', '2025-12-30 05:10:08', NULL, '2025-12-30 05:10:07', '2025-12-30 05:10:08'),
(97, 'App\\Models\\User', 12, 'auth_token', '6005bb066f2d460b8e0d5ee68c5c68a48c1ac9b197b66f154f8aad2a0fdb58ae', '[\"*\"]', '2025-12-30 05:57:38', NULL, '2025-12-30 05:13:46', '2025-12-30 05:57:38'),
(98, 'App\\Models\\User', 1, 'auth_token', 'd7bd5ea3f557e19986f6a80845e5e9523b93772c44277ba277b844de5c21985f', '[\"*\"]', '2025-12-30 06:00:52', NULL, '2025-12-30 05:58:50', '2025-12-30 06:00:52'),
(99, 'App\\Models\\User', 12, 'auth_token', '3c99fcd988fd6d22e7cc83f8667671cdbc8b29e50835750ee22776ddf902cdbf', '[\"*\"]', '2025-12-30 06:39:24', NULL, '2025-12-30 06:01:31', '2025-12-30 06:39:24'),
(100, 'App\\Models\\User', 1, 'auth_token', '580fa3c1f4f33a9fcee1154ab0d42ec0cf31d5d2e80670630485af4c59e11812', '[\"*\"]', '2025-12-30 07:52:40', NULL, '2025-12-30 06:39:54', '2025-12-30 07:52:40'),
(101, 'App\\Models\\User', 12, 'auth_token', 'cad31f53e5fdffc6eeeeb0e89b40c8850b50270aede50b3e2dff5ae4f679cbc2', '[\"*\"]', '2025-12-31 00:08:06', NULL, '2025-12-30 20:50:09', '2025-12-31 00:08:06'),
(102, 'App\\Models\\User', 12, 'auth_token', '6d746fe86ce1784ea7deb5f8976db720308c841d19905f8597aaad1e9197fb52', '[\"*\"]', '2025-12-31 00:08:29', NULL, '2025-12-31 00:08:18', '2025-12-31 00:08:29'),
(103, 'App\\Models\\User', 12, 'auth_token', '8273972080b35990a67c6a963d7c7b3786e2a0c01181187ed9055112f6644562', '[\"*\"]', '2025-12-31 00:16:34', NULL, '2025-12-31 00:08:54', '2025-12-31 00:16:34'),
(104, 'App\\Models\\User', 12, 'auth_token', '9d2638230abca33fd862150d55731568d6b41715e883ca067051f67e2a62c411', '[\"*\"]', '2025-12-31 05:45:39', NULL, '2025-12-31 00:16:44', '2025-12-31 05:45:39'),
(105, 'App\\Models\\User', 12, 'auth_token', '3bfe77118c693cdc74e2158481676aba17355b012ef4c17eec7c3e363e884647', '[\"*\"]', '2025-12-31 06:56:08', NULL, '2025-12-31 05:47:11', '2025-12-31 06:56:08'),
(106, 'App\\Models\\User', 12, 'auth_token', '2ed2ac79bdde84f9b6c12890b8d1316476aeaa38181c2e999a71accb8b614789', '[\"*\"]', '2025-12-31 21:05:42', NULL, '2025-12-31 21:05:41', '2025-12-31 21:05:42'),
(107, 'App\\Models\\User', 1, 'auth_token', '1b2d00c0821970ff772bee8fdabfb6d767a8198c7539e4293a961480da482bf8', '[\"*\"]', '2025-12-31 21:08:22', NULL, '2025-12-31 21:06:28', '2025-12-31 21:08:22'),
(108, 'App\\Models\\User', 12, 'auth_token', 'ad287f022ef140cfd6a4458742924ceab572d93fc93038f9fef522b0f6401801', '[\"*\"]', '2025-12-31 21:53:19', NULL, '2025-12-31 21:11:55', '2025-12-31 21:53:19'),
(109, 'App\\Models\\User', 1, 'auth_token', '1689f9a0ade98b288088b0b874fdc90d7df39e188e440a792cea28d9f30215cc', '[\"*\"]', '2025-12-31 21:57:02', NULL, '2025-12-31 21:56:16', '2025-12-31 21:57:02'),
(110, 'App\\Models\\User', 12, 'auth_token', '2ae3cca0eb11a7d2d7fee8df790734912b4e0f878f3970caa888d22559c4b655', '[\"*\"]', '2025-12-31 22:01:55', NULL, '2025-12-31 21:57:30', '2025-12-31 22:01:55'),
(111, 'App\\Models\\User', 1, 'auth_token', '320d32801c5a995c144f2b1eaa0ef29e6676d7da3ae876a7d9b51e55d59deda4', '[\"*\"]', '2025-12-31 22:03:06', NULL, '2025-12-31 22:02:05', '2025-12-31 22:03:06'),
(112, 'App\\Models\\User', 12, 'auth_token', '03134d31e627eab405d1d384395102b48b82e29a6fc975ec13dadff70adb29ce', '[\"*\"]', '2025-12-31 22:13:15', NULL, '2025-12-31 22:03:16', '2025-12-31 22:13:15'),
(113, 'App\\Models\\User', 1, 'auth_token', '0183640d774ee6dc5e471832e9e721d9754f33fee73e4deb5fba382b94ada01b', '[\"*\"]', '2025-12-31 22:15:02', NULL, '2025-12-31 22:04:37', '2025-12-31 22:15:02'),
(114, 'App\\Models\\User', 1, 'auth_token', 'cd7556fc70e378c6593633677b7619f037f030c432c2ae3813eb752838709fa5', '[\"*\"]', '2025-12-31 22:17:23', NULL, '2025-12-31 22:13:34', '2025-12-31 22:17:23'),
(115, 'App\\Models\\User', 12, 'auth_token', 'c0dc8880ebd8e9c15c1e009ab90479d27ef1fc762a9ee8d4052733bdfbd06971', '[\"*\"]', '2025-12-31 22:18:11', NULL, '2025-12-31 22:15:34', '2025-12-31 22:18:11'),
(116, 'App\\Models\\User', 12, 'auth_token', 'f0676f9c83e938e3423af35b507ade253e273244c76579c4cc850146047b6915', '[\"*\"]', '2026-01-01 02:53:04', NULL, '2025-12-31 22:19:06', '2026-01-01 02:53:04'),
(117, 'App\\Models\\User', 12, 'auth_token', 'b155068f34d946462ed1fc820eb546870aa185b22c6390943be232b138683292', '[\"*\"]', '2026-01-01 04:34:40', NULL, '2026-01-01 02:54:29', '2026-01-01 04:34:40'),
(118, 'App\\Models\\User', 1, 'auth_token', 'b3592f8961726e384d54e776b0698631e1aecac4fd66db4dac8b35ee8e7ce6f3', '[\"*\"]', '2026-01-01 05:25:26', NULL, '2026-01-01 05:24:31', '2026-01-01 05:25:26'),
(119, 'App\\Models\\User', 12, 'auth_token', '55fe86919396e7373d560d4dc68458f90c5c97dfc1091d1b55ac21126dcc7cd6', '[\"*\"]', '2026-01-01 05:37:14', NULL, '2026-01-01 05:26:03', '2026-01-01 05:37:14'),
(120, 'App\\Models\\User', 1, 'auth_token', 'e0d458bbc76127431f805584765405cb221527486237241103f601bba92dc1c4', '[\"*\"]', '2026-01-01 05:36:49', NULL, '2026-01-01 05:36:48', '2026-01-01 05:36:49'),
(121, 'App\\Models\\User', 1, 'auth_token', '395336a565511be89681271e97d1efb742f680d1736f4819197ab7e59f7edcdc', '[\"*\"]', '2026-01-01 05:39:04', NULL, '2026-01-01 05:37:23', '2026-01-01 05:39:04'),
(122, 'App\\Models\\User', 12, 'auth_token', '58420e2d6ccaa0398ac488a109a15672848c64b4fbeec5bec1395a5d24f44af1', '[\"*\"]', '2026-01-01 05:46:54', NULL, '2026-01-01 05:39:20', '2026-01-01 05:46:54'),
(123, 'App\\Models\\User', 12, 'auth_token', '81b368920536cf63e9a843ac09264aea4be52a35ce1808ca64e8e0bd14f96f3e', '[\"*\"]', '2026-01-02 21:37:44', NULL, '2026-01-02 21:28:04', '2026-01-02 21:37:44'),
(124, 'App\\Models\\User', 12, 'auth_token', '433083ac1a0e4737e9cc331e0daa9fed72c5329be2cf7329d5ebf9701785eefb', '[\"*\"]', NULL, NULL, '2026-01-03 00:22:52', '2026-01-03 00:22:52'),
(125, 'App\\Models\\User', 12, 'auth_token', 'acaaa45a1e6408aac9d4f6f3131f22ca398a0937348da8b09636a153e4a65d5b', '[\"*\"]', '2026-01-03 00:30:08', NULL, '2026-01-03 00:23:24', '2026-01-03 00:30:08'),
(126, 'App\\Models\\User', 12, 'auth_token', '698df527c45de0fb8649b5ff5aeb0ff9f98cd8e5b2292b01cf0892a4d4bc5dc3', '[\"*\"]', '2026-01-03 03:01:54', NULL, '2026-01-03 00:30:15', '2026-01-03 03:01:54'),
(127, 'App\\Models\\User', 12, 'auth_token', '3cb0e156b9a360ab9e5d8d1d91dedc8fc7a78a342795e97ad4cf4eb3972523d4', '[\"*\"]', NULL, NULL, '2026-01-03 03:05:18', '2026-01-03 03:05:18'),
(128, 'App\\Models\\User', 12, 'auth_token', 'd3269ffcb2646088c3238285d85d9102f6d8b2ae748b199b564619ec431ddc03', '[\"*\"]', NULL, NULL, '2026-01-03 03:05:37', '2026-01-03 03:05:37'),
(129, 'App\\Models\\User', 12, 'auth_token', 'e504aa3bb64ae0e4fec17f084bccc15c9097663df39b5eb53b09f592df412c96', '[\"*\"]', '2026-01-03 04:27:37', NULL, '2026-01-03 03:05:43', '2026-01-03 04:27:37'),
(130, 'App\\Models\\User', 12, 'auth_token', 'd0ff570939ddcfefa6b609a5186abdc9e8dc21ef723d8b952ea841dfd43af265', '[\"*\"]', '2026-01-03 04:53:44', NULL, '2026-01-03 04:43:04', '2026-01-03 04:53:44'),
(131, 'App\\Models\\User', 1, 'auth_token', '0879541b2f3fe9a461b1cefe0ee332c52103662f8633cbcc4a65f47a2f66a754', '[\"*\"]', '2026-01-03 05:06:08', NULL, '2026-01-03 04:55:42', '2026-01-03 05:06:08'),
(132, 'App\\Models\\User', 12, 'auth_token', 'e62b878a63cb88bb39b8e3a049705a79fb5d0a90798432785fec53fd23427487', '[\"*\"]', '2026-01-03 05:27:20', NULL, '2026-01-03 05:06:32', '2026-01-03 05:27:20'),
(133, 'App\\Models\\User', 1, 'auth_token', '9a969739c82574e3efc748f465da980513ca5fc9a7820762c9e9cd958dd85e5a', '[\"*\"]', '2026-01-03 05:54:11', NULL, '2026-01-03 05:28:00', '2026-01-03 05:54:11'),
(134, 'App\\Models\\User', 12, 'auth_token', 'd786ae51fbd4df4234f99025f75cba51d79f518f739e3741ae17160e8d40cd53', '[\"*\"]', '2026-01-04 21:46:16', NULL, '2026-01-04 21:36:11', '2026-01-04 21:46:16'),
(135, 'App\\Models\\User', 1, 'auth_token', '3cbd0b1db0e35879db743eb72537b8a800632d9391eb8924bdb7b562a5fc3348', '[\"*\"]', '2026-01-04 22:06:14', NULL, '2026-01-04 21:46:56', '2026-01-04 22:06:14'),
(136, 'App\\Models\\User', 12, 'auth_token', 'f24795815a90cc453d81344363d0e07105ac5fd2f66ba6b90304241d77f03871', '[\"*\"]', '2026-01-04 22:07:19', NULL, '2026-01-04 22:06:48', '2026-01-04 22:07:19'),
(137, 'App\\Models\\User', 1, 'auth_token', 'c94e92acbf285166e4e219f520df343d9c2346f04cdb62e5a983fdeed3b411e6', '[\"*\"]', '2026-01-04 22:11:49', NULL, '2026-01-04 22:10:34', '2026-01-04 22:11:49'),
(138, 'App\\Models\\User', 12, 'auth_token', '3be58715fb354766191af2ee1ef277b1d1aec32f82d7a89e3193d71dc3ec53d7', '[\"*\"]', '2026-01-04 22:23:13', NULL, '2026-01-04 22:12:54', '2026-01-04 22:23:13'),
(139, 'App\\Models\\User', 1, 'auth_token', '056569c095631b451c12dac0d9c1b05e7d3964886871001e90762ca3c66ca2b1', '[\"*\"]', '2026-01-04 22:27:35', NULL, '2026-01-04 22:26:52', '2026-01-04 22:27:35'),
(140, 'App\\Models\\User', 12, 'auth_token', '928d93c16868dce168c7ecc681b60a828270af2b07fce3c7b6873a52ee41594e', '[\"*\"]', '2026-01-04 23:16:12', NULL, '2026-01-04 22:27:54', '2026-01-04 23:16:12'),
(141, 'App\\Models\\User', 1, 'auth_token', '69ad06036eb79323349fce9f5582ba8d672dd8cbcce1ae111e4e07b53a040b7f', '[\"*\"]', '2026-01-04 23:19:56', NULL, '2026-01-04 23:17:32', '2026-01-04 23:19:56'),
(142, 'App\\Models\\User', 1, 'auth_token', '98d15928d3b36b7870c4b9cdcd6ed45d046e30584e5bde6e2d56d60e1a10fd2d', '[\"*\"]', '2026-01-04 23:22:34', NULL, '2026-01-04 23:22:22', '2026-01-04 23:22:34'),
(143, 'App\\Models\\User', 12, 'auth_token', 'c6ae639e869bb6ccacaedbe3d57796504eb0519a25e0f35595d912f000b483e9', '[\"*\"]', '2026-01-04 23:51:15', NULL, '2026-01-04 23:28:10', '2026-01-04 23:51:15'),
(144, 'App\\Models\\User', 12, 'auth_token', 'b5f8ca91009c1926dd79407e1b4e65e7253ed07bb86d497fe1c294c3e8ee3151', '[\"*\"]', '2026-01-04 23:56:09', NULL, '2026-01-04 23:55:21', '2026-01-04 23:56:09'),
(145, 'App\\Models\\User', 12, 'auth_token', 'debd05b73c1213e15465706b40e2a5ac097aa56ea39c90fca7e33089a80af714', '[\"*\"]', '2026-01-05 00:30:26', NULL, '2026-01-04 23:56:36', '2026-01-05 00:30:26'),
(146, 'App\\Models\\User', 12, 'auth_token', 'b9def6d0f99be910942f0265e07ba5d43db3c60cf35160e6f93747e1c61c542a', '[\"*\"]', '2026-01-05 00:32:48', NULL, '2026-01-05 00:30:49', '2026-01-05 00:32:48'),
(147, 'App\\Models\\User', 12, 'auth_token', '43a8862924ce3943792efe3339c776f7b7a374899b4cb1eee6a4cb6be4dbfd52', '[\"*\"]', '2026-01-05 03:02:04', NULL, '2026-01-05 00:34:18', '2026-01-05 03:02:04'),
(148, 'App\\Models\\User', 1, 'auth_token', '6a0b4f64f4885f8f119dc48e4852b1b26224b8779d80057bc28ab737ae515e1d', '[\"*\"]', '2026-01-05 03:04:29', NULL, '2026-01-05 03:04:01', '2026-01-05 03:04:29'),
(149, 'App\\Models\\User', 12, 'auth_token', '2c9d0c0662983bcf020ff2f8126cf5808d87187cba46051d17550a345ac783bc', '[\"*\"]', '2026-01-05 06:07:51', NULL, '2026-01-05 03:09:22', '2026-01-05 06:07:51'),
(150, 'App\\Models\\User', 12, 'auth_token', '1fc72992c1797db2cf5c1c4e8553547bca00886cb268f72f47c58a116c756c0b', '[\"*\"]', '2026-01-05 21:29:04', NULL, '2026-01-05 21:24:35', '2026-01-05 21:29:04'),
(151, 'App\\Models\\User', 12, 'auth_token', '22b0088e54b890df824d6ac715058075859aa774a538e77505a2a29575d59120', '[\"*\"]', '2026-01-05 21:47:04', NULL, '2026-01-05 21:46:53', '2026-01-05 21:47:04'),
(152, 'App\\Models\\User', 12, 'auth_token', 'a36b8dac8fbf21177318c403cf3a86d6bcc8a6874c75e9341cf388af3a40e0bd', '[\"*\"]', '2026-01-05 21:51:03', NULL, '2026-01-05 21:50:57', '2026-01-05 21:51:03'),
(153, 'App\\Models\\User', 12, 'auth_token', '2b8fb2311d9e5e51a9762f95d03fb5a8133e4b4489da6c13d57bf664b6d09639', '[\"*\"]', '2026-01-05 21:52:03', NULL, '2026-01-05 21:51:54', '2026-01-05 21:52:03'),
(154, 'App\\Models\\User', 12, 'auth_token', '623e61166d03330ea670afcf2fbc5f1e96479c536b017bda8b75e41ec5c5cd6e', '[\"*\"]', '2026-01-05 21:55:48', NULL, '2026-01-05 21:55:37', '2026-01-05 21:55:48'),
(155, 'App\\Models\\User', 12, 'auth_token', '2c402fcb4b8f895c5cefa20cd91d01000fe56b65087f34393e7d57b853f000fe', '[\"*\"]', '2026-01-05 21:58:01', NULL, '2026-01-05 21:57:58', '2026-01-05 21:58:01'),
(156, 'App\\Models\\User', 12, 'auth_token', 'e4736a2855cdf9a52c801a6afcfee4b44793a51902932e5e59f4b6f5025b80e5', '[\"*\"]', '2026-01-06 01:00:53', NULL, '2026-01-05 22:01:09', '2026-01-06 01:00:53'),
(157, 'App\\Models\\User', 12, 'auth_token', '6236a714483d09f2605daa55ee44b224211c57741444383fc4ce9a980b39356f', '[\"*\"]', '2026-01-06 02:52:07', NULL, '2026-01-06 02:16:47', '2026-01-06 02:52:07'),
(158, 'App\\Models\\User', 12, 'auth_token', '665fde5e25b757dc2d21ee78d6469e08ff49b1b0ca2a1aac777e32abbd700c59', '[\"*\"]', '2026-01-06 03:43:57', NULL, '2026-01-06 02:55:38', '2026-01-06 03:43:57'),
(159, 'App\\Models\\User', 12, 'auth_token', 'b5aa0691e73525f49aedf8deb85d983852687b4e12f98c9b184d0de8b5943fa2', '[\"*\"]', '2026-01-06 04:03:22', NULL, '2026-01-06 03:52:52', '2026-01-06 04:03:22'),
(160, 'App\\Models\\User', 1, 'auth_token', 'a3ee153ec7ed037fa6db757387d02be48f13b643338296737f9d2f485c4e136d', '[\"*\"]', '2026-01-06 04:06:54', NULL, '2026-01-06 04:03:30', '2026-01-06 04:06:54'),
(161, 'App\\Models\\User', 12, 'auth_token', '62a56a259e9f0cd470628ba54a3b915219879b09ed28a9ee043375be343fd6d0', '[\"*\"]', '2026-01-06 06:35:51', NULL, '2026-01-06 04:19:15', '2026-01-06 06:35:51'),
(162, 'App\\Models\\User', 12, 'auth_token', 'e751b5a42f2df7bc9badbcc5a5c74986bc9e39d29583449e30c0d923b08be4c2', '[\"*\"]', '2026-01-06 21:25:00', NULL, '2026-01-06 21:24:59', '2026-01-06 21:25:00'),
(163, 'App\\Models\\User', 1, 'auth_token', '315c6bef0252f750c95604cf2208ab46a470d550a4ae57fb1db1a8d28f5d1778', '[\"*\"]', '2026-01-06 21:29:32', NULL, '2026-01-06 21:26:29', '2026-01-06 21:29:32'),
(164, 'App\\Models\\User', 12, 'auth_token', '2b895999f15d86191cbfc1fa07cf19f9da8d94a0731d54aab72aaad0b5fccde2', '[\"*\"]', '2026-01-06 21:42:56', NULL, '2026-01-06 21:29:43', '2026-01-06 21:42:56'),
(165, 'App\\Models\\User', 1, 'auth_token', '29d16d01832db72b1a1b966c25f1d4764be6f3f2cfa6319e85cd04e3a63a16d4', '[\"*\"]', '2026-01-06 22:20:55', NULL, '2026-01-06 21:43:07', '2026-01-06 22:20:55'),
(166, 'App\\Models\\User', 12, 'auth_token', '9bd6aa76bfa4ed476fafea5193c4e727833d21660654613a33f494fc53bdba3f', '[\"*\"]', '2026-01-06 22:29:09', NULL, '2026-01-06 22:21:23', '2026-01-06 22:29:09'),
(167, 'App\\Models\\User', 1, 'auth_token', '143a86ff6e6e876d69d196d67deaca34ded2b7d7218fb2a2fd67983e44ae755a', '[\"*\"]', '2026-01-06 22:31:37', NULL, '2026-01-06 22:29:44', '2026-01-06 22:31:37'),
(168, 'App\\Models\\User', 12, 'auth_token', '2f046158322ce512bb257c5f8332b764f3bd0f6203ee35daf2b8fb51d7af30aa', '[\"*\"]', '2026-01-06 23:13:23', NULL, '2026-01-06 22:36:56', '2026-01-06 23:13:23'),
(169, 'App\\Models\\User', 1, 'auth_token', '675a3970cd93ec3386689114e908254d887a250acb5a5695b682f56a987e4b85', '[\"*\"]', '2026-01-06 23:18:14', NULL, '2026-01-06 23:16:05', '2026-01-06 23:18:14'),
(170, 'App\\Models\\User', 12, 'auth_token', '5698388a3ac97cebc470137c3735133536911eff5174d5b3a167cb5a5796dc9a', '[\"*\"]', '2026-01-06 23:19:02', NULL, '2026-01-06 23:18:26', '2026-01-06 23:19:02'),
(171, 'App\\Models\\User', 1, 'auth_token', '4efdeadc6050a4821d0f1a07508ca4d9ecb55a4bb6a158c337005b9502cce914', '[\"*\"]', '2026-01-06 23:19:32', NULL, '2026-01-06 23:19:09', '2026-01-06 23:19:32'),
(172, 'App\\Models\\User', 12, 'auth_token', 'd0a0c170f773e0410734dcb38af502f8e63326b1fbd22705e5bef59c2e251151', '[\"*\"]', '2026-01-07 05:28:57', NULL, '2026-01-06 23:19:51', '2026-01-07 05:28:57'),
(173, 'App\\Models\\User', 12, 'auth_token', 'bb0c029c79980dc9dc9052c0cd4db6ee70d435bd58fc71d0e99268433304e88d', '[\"*\"]', '2026-01-07 05:30:58', NULL, '2026-01-07 05:30:40', '2026-01-07 05:30:58'),
(174, 'App\\Models\\User', 12, 'auth_token', '55025ca662d82f62c4c71402a9baafd202802259eadb91874b1deb5fbb33d90e', '[\"*\"]', '2026-01-07 05:52:20', NULL, '2026-01-07 05:31:49', '2026-01-07 05:52:20'),
(175, 'App\\Models\\User', 1, 'auth_token', '9ffff06aba33c6a9d0344fd85d47f48e34b29972247f94a2d52d9365125f0117', '[\"*\"]', '2026-01-07 05:55:08', NULL, '2026-01-07 05:55:06', '2026-01-07 05:55:08'),
(176, 'App\\Models\\User', 12, 'auth_token', '7ff2a4cf2b1fc3fa3d411f0d1eefe979bd475ac48e8620b28c54b53f4d8d45af', '[\"*\"]', '2026-01-07 06:38:15', NULL, '2026-01-07 05:56:03', '2026-01-07 06:38:15'),
(177, 'App\\Models\\User', 12, 'auth_token', '25228f89f6a15c54cbc14bdea8edc8f50ea90b54bf7047a232b39f60758fb765', '[\"*\"]', '2026-01-07 20:58:23', NULL, '2026-01-07 20:56:24', '2026-01-07 20:58:23'),
(178, 'App\\Models\\User', 1, 'auth_token', '0cb02541feadf123b5952c6e86f44010ea4a9eda2f212141176632cd1dcc7ee4', '[\"*\"]', '2026-01-07 21:00:35', NULL, '2026-01-07 20:59:05', '2026-01-07 21:00:35'),
(179, 'App\\Models\\User', 12, 'auth_token', 'd60cc7d76eeb10188a4cf6ce43e7dbc6e26a132894ee9848eea5f06ded432efa', '[\"*\"]', '2026-01-07 23:54:17', NULL, '2026-01-07 21:11:59', '2026-01-07 23:54:17'),
(180, 'App\\Models\\User', 1, 'auth_token', '6ffa1c93e754aab0d25592fd30bb22b1b2822e9577e200d4c5ada2399253e9f2', '[\"*\"]', '2026-01-07 23:58:45', NULL, '2026-01-07 23:56:48', '2026-01-07 23:58:45'),
(181, 'App\\Models\\User', 12, 'auth_token', '7e619c7e3d46f21c9b035a6af6e096ac9a079c7b866d0b49da81affb36078b0b', '[\"*\"]', '2026-01-08 00:19:06', NULL, '2026-01-07 23:59:09', '2026-01-08 00:19:06'),
(182, 'App\\Models\\User', 1, 'auth_token', 'cdd784b21d0494eb41c61432dfddafccc8cc23120af978e0eca8eab04c5040e9', '[\"*\"]', '2026-01-08 00:28:34', NULL, '2026-01-08 00:19:16', '2026-01-08 00:28:34'),
(183, 'App\\Models\\User', 12, 'auth_token', '12d9fbe3a026dd09f5f61a1006722ab91ab00cff135f0d9c05e1509b506c4009', '[\"*\"]', '2026-01-08 02:08:31', NULL, '2026-01-08 00:29:16', '2026-01-08 02:08:31'),
(184, 'App\\Models\\User', 1, 'auth_token', '92f6023d980a4840a46b4ea5a9062de84568b533d5374bbf432b357e219b91b8', '[\"*\"]', '2026-01-08 03:33:44', NULL, '2026-01-08 02:08:50', '2026-01-08 03:33:44'),
(185, 'App\\Models\\User', 1, 'auth_token', '9a2d1747dce311ae20ffaea2627edf174dff352f111d3d137ef009ea8cc4032c', '[\"*\"]', '2026-01-08 04:33:03', NULL, '2026-01-08 03:34:31', '2026-01-08 04:33:03'),
(186, 'App\\Models\\User', 12, 'auth_token', '50ae65d04c58dffd7150bb0ce82e0db740a143a28ef3d85862f2a603afd2d256', '[\"*\"]', '2026-01-08 04:46:54', NULL, '2026-01-08 03:37:27', '2026-01-08 04:46:54'),
(187, 'App\\Models\\User', 12, 'auth_token', '0baed89c4aeaa9055f9ea0ff74831eacbc4ca7d0a68c161d015422d9f21d03b4', '[\"*\"]', '2026-01-08 04:55:14', NULL, '2026-01-08 04:49:30', '2026-01-08 04:55:14'),
(188, 'App\\Models\\User', 12, 'auth_token', 'af09badd7762409c7b11d028cba0e03a747fd85650b87095c37bcca82f07fea6', '[\"*\"]', '2026-01-09 21:31:43', NULL, '2026-01-09 21:30:11', '2026-01-09 21:31:43'),
(189, 'App\\Models\\User', 1, 'auth_token', 'ceac43a9832bfd35dbb051f881e94a72fb0f3400919b202b3f4b3627be76797e', '[\"*\"]', '2026-01-09 21:32:45', NULL, '2026-01-09 21:31:59', '2026-01-09 21:32:45'),
(190, 'App\\Models\\User', 12, 'auth_token', '0b562baf0661018dc9f2ca9b1634e41f055b7ab0cab17c3fe7e6b3be10d75634', '[\"*\"]', '2026-01-09 22:13:55', NULL, '2026-01-09 21:33:39', '2026-01-09 22:13:55'),
(191, 'App\\Models\\User', 12, 'auth_token', 'eed32f1a4738de8761e3c7a7b4776195284bd0be1b429b06dc5eee9b868d3399', '[\"*\"]', '2026-01-09 22:23:39', NULL, '2026-01-09 22:14:25', '2026-01-09 22:23:39'),
(192, 'App\\Models\\User', 12, 'auth_token', '39f8be5974dd235938b9eac5dbe8dc891546c83bc79021336bc17d2db734bd8b', '[\"*\"]', '2026-01-09 23:20:32', NULL, '2026-01-09 22:35:52', '2026-01-09 23:20:32'),
(193, 'App\\Models\\User', 12, 'auth_token', '12e60fef26ae391f759553efc80db57e89d5eff9b58ab98de6b37f27cc972273', '[\"*\"]', '2026-01-09 23:26:13', NULL, '2026-01-09 23:24:54', '2026-01-09 23:26:13'),
(194, 'App\\Models\\User', 12, 'auth_token', 'f3bccf65df547b62224306130377ca6052b32f1fa0fc58fddc8d6f3b118ba807', '[\"*\"]', '2026-01-09 23:55:05', NULL, '2026-01-09 23:28:54', '2026-01-09 23:55:05'),
(195, 'App\\Models\\User', 1, 'auth_token', 'ea78a7c5450ae02422b822cfb81317e5c9d0cdc754c41f57302c4ad0e8335442', '[\"*\"]', '2026-01-09 23:57:40', NULL, '2026-01-09 23:56:13', '2026-01-09 23:57:40'),
(196, 'App\\Models\\User', 12, 'auth_token', 'b60e02f39b8d8d6453ea29987f7e164b5fd6d4df54cb5694f7381f6da87e7eab', '[\"*\"]', '2026-01-09 23:58:03', NULL, '2026-01-09 23:58:03', '2026-01-09 23:58:03'),
(197, 'App\\Models\\User', 1, 'auth_token', '226c37dd0b6719c0f1ceb215c717c4811e321d4906dab91a1232052baa14518f', '[\"*\"]', '2026-01-10 00:00:51', NULL, '2026-01-09 23:58:16', '2026-01-10 00:00:51'),
(198, 'App\\Models\\User', 1, 'auth_token', '308231f910d586fe4393526b13dbee1cb05dc97c06ed16a0a9014f4b5696aaf9', '[\"*\"]', '2026-01-10 00:14:30', NULL, '2026-01-10 00:06:23', '2026-01-10 00:14:30'),
(199, 'App\\Models\\User', 1, 'auth_token', 'fc37dca3d4ac78dcb38f2d02d9b2ec4d07248d7ab6989a2411ed95f6c28e5aed', '[\"*\"]', '2026-01-10 00:26:16', NULL, '2026-01-10 00:14:50', '2026-01-10 00:26:16'),
(200, 'App\\Models\\User', 12, 'auth_token', '0032aea0582315c005631e08c9e6e59569818b2dcde7d74f67ac84513be7bfc2', '[\"*\"]', '2026-01-10 00:21:30', NULL, '2026-01-10 00:15:09', '2026-01-10 00:21:30'),
(201, 'App\\Models\\User', 1, 'auth_token', 'b56bf5e153099921dd7529e7d4af2843ca52b8ef79ed6883781c5af57ac43938', '[\"*\"]', '2026-01-10 00:27:42', NULL, '2026-01-10 00:26:43', '2026-01-10 00:27:42'),
(202, 'App\\Models\\User', 12, 'auth_token', '18f86a22c29d4e21e35bb0aba41771958831e8611c95839571cc0a63b3918a16', '[\"*\"]', '2026-01-10 00:28:45', NULL, '2026-01-10 00:28:06', '2026-01-10 00:28:45'),
(203, 'App\\Models\\User', 1, 'auth_token', '08a038d18c74ec884f84be4c8930b0a5706511104b40cb0c1353e822c0419c6c', '[\"*\"]', '2026-01-10 00:29:24', NULL, '2026-01-10 00:29:04', '2026-01-10 00:29:24'),
(204, 'App\\Models\\User', 1, 'auth_token', 'cd4de06b59c665e1fed6af63d6fb5be910685f635ba57601461dc60bf66cdce3', '[\"*\"]', '2026-01-10 03:03:13', NULL, '2026-01-10 00:38:42', '2026-01-10 03:03:13'),
(205, 'App\\Models\\User', 12, 'auth_token', '4facde05f96c3acd12026c8f495cef6424800efd380e67a782a682399a472d62', '[\"*\"]', '2026-01-10 04:36:47', NULL, '2026-01-10 00:42:16', '2026-01-10 04:36:47'),
(206, 'App\\Models\\User', 23, 'auth_token', '7c75c1284174491a24ab7b16cf0961d6a1bcdff1af0f1b205459dbbebbc0837c', '[\"*\"]', NULL, NULL, '2026-01-10 00:50:16', '2026-01-10 00:50:16'),
(207, 'App\\Models\\User', 24, 'auth_token', '8ae7fffba258f5bfc2303568fad02fed0e24192df38c0a425d789e676de11c98', '[\"*\"]', NULL, NULL, '2026-01-10 03:04:02', '2026-01-10 03:04:02'),
(208, 'App\\Models\\User', 12, 'auth_token', '2c20988f92362c4eba38b4dc4ab30f149f5b270e68cc4e8adc7cc8c80a6845ba', '[\"*\"]', '2026-01-10 03:30:21', NULL, '2026-01-10 03:05:17', '2026-01-10 03:30:21'),
(209, 'App\\Models\\User', 25, 'auth_token', 'cb31986fd000d63a901ec383f5fb99a189e04101ce1ccc5a886fbcfea856ae4a', '[\"*\"]', NULL, NULL, '2026-01-10 03:33:28', '2026-01-10 03:33:28'),
(210, 'App\\Models\\User', 25, 'auth_token', '2ba0bb2f9957565f765eef2bf08116cdf1cc91c8fa809709ae95fd5a46f967ea', '[\"*\"]', NULL, NULL, '2026-01-10 03:33:43', '2026-01-10 03:33:43'),
(211, 'App\\Models\\User', 25, 'auth_token', 'b41d459e654ef52616f6d25400ef403a8f9e4b11df027ea71333fc64ed137aad', '[\"*\"]', '2026-01-10 03:42:37', NULL, '2026-01-10 03:33:52', '2026-01-10 03:42:37'),
(212, 'App\\Models\\User', 1, 'auth_token', '99e2f09c4bd3cb577615ef04c5dc62f1f9b7dff9b4af386e7944c14b4aa0f788', '[\"*\"]', '2026-01-10 04:20:51', NULL, '2026-01-10 03:46:50', '2026-01-10 04:20:51'),
(213, 'App\\Models\\User', 12, 'auth_token', '8c6112f94bcb2e4f2bdc448d0dc3a6cd3298b3a3a97552d413a4bede0e1f6221', '[\"*\"]', '2026-01-10 05:42:26', NULL, '2026-01-10 04:28:38', '2026-01-10 05:42:26'),
(214, 'App\\Models\\User', 1, 'auth_token', '68b83d1807f101bb35096cdfa917a793f1e137707a478eb7d0673b6df0542cd5', '[\"*\"]', '2026-01-10 05:04:26', NULL, '2026-01-10 05:04:24', '2026-01-10 05:04:26'),
(215, 'App\\Models\\User', 12, 'auth_token', '2c651465a2e2ca414061072d76e9c4aded1576253e45ea57dcc0486188144950', '[\"*\"]', '2026-01-10 22:52:41', NULL, '2026-01-10 21:19:04', '2026-01-10 22:52:41'),
(216, 'App\\Models\\User', 1, 'auth_token', '1ad6cc63f723c423c20357e14612515715d1fe833e8da0e52c486e5602e11c5d', '[\"*\"]', '2026-01-10 23:10:31', NULL, '2026-01-10 21:31:20', '2026-01-10 23:10:31'),
(217, 'App\\Models\\User', 12, 'auth_token', '2f184d2ca8198ff5021b1e19892b8642d0f96a410a49ebc01168c04b6a0df5a9', '[\"*\"]', '2026-01-10 22:57:56', NULL, '2026-01-10 22:54:23', '2026-01-10 22:57:56'),
(218, 'App\\Models\\User', 12, 'auth_token', '7412633ee3eec5a0e9aac908da7152e9a63eb913526c28b568838dfd84dda52e', '[\"*\"]', '2026-01-10 22:58:49', NULL, '2026-01-10 22:58:25', '2026-01-10 22:58:49'),
(219, 'App\\Models\\User', 1, 'auth_token', 'f53a1f7dd543918eaf00c71e9060a1fed472b52977dcb45e8fb13154c803ba88', '[\"*\"]', '2026-01-10 22:59:35', NULL, '2026-01-10 22:59:18', '2026-01-10 22:59:35'),
(220, 'App\\Models\\User', 12, 'auth_token', 'cea8262bcc181cfb10ddf5817027789d9257f38f55ae74fc30cfa33d587f0782', '[\"*\"]', '2026-01-10 23:00:24', NULL, '2026-01-10 22:59:53', '2026-01-10 23:00:24'),
(221, 'App\\Models\\User', 1, 'auth_token', 'a036bb184214a60b45519ed20ee7a3b1aacb8fe942c0073333e6a0183f65f6f4', '[\"*\"]', '2026-01-10 23:45:51', NULL, '2026-01-10 23:00:59', '2026-01-10 23:45:51'),
(222, 'App\\Models\\User', 26, 'auth_token', '4b54e40c3892da5f0e0ba9326f8e6ddc083238d349c56bd1115466a4dd7f954f', '[\"*\"]', NULL, NULL, '2026-01-10 23:11:56', '2026-01-10 23:11:56'),
(223, 'App\\Models\\User', 26, 'auth_token', '1f792794a5da7daa90f33b331ffc8725ae6c4e37a0d1444c97567fac695c8134', '[\"*\"]', NULL, NULL, '2026-01-10 23:13:32', '2026-01-10 23:13:32'),
(224, 'App\\Models\\User', 26, 'auth_token', '5fee3051daa4088ec46006adbcfab91258850021854f7d7b92a07be55d1de5d4', '[\"*\"]', '2026-01-10 23:14:03', NULL, '2026-01-10 23:13:56', '2026-01-10 23:14:03'),
(225, 'App\\Models\\User', 1, 'auth_token', '6c5c715b07b822d52bb5b267f926cdf272e8e15848a3bc5c77112e4f44a1a6c1', '[\"*\"]', '2026-01-10 23:59:18', NULL, '2026-01-10 23:21:09', '2026-01-10 23:59:18'),
(226, 'App\\Models\\User', 12, 'auth_token', 'd030b0ebc28feb8e2c9d7257108cf676e0e59c4cc92f85adcd446a628eab282b', '[\"*\"]', '2026-01-10 23:49:55', NULL, '2026-01-10 23:46:00', '2026-01-10 23:49:55'),
(227, 'App\\Models\\User', 1, 'auth_token', 'bc203eae026c3bfcbdf4050017a6ece6ab557af580aa6c4395b6ee61a1bdc0fd', '[\"*\"]', '2026-01-11 00:28:39', NULL, '2026-01-10 23:52:02', '2026-01-11 00:28:39'),
(228, 'App\\Models\\User', 12, 'auth_token', 'a9b5fb9832c585da5470b9ff6b32cf6feb9e77443eb87faeb93f7a7ca3a37dff', '[\"*\"]', '2026-01-11 00:00:37', NULL, '2026-01-10 23:59:57', '2026-01-11 00:00:37'),
(229, 'App\\Models\\User', 26, 'auth_token', '682eb1788beabc29afcf02aabd9e5e66c196c1cd3bec545a17946f3ae6a53d79', '[\"*\"]', '2026-01-11 00:01:35', NULL, '2026-01-11 00:01:02', '2026-01-11 00:01:35'),
(230, 'App\\Models\\User', 1, 'auth_token', 'b25e4bf35956b161d203eb3de907bcb4a214837b98eb27c1ab7bc154041c107f', '[\"*\"]', '2026-01-11 00:06:51', NULL, '2026-01-11 00:02:45', '2026-01-11 00:06:51'),
(231, 'App\\Models\\User', 26, 'auth_token', '2f48a31d4903b1cf338305952565c39ce69f1b0ef5e48ae3364360c6582a053c', '[\"*\"]', NULL, NULL, '2026-01-11 00:07:10', '2026-01-11 00:07:10'),
(232, 'App\\Models\\User', 26, 'auth_token', '2daadd1d7e686435321d43ac510f23954fb4b4d62b6b52796432d19dfcc06314', '[\"*\"]', '2026-01-11 00:07:54', NULL, '2026-01-11 00:07:24', '2026-01-11 00:07:54'),
(233, 'App\\Models\\User', 1, 'auth_token', '084300f685867beb3ea6dc010a5aa6f6db40a13ae3aa8b0cabccdc6100b30a09', '[\"*\"]', '2026-01-11 00:20:32', NULL, '2026-01-11 00:09:03', '2026-01-11 00:20:32'),
(234, 'App\\Models\\User', 26, 'auth_token', '0bfdc584f09a21bf317ffa146be7fbbf3ce83e6a3589ac459379b11b2734e6e7', '[\"*\"]', NULL, NULL, '2026-01-11 00:21:01', '2026-01-11 00:21:01'),
(235, 'App\\Models\\User', 26, 'auth_token', 'cfb1bdeb8ca92e8263d5fba2c268cdc0b13c9a85daa9f08cbc193ef41d1b85ff', '[\"*\"]', '2026-01-11 00:22:34', NULL, '2026-01-11 00:21:48', '2026-01-11 00:22:34'),
(236, 'App\\Models\\User', 12, 'auth_token', 'ff7dffd793a305612fd19e64f764e0c126aae353be27b2721d39388f4b73f15a', '[\"*\"]', '2026-01-11 00:47:53', NULL, '2026-01-11 00:39:04', '2026-01-11 00:47:53'),
(237, 'App\\Models\\User', 1, 'auth_token', '8f11383263274acb0b75c10663ea1624b6b076056a2381f2ba44daea35f1cf59', '[\"*\"]', '2026-01-11 02:05:20', NULL, '2026-01-11 00:49:22', '2026-01-11 02:05:20'),
(238, 'App\\Models\\User', 12, 'auth_token', 'd3131a1bf03e92c5f26955b035d91d2243df80ccd317a74cf0881660446c7d9e', '[\"*\"]', '2026-01-11 02:13:46', NULL, '2026-01-11 02:08:26', '2026-01-11 02:13:46'),
(239, 'App\\Models\\User', 1, 'auth_token', 'd7947d93b5c315ab9ce82582da91041825b3374c2def46a752dab945ac9c4824', '[\"*\"]', '2026-01-11 02:31:28', NULL, '2026-01-11 02:13:57', '2026-01-11 02:31:28'),
(240, 'App\\Models\\User', 12, 'auth_token', 'a49dc9035d8a3d98ab39b08a61f57f9aa9a8c4bd321a1173fef93f9d8d3daf95', '[\"*\"]', '2026-01-11 03:14:25', NULL, '2026-01-11 02:33:22', '2026-01-11 03:14:25'),
(241, 'App\\Models\\User', 1, 'auth_token', 'edbdf8c039e935c83734fae15c0189af81997ea072316c06391aef4edeaf4c13', '[\"*\"]', '2026-01-11 03:02:30', NULL, '2026-01-11 02:59:13', '2026-01-11 03:02:30'),
(242, 'App\\Models\\User', 1, 'auth_token', 'cedefe196bd5500281915d57dcef6116da80775a3cf0f159d458b1cdbf4edb16', '[\"*\"]', '2026-01-11 03:26:40', NULL, '2026-01-11 03:25:48', '2026-01-11 03:26:40'),
(243, 'App\\Models\\User', 1, 'auth_token', '230df45b095f252de8d3f9e7ce69167c579109da9f7c8c8882b8023d318f60d8', '[\"*\"]', '2026-01-11 04:00:01', NULL, '2026-01-11 03:28:24', '2026-01-11 04:00:01'),
(244, 'App\\Models\\User', 12, 'auth_token', '07983ecebc4bb7583f668faa67d936c38ea1784b0cf37161cb5bf5c5bcaad2e4', '[\"*\"]', '2026-01-11 04:00:41', NULL, '2026-01-11 04:00:40', '2026-01-11 04:00:41'),
(245, 'App\\Models\\User', 1, 'auth_token', 'e2ba8eed5c61e9d61f02abc8747c57a5cc4f5d20af71c7f2f9f6a0f0667d37d7', '[\"*\"]', '2026-01-11 04:08:35', NULL, '2026-01-11 04:01:22', '2026-01-11 04:08:35'),
(246, 'App\\Models\\User', 12, 'auth_token', 'a8b252136856c6d57d2524098988d38f1e536d4009d380a59b19142eb593d4ad', '[\"*\"]', '2026-01-11 04:21:16', NULL, '2026-01-11 04:21:16', '2026-01-11 04:21:16'),
(247, 'App\\Models\\User', 1, 'auth_token', 'ea608232f0885520c420a0801cea92be2b35de66ed304d1d2b102ee0ce8a3611', '[\"*\"]', '2026-01-11 04:28:44', NULL, '2026-01-11 04:21:51', '2026-01-11 04:28:44'),
(248, 'App\\Models\\User', 12, 'auth_token', '848e72f756a366afd4b425657f527dc9cbda8bd4a29259410751aa313fa9782d', '[\"*\"]', '2026-01-11 05:35:34', NULL, '2026-01-11 05:02:11', '2026-01-11 05:35:34'),
(249, 'App\\Models\\User', 1, 'auth_token', '03925769e1356d7f4061ec5ba40231868cbac77dc324b6bbfd47ae694cc0a300', '[\"*\"]', '2026-01-11 06:08:45', NULL, '2026-01-11 05:07:35', '2026-01-11 06:08:45'),
(250, 'App\\Models\\User', 1, 'auth_token', '91190c65b366c1e8afd2e09338b81b28d4caa269c0c520d21917ffab638fb88d', '[\"*\"]', '2026-01-11 06:08:48', NULL, '2026-01-11 05:36:20', '2026-01-11 06:08:48'),
(251, 'App\\Models\\User', 12, 'auth_token', '82199a507b224f0a7e03de9ecb72c7ede6f1dd5ffce101ba4773703d277c349c', '[\"*\"]', '2026-01-11 22:24:23', NULL, '2026-01-11 22:23:49', '2026-01-11 22:24:23'),
(252, 'App\\Models\\User', 12, 'auth_token', '9d797f4cf749f83941951e1db79345d8bf9a2ebe52f34d9509e59efbb8c16716', '[\"*\"]', '2026-01-11 22:36:22', NULL, '2026-01-11 22:28:22', '2026-01-11 22:36:22'),
(253, 'App\\Models\\User', 12, 'auth_token', '13aacc7183ee8773799b0107011d77eff5cda734ece1ce4e915538382484999b', '[\"*\"]', '2026-01-11 22:59:04', NULL, '2026-01-11 22:47:24', '2026-01-11 22:59:04'),
(254, 'App\\Models\\User', 1, 'auth_token', '776e0290734ca2ffd2f57dd1c608853bf0d8779c25786f2547100371ca9611db', '[\"*\"]', '2026-01-11 23:09:13', NULL, '2026-01-11 23:07:12', '2026-01-11 23:09:13'),
(255, 'App\\Models\\User', 1, 'auth_token', '674fad9ac44507abdd77259cb9c01e03760b7cfa3409963d7fc284fba253472d', '[\"*\"]', '2026-01-11 23:12:14', NULL, '2026-01-11 23:11:12', '2026-01-11 23:12:14'),
(256, 'App\\Models\\User', 12, 'auth_token', '51899ec8dbb4fcc2db903855ed07107bae85bb04bd96843a3972119553f46334', '[\"*\"]', '2026-01-12 02:29:11', NULL, '2026-01-11 23:48:43', '2026-01-12 02:29:11');
INSERT INTO `personal_access_tokens` (`id`, `tokenable_type`, `tokenable_id`, `name`, `token`, `abilities`, `last_used_at`, `expires_at`, `created_at`, `updated_at`) VALUES
(257, 'App\\Models\\User', 12, 'auth_token', 'dbb096f348073232b65a1af1e2557c1279a8bb273b94a27e9538c0f1f50a2c05', '[\"*\"]', '2026-01-12 02:31:14', NULL, '2026-01-12 02:29:39', '2026-01-12 02:31:14'),
(258, 'App\\Models\\User', 12, 'auth_token', '22a5c3dd782409921e612d9f28bb65d8052dc0002845c1a72a2d71f64305f2ce', '[\"*\"]', '2026-01-12 02:34:33', NULL, '2026-01-12 02:32:16', '2026-01-12 02:34:33'),
(259, 'App\\Models\\User', 12, 'auth_token', '4a68ba2263005dbadcc7e283f4b9c30f065709747037c78a677116b604cacb0e', '[\"*\"]', '2026-01-12 02:52:31', NULL, '2026-01-12 02:49:08', '2026-01-12 02:52:31'),
(260, 'App\\Models\\User', 12, 'auth_token', '783f83f9a146a07a6934d9a1ff5229810db6da560d8a28372fd22b3b611d2d4d', '[\"*\"]', '2026-01-12 02:56:33', NULL, '2026-01-12 02:55:56', '2026-01-12 02:56:33'),
(261, 'App\\Models\\User', 12, 'auth_token', 'f438bdfbb1077b55cec91e2606c533a44d28e3b50550449362e6c3e32c1fca6e', '[\"*\"]', '2026-01-12 02:59:53', NULL, '2026-01-12 02:59:51', '2026-01-12 02:59:53'),
(262, 'App\\Models\\User', 12, 'auth_token', '055cdcf7767c306d3d6280eb9330950fa6d52f7b61f6ea7f0c94e3f855583abe', '[\"*\"]', '2026-01-12 03:03:18', NULL, '2026-01-12 03:03:17', '2026-01-12 03:03:18'),
(263, 'App\\Models\\User', 12, 'auth_token', '5cf3ba189c98d0e8673c0a12ab860df0315b50a2970b4af692505de340a9e4b5', '[\"*\"]', '2026-01-12 03:52:31', NULL, '2026-01-12 03:10:59', '2026-01-12 03:52:31'),
(264, 'App\\Models\\User', 1, 'auth_token', '89b548890fc6b78388d4b5d40d30f2590faa8326da421790aa1be5d84bb6a3cf', '[\"*\"]', '2026-01-12 03:57:50', NULL, '2026-01-12 03:56:30', '2026-01-12 03:57:50'),
(265, 'App\\Models\\User', 12, 'auth_token', '7248ad74fc1eb90769ff2ce14f7ce9e9a85a033340269d1ba68cf9c77be302de', '[\"*\"]', '2026-01-12 04:27:03', NULL, '2026-01-12 03:58:13', '2026-01-12 04:27:03'),
(266, 'App\\Models\\User', 12, 'auth_token', '87f5feedde8a56b3451765f50a256df83e769627c8b3cd8701a30456acc9181b', '[\"*\"]', '2026-01-12 04:49:38', NULL, '2026-01-12 04:27:37', '2026-01-12 04:49:38'),
(267, 'App\\Models\\User', 1, 'auth_token', 'f2a861d5269922012000093d82f117e47f115f796fed0cb41c79dc985be76119', '[\"*\"]', '2026-01-12 04:51:28', NULL, '2026-01-12 04:50:09', '2026-01-12 04:51:28'),
(268, 'App\\Models\\User', 12, 'auth_token', '64c21ccab8adcb70fdc1d3dc9248954b1e88388dd4612740fa5af4076e067bcf', '[\"*\"]', '2026-01-12 04:55:52', NULL, '2026-01-12 04:51:50', '2026-01-12 04:55:52'),
(269, 'App\\Models\\User', 12, 'auth_token', '0571c88f5ff58850a1143f6fe0edf324ed183cbc748d156e48c05c73ef20e2d8', '[\"*\"]', '2026-01-12 04:59:00', NULL, '2026-01-12 04:58:14', '2026-01-12 04:59:00'),
(270, 'App\\Models\\User', 12, 'auth_token', 'cd37e4cae30b6290b5749688e5d3778cb791f9cc7830e32a7d4c8ef64c8cd7de', '[\"*\"]', '2026-01-12 05:00:55', NULL, '2026-01-12 05:00:24', '2026-01-12 05:00:55'),
(271, 'App\\Models\\User', 12, 'auth_token', '615d9f96fdd280afefdb95911ae0492700b1cdef19bd24efdaa1de955a34abff', '[\"*\"]', '2026-01-12 05:13:50', NULL, '2026-01-12 05:03:00', '2026-01-12 05:13:50'),
(272, 'App\\Models\\User', 12, 'auth_token', 'c5812c83d9dc3ccd548c53dfed21e39d6cddafea29dd3314910afe17e17c0502', '[\"*\"]', '2026-01-12 05:15:09', NULL, '2026-01-12 05:14:15', '2026-01-12 05:15:09'),
(273, 'App\\Models\\User', 12, 'auth_token', '194d55ae8517a09600e65750521c76d878aa6a226728beb96b8589a40b145bda', '[\"*\"]', '2026-01-12 05:18:45', NULL, '2026-01-12 05:15:46', '2026-01-12 05:18:45'),
(274, 'App\\Models\\User', 12, 'auth_token', '939effab5c41003bb891bcca0acac4d7b6e020050e246e3310c6cf45bdf9cf3d', '[\"*\"]', '2026-01-12 05:28:46', NULL, '2026-01-12 05:19:53', '2026-01-12 05:28:46'),
(275, 'App\\Models\\User', 12, 'auth_token', '4ebef46f6f28339071dc603d730abcb6b07e496b6d46ee535d322002964bb789', '[\"*\"]', '2026-01-12 05:36:43', NULL, '2026-01-12 05:30:29', '2026-01-12 05:36:43'),
(276, 'App\\Models\\User', 12, 'auth_token', '702a00ff7343a702fa1064be125e5fd2910e80630b0d33182acc47287438403a', '[\"*\"]', '2026-01-12 05:41:52', NULL, '2026-01-12 05:37:01', '2026-01-12 05:41:52'),
(277, 'App\\Models\\User', 12, 'auth_token', '7f823786b116df44d6ca5c78c0a4ac3278301a4787ea3548374a85f536d40679', '[\"*\"]', '2026-01-12 05:46:51', NULL, '2026-01-12 05:42:37', '2026-01-12 05:46:51'),
(278, 'App\\Models\\User', 12, 'auth_token', '7854e67e4e1fd918d32478cffb8a9146a345eae8c1781cbf3039d6d56811b92f', '[\"*\"]', '2026-01-12 05:55:17', NULL, '2026-01-12 05:48:57', '2026-01-12 05:55:17'),
(279, 'App\\Models\\User', 12, 'auth_token', 'c261c52137385ff85351df4a94f1044b3001ba51cc205eb4efeaa741a743b358', '[\"*\"]', '2026-01-12 06:18:04', NULL, '2026-01-12 05:55:53', '2026-01-12 06:18:04'),
(280, 'App\\Models\\User', 12, 'auth_token', '6c8e3efc9354fa908550afb5f9e3e2771f5d9a7a1c66a26a7821712b07771718', '[\"*\"]', '2026-01-12 21:48:00', NULL, '2026-01-12 21:23:02', '2026-01-12 21:48:00'),
(281, 'App\\Models\\User', 12, 'auth_token', 'd906212860274707f2f5759932cb89fbf3bd214263ba30c2ec7ed56de8b003fa', '[\"*\"]', '2026-01-12 21:54:25', NULL, '2026-01-12 21:48:06', '2026-01-12 21:54:25'),
(282, 'App\\Models\\User', 12, 'auth_token', '6bf3769ac710eff3d945f70f8e027658836bbfb19179ef6e18c4c75519c800cf', '[\"*\"]', '2026-01-12 23:13:45', NULL, '2026-01-12 21:54:48', '2026-01-12 23:13:45'),
(283, 'App\\Models\\User', 12, 'auth_token', 'a7d222b6fc7ab4c04167fc320b691dd66bdb6f328bfb4931abf2e478d9432827', '[\"*\"]', '2026-01-12 23:27:01', NULL, '2026-01-12 23:26:07', '2026-01-12 23:27:01'),
(284, 'App\\Models\\User', 12, 'auth_token', '19bc659cc7a034e38d6de6c618eceb734b9d923e41aefa198147f0d5b93ecb35', '[\"*\"]', '2026-01-12 23:28:32', NULL, '2026-01-12 23:27:29', '2026-01-12 23:28:32'),
(285, 'App\\Models\\User', 12, 'auth_token', 'f480eda296bfd0e8ac55c7f70882f819884d737bd18f47472d830609db38dd42', '[\"*\"]', '2026-01-12 23:29:34', NULL, '2026-01-12 23:29:09', '2026-01-12 23:29:34'),
(286, 'App\\Models\\User', 12, 'auth_token', '1162bf27494fa19b51958d3b3d1aa292b582cce49ed96fe8ef370baecd41dd99', '[\"*\"]', '2026-01-12 23:33:24', NULL, '2026-01-12 23:32:44', '2026-01-12 23:33:24'),
(287, 'App\\Models\\User', 12, 'auth_token', '90741cc084b5230314b79343abbf6398066265aef8f446e6e7e7d3fa773f499d', '[\"*\"]', '2026-01-12 23:46:07', NULL, '2026-01-12 23:34:02', '2026-01-12 23:46:07'),
(288, 'App\\Models\\User', 12, 'auth_token', '92c2481bb078e14559ac5cac98d98c453e8e703c89018661580472f705fb739e', '[\"*\"]', '2026-01-13 00:45:11', NULL, '2026-01-12 23:48:08', '2026-01-13 00:45:11'),
(289, 'App\\Models\\User', 12, 'auth_token', 'd0ea6e4c699af34c2b129d37404e9670ec1115bc939a9541b8b23bc8fabc522a', '[\"*\"]', '2026-01-13 01:00:39', NULL, '2026-01-13 00:46:00', '2026-01-13 01:00:39'),
(290, 'App\\Models\\User', 12, 'auth_token', '78d487ce61fbf38b309832a96776cc3cc3f6a8eb67da0830e16c1aacf2cc1a99', '[\"*\"]', '2026-01-13 02:17:41', NULL, '2026-01-13 01:03:49', '2026-01-13 02:17:41'),
(291, 'App\\Models\\User', 12, 'auth_token', 'f99376c550abe89cb73e244c2b00761191e5eb5cdaddf3c17e95018e03395e02', '[\"*\"]', '2026-01-13 02:18:59', NULL, '2026-01-13 02:18:37', '2026-01-13 02:18:59'),
(292, 'App\\Models\\User', 12, 'auth_token', '63e1e495cfac3e51359f699582dc0d84b5256ed054ee53b5b2043e2b1509dde9', '[\"*\"]', '2026-01-13 02:22:52', NULL, '2026-01-13 02:20:35', '2026-01-13 02:22:52'),
(293, 'App\\Models\\User', 12, 'auth_token', 'f5d4023f06f1a81200a0cd933ae1ddc8a1723d2bc99b5dfb25c831c2da9b5381', '[\"*\"]', '2026-01-13 02:35:29', NULL, '2026-01-13 02:25:48', '2026-01-13 02:35:29'),
(294, 'App\\Models\\User', 12, 'auth_token', '7ff778f0053c3b65275c15305573415a7f215e543143c6147a09c11daf489bf1', '[\"*\"]', '2026-01-13 02:40:50', NULL, '2026-01-13 02:40:12', '2026-01-13 02:40:50'),
(295, 'App\\Models\\User', 12, 'auth_token', '0d5a0738ecea7629940eab167bc694cf398b60254d216f7ba38497420f69b3ac', '[\"*\"]', '2026-01-13 03:45:25', NULL, '2026-01-13 02:41:28', '2026-01-13 03:45:25'),
(296, 'App\\Models\\User', 23, 'auth_token', 'd91e37c23873cad4036d0d2e986b1a081f4cc41d8434497f74a379e578311105', '[\"*\"]', '2026-01-15 05:49:18', NULL, '2026-01-13 02:54:00', '2026-01-15 05:49:18'),
(297, 'App\\Models\\User', 1, 'auth_token', 'bcc7e33c06b78cdb5ec9afb3e343d95f3e4abb199d9d7e13ee0464fa4a98adcc', '[\"*\"]', '2026-01-13 05:12:34', NULL, '2026-01-13 03:47:20', '2026-01-13 05:12:34'),
(298, 'App\\Models\\User', 1, 'auth_token', '3f5efbaad2d69fdd9f95b3508739875b1a3764683f27062793050f5cf21880fc', '[\"*\"]', '2026-01-13 05:32:57', NULL, '2026-01-13 05:22:04', '2026-01-13 05:32:57'),
(299, 'App\\Models\\User', 27, 'auth_token', 'bd656a18dbf19f9ee32f696bebeaa0a6c171a7ed5cc0e91284a154def6db5380', '[\"*\"]', NULL, NULL, '2026-01-13 05:37:08', '2026-01-13 05:37:08'),
(300, 'App\\Models\\User', 27, 'auth_token', 'd978c710e876ec82f105d80b54b76cae27c31fa036b81aa9e0900f0e80322704', '[\"*\"]', NULL, NULL, '2026-01-13 05:37:49', '2026-01-13 05:37:49'),
(301, 'App\\Models\\User', 27, 'auth_token', '6cb02469d3ccf598176e4343e88f82898249c51cdfa59f503c6a4bc0e2c67e0a', '[\"*\"]', '2026-01-13 05:41:37', NULL, '2026-01-13 05:38:04', '2026-01-13 05:41:37'),
(302, 'App\\Models\\User', 1, 'auth_token', '1e26b4bd9342d1fb3164f61ceb98227c81e0220f85175a9584615608783172ed', '[\"*\"]', '2026-01-13 06:23:57', NULL, '2026-01-13 05:42:19', '2026-01-13 06:23:57'),
(303, 'App\\Models\\User', 12, 'auth_token', '0d2f95bbe487f3c8a6a4601d817f010ded4f78e2b3f40d7d60da9caf2c4bdc0e', '[\"*\"]', '2026-01-13 06:28:26', NULL, '2026-01-13 06:28:25', '2026-01-13 06:28:26'),
(304, 'App\\Models\\User', 1, 'auth_token', '5fa5b41389f4d0bfce7654c4ad83b866fa317bb12fadef7bd574100bbe530b75', '[\"*\"]', '2026-01-13 06:31:07', NULL, '2026-01-13 06:29:10', '2026-01-13 06:31:07'),
(305, 'App\\Models\\User', 12, 'auth_token', '1fae6d93bbdd712f67303c05c15ee8d3298ccee8045dc1c9f1bcf51d81560d6f', '[\"*\"]', '2026-01-13 06:32:49', NULL, '2026-01-13 06:32:15', '2026-01-13 06:32:49'),
(306, 'App\\Models\\User', 1, 'auth_token', '341c2e90550651c5c8955ade6f672f1e148638b6ee2a31b857b65862b0c65071', '[\"*\"]', '2026-01-13 06:34:02', NULL, '2026-01-13 06:32:57', '2026-01-13 06:34:02'),
(307, 'App\\Models\\User', 12, 'auth_token', 'f8a4abbe5674705b49728d8a3742cd71defa6d7bb3db2240740b446947140f24', '[\"*\"]', '2026-01-13 06:37:31', NULL, '2026-01-13 06:34:18', '2026-01-13 06:37:31'),
(308, 'App\\Models\\User', 1, 'auth_token', '8cd0e4639e132db517b14d012a84846297c1851493b28150f5ec5d627494ec8c', '[\"*\"]', '2026-01-13 07:12:34', NULL, '2026-01-13 06:45:24', '2026-01-13 07:12:34'),
(309, 'App\\Models\\User', 1, 'auth_token', '57e5fe12e0777d40faf30c672e172fc877f1d74b8894afa96dde527f2c8475d7', '[\"*\"]', '2026-01-13 23:56:21', NULL, '2026-01-13 21:25:58', '2026-01-13 23:56:21'),
(310, 'App\\Models\\User', 12, 'auth_token', 'ec9df9cd5f42c3542b6d2cf700e068b18a0c76cd9f474b331fc3663ea8fb79bf', '[\"*\"]', '2026-01-13 23:58:11', NULL, '2026-01-13 23:56:44', '2026-01-13 23:58:11'),
(311, 'App\\Models\\User', 12, 'auth_token', 'fced83ef926662547491d7189adc61ec1b73bcda910ee4880445d66866ee916d', '[\"*\"]', '2026-01-14 00:01:11', NULL, '2026-01-14 00:01:10', '2026-01-14 00:01:11'),
(312, 'App\\Models\\User', 1, 'auth_token', 'c70c6fb1c3b23c72788ff07d928adf27eb178ea39c3be7671f888f5de7b760db', '[\"*\"]', '2026-01-14 00:01:36', NULL, '2026-01-14 00:01:31', '2026-01-14 00:01:36'),
(313, 'App\\Models\\User', 12, 'auth_token', 'f0e3031dcf8ea7f4ebbe1b50b36f76b1e393155506d9964a1d96849a9636d54b', '[\"*\"]', '2026-01-14 00:31:11', NULL, '2026-01-14 00:02:12', '2026-01-14 00:31:11'),
(314, 'App\\Models\\User', 1, 'auth_token', '1e06ce204e55e2fe8605ac68596d51bd5c01412958bb026781da1e08c7002cc6', '[\"*\"]', '2026-01-14 00:32:38', NULL, '2026-01-14 00:31:21', '2026-01-14 00:32:38'),
(315, 'App\\Models\\User', 12, 'auth_token', 'a86022b0d2bced5d8b51fd598cbb4e0eb1f734ae07652393179f6eb56b7cc49a', '[\"*\"]', '2026-01-14 00:41:57', NULL, '2026-01-14 00:32:56', '2026-01-14 00:41:57'),
(316, 'App\\Models\\User', 12, 'auth_token', '2c1986d735b389e1a4dca16abe446e8c18952eddc967689927251aeb27607f51', '[\"*\"]', '2026-01-14 02:24:51', NULL, '2026-01-14 02:24:50', '2026-01-14 02:24:51'),
(317, 'App\\Models\\User', 12, 'auth_token', 'ae6e39d759b8643c7bf4b1ac78e0089db9896994706b025f88007216dea85580', '[\"*\"]', '2026-01-14 02:58:17', NULL, '2026-01-14 02:58:16', '2026-01-14 02:58:17'),
(318, 'App\\Models\\User', 1, 'auth_token', 'c07f3b1b8cf24253140279b69ce1ddbcf8d3573fcb79dbf3ebdfe94ad9353726', '[\"*\"]', '2026-01-14 03:04:45', NULL, '2026-01-14 03:04:41', '2026-01-14 03:04:45'),
(319, 'App\\Models\\User', 12, 'auth_token', 'c358bb8077f9784407ce30287bb5a0338e668fc2d3a7bc6b208d3d0404497c38', '[\"*\"]', '2026-01-14 03:27:43', NULL, '2026-01-14 03:05:03', '2026-01-14 03:27:43'),
(320, 'App\\Models\\User', 12, 'auth_token', 'db8a22c694b9ba99a03bc9076832fd4222d0fe9a00163745a60eff9a1f300884', '[\"*\"]', '2026-01-14 03:28:37', NULL, '2026-01-14 03:28:10', '2026-01-14 03:28:37'),
(321, 'App\\Models\\User', 12, 'auth_token', '959a3246fa34c7d0e6c1342cd0b6c0193cd08edfff2612713c881a322d5a7908', '[\"*\"]', '2026-01-14 03:49:24', NULL, '2026-01-14 03:29:52', '2026-01-14 03:49:24'),
(322, 'App\\Models\\User', 12, 'auth_token', '555cb769fd466c5375efe8e5d40a9dd63ef900b79b259b27e72f130843549ada', '[\"*\"]', '2026-01-14 03:57:01', NULL, '2026-01-14 03:53:43', '2026-01-14 03:57:01'),
(323, 'App\\Models\\User', 12, 'auth_token', '4f09d98fd5785d9de9f2568ee6b6b4b7e324aaf62d48cbd20e03f368f7c73760', '[\"*\"]', '2026-01-14 04:31:05', NULL, '2026-01-14 04:09:32', '2026-01-14 04:31:05'),
(324, 'App\\Models\\User', 1, 'auth_token', '67e5d1f67702858285ed58286993ff8309b37fb1f03b40f399208d6449c6040b', '[\"*\"]', '2026-01-14 04:48:19', NULL, '2026-01-14 04:29:57', '2026-01-14 04:48:19'),
(325, 'App\\Models\\User', 12, 'auth_token', '88e3e3111a0e8a577536866ff054793c8c7288ba6348b69c356bec6a7a964e37', '[\"*\"]', '2026-01-14 04:46:41', NULL, '2026-01-14 04:31:13', '2026-01-14 04:46:41'),
(326, 'App\\Models\\User', 1, 'auth_token', 'c253ddf1127c76ddcffb3a9472a081d75ab18b9eacf9242d64dc17a831f11d42', '[\"*\"]', '2026-01-14 04:50:40', NULL, '2026-01-14 04:48:48', '2026-01-14 04:50:40'),
(327, 'App\\Models\\User', 12, 'auth_token', '7e3e1ee7c39f9a3b832b8cc76f9a1936b1195eea194bc194285f2ba01067621b', '[\"*\"]', '2026-01-14 04:54:42', NULL, '2026-01-14 04:50:48', '2026-01-14 04:54:42'),
(328, 'App\\Models\\User', 1, 'auth_token', '01e9ea2240173b3190fde33edc979d87702a629aa5f033bfde33164dd144bcf3', '[\"*\"]', '2026-01-14 04:58:12', NULL, '2026-01-14 04:55:58', '2026-01-14 04:58:12'),
(329, 'App\\Models\\User', 12, 'auth_token', '039ba0e2b73265196d091eca1e425080e3778636778e7afcf22ba806b386db39', '[\"*\"]', '2026-01-14 05:05:36', NULL, '2026-01-14 04:58:34', '2026-01-14 05:05:36'),
(330, 'App\\Models\\User', 12, 'auth_token', '7bc9a906ee98186c2941464a3e0daacc95e17b018e32afcc9833ae54b0b7cdde', '[\"*\"]', '2026-01-14 05:49:03', NULL, '2026-01-14 05:06:16', '2026-01-14 05:49:03'),
(331, 'App\\Models\\User', 1, 'auth_token', 'e16c3edf0d8845ef57a45f8dfcf42dc74a651a02ef8a36ce86554c1604569c9d', '[\"*\"]', '2026-01-14 05:49:43', NULL, '2026-01-14 05:49:41', '2026-01-14 05:49:43'),
(332, 'App\\Models\\User', 12, 'auth_token', '8fc607950a8351b169afaeaf2bf192d3449636cd77c3d46f9d30a42b308981f0', '[\"*\"]', '2026-01-14 07:07:20', NULL, '2026-01-14 05:54:22', '2026-01-14 07:07:20'),
(333, 'App\\Models\\User', 12, 'auth_token', '739b994f94591604a51401cbaeb169d91c8243bf09f1285d0324aeefbd826b1e', '[\"*\"]', '2026-01-14 07:30:23', NULL, '2026-01-14 07:08:07', '2026-01-14 07:30:23'),
(334, 'App\\Models\\User', 12, 'auth_token', '793582a4e26a4d9f073440e0f0010c76ceb7fceedc5a61bedea3300d9461cbec', '[\"*\"]', '2026-01-14 07:35:36', NULL, '2026-01-14 07:31:42', '2026-01-14 07:35:36'),
(335, 'App\\Models\\User', 12, 'auth_token', '287394baac78dd9177ca32d14493a3e2853671f54629c782984dc9da028839cc', '[\"*\"]', '2026-01-14 07:40:48', NULL, '2026-01-14 07:36:18', '2026-01-14 07:40:48'),
(336, 'App\\Models\\User', 12, 'auth_token', 'd22f754882da37b33e7833b9d06c7da560c9b86d13aad614618a4ab260541e62', '[\"*\"]', '2026-01-14 07:41:25', NULL, '2026-01-14 07:41:23', '2026-01-14 07:41:25'),
(337, 'App\\Models\\User', 12, 'auth_token', '8650048b3d34b0b97ff5bc585a4f4494006a8d1a8839ba9cd92fdd81c0013cc6', '[\"*\"]', '2026-01-14 08:13:06', NULL, '2026-01-14 07:42:59', '2026-01-14 08:13:06'),
(338, 'App\\Models\\User', 1, 'auth_token', '7c3a0089001aecb0cb02e9e9d25e4ed0c1ed28ba618f479376d317601c23bf83', '[\"*\"]', '2026-01-14 21:03:38', NULL, '2026-01-14 21:01:45', '2026-01-14 21:03:38'),
(339, 'App\\Models\\User', 1, 'auth_token', '9cd75ff6f62fa8645816bb3aa02729dd466cebf5f9ae47d4261afda155520028', '[\"*\"]', '2026-01-14 22:04:08', NULL, '2026-01-14 21:55:55', '2026-01-14 22:04:08'),
(340, 'App\\Models\\User', 12, 'auth_token', '86209ce4ca2cba0329c6e6ca4618d45688995c51d433f6b0c7999c311ffd0518', '[\"*\"]', '2026-01-14 22:41:09', NULL, '2026-01-14 22:04:43', '2026-01-14 22:41:09'),
(341, 'App\\Models\\User', 1, 'auth_token', '1673127d957496c3d9ed3be3e939587d27d009d524d2d2073319bfcc908198fd', '[\"*\"]', '2026-01-14 22:57:41', NULL, '2026-01-14 22:27:44', '2026-01-14 22:57:41'),
(342, 'App\\Models\\User', 1, 'auth_token', '82ea17fc361b6a569cce897f8a1d687a88f67529170f9ad69b218144f328b308', '[\"*\"]', '2026-01-14 23:32:51', NULL, '2026-01-14 22:44:50', '2026-01-14 23:32:51'),
(343, 'App\\Models\\User', 28, 'auth_token', '49f98e5adf58b39282690937bd5d8f6fd5718f4fa794c9ec117dbf32862e6d09', '[\"*\"]', NULL, NULL, '2026-01-14 22:59:05', '2026-01-14 22:59:05'),
(344, 'App\\Models\\User', 28, 'auth_token', '1762dad9385a596ed6ecc3747e4756602beeb85d2c9e05c0ef0e85221a758c83', '[\"*\"]', NULL, NULL, '2026-01-14 22:59:29', '2026-01-14 22:59:29'),
(345, 'App\\Models\\User', 28, 'auth_token', '8345d2276c923803f3a33e93119629ee5d62360b9d0860ab2917f35c568f72c2', '[\"*\"]', NULL, NULL, '2026-01-14 22:59:44', '2026-01-14 22:59:44'),
(346, 'App\\Models\\User', 28, 'auth_token', '94d01bd949d0a9bf9725963d00246877d36647abe04ec00975573cd685531ff2', '[\"*\"]', '2026-01-14 23:00:28', NULL, '2026-01-14 23:00:14', '2026-01-14 23:00:28'),
(347, 'App\\Models\\User', 1, 'auth_token', 'c12513f2c29fae02a5cc4e9ae0a0bff13357e91500bbeb6705b1d144234c7dcd', '[\"*\"]', NULL, NULL, '2026-01-14 23:01:17', '2026-01-14 23:01:17'),
(348, 'App\\Models\\User', 1, 'auth_token', '7cc3e46237f84ff9840072e8216dda0942c9c8b05c0c58abf8c5ea0b1c358c8c', '[\"*\"]', '2026-01-14 23:33:36', NULL, '2026-01-14 23:01:23', '2026-01-14 23:33:36'),
(349, 'App\\Models\\User', 1, 'auth_token', '1c1cd407b9b4617af281f9d028eb5ee13224d2774b5ff0a210d6193092afaa68', '[\"*\"]', '2026-01-14 23:34:16', NULL, '2026-01-14 23:34:09', '2026-01-14 23:34:16'),
(350, 'App\\Models\\User', 1, 'auth_token', '93311bc407fad54b2666a879ca4278d59199727c78f54c01726287e50ecbce63', '[\"*\"]', '2026-01-14 23:34:42', NULL, '2026-01-14 23:34:27', '2026-01-14 23:34:42'),
(351, 'App\\Models\\User', 1, 'auth_token', 'a4bf3485a49d9bc80fa23751d8b0d6c458f118fffd52dc3c29cb957de61feb5a', '[\"*\"]', '2026-01-14 23:36:22', NULL, '2026-01-14 23:36:09', '2026-01-14 23:36:22'),
(352, 'App\\Models\\User', 1, 'auth_token', 'c43ead28a7ea2ec2eff85c73140bae5568eed03a676eef3d25460dc9c784bdde', '[\"*\"]', '2026-01-14 23:36:34', NULL, '2026-01-14 23:36:30', '2026-01-14 23:36:34'),
(353, 'App\\Models\\User', 1, 'auth_token', 'fc4b3c3fe28b787edba4547c85644e1d67c907f7d1ad797da7f5f573943e7a37', '[\"*\"]', '2026-01-14 23:36:57', NULL, '2026-01-14 23:36:51', '2026-01-14 23:36:57'),
(354, 'App\\Models\\User', 1, 'auth_token', '6cdb52f711c8e16d43578b720e89fd56c17936d11ab742757e5553b7d4a98d8d', '[\"*\"]', NULL, NULL, '2026-01-14 23:37:12', '2026-01-14 23:37:12'),
(355, 'App\\Models\\User', 28, 'auth_token', '5d62b34e775d0e41288d7edd4e264fe5fd32bfc3e0da935b3af402f30cbd6903', '[\"*\"]', '2026-01-14 23:40:29', NULL, '2026-01-14 23:37:41', '2026-01-14 23:40:29'),
(356, 'App\\Models\\User', 1, 'auth_token', 'd25b7e73ef5e8da726e78a503f97d72f7852bb6cab7380e29852072d4807bbe5', '[\"*\"]', '2026-01-15 00:49:26', NULL, '2026-01-14 23:39:58', '2026-01-15 00:49:26'),
(357, 'App\\Models\\User', 1, 'auth_token', '9195e5c27d508774842b7963cef8d9401c12a666fa1bcb868576b73c6ade20c7', '[\"*\"]', '2026-01-14 23:45:02', NULL, '2026-01-14 23:40:59', '2026-01-14 23:45:02'),
(358, 'App\\Models\\User', 1, 'auth_token', 'a1c6c98d241a046aae833273466b8b077261d6bbccede0717453a02a805821e7', '[\"*\"]', '2026-01-15 00:42:20', NULL, '2026-01-15 00:42:07', '2026-01-15 00:42:20'),
(359, 'App\\Models\\User', 28, 'auth_token', '1c87aaa248c18c32e545aa2f0ebdbd9758ed9f848682002631fc120bf7478204', '[\"*\"]', '2026-01-15 05:43:13', NULL, '2026-01-15 00:42:40', '2026-01-15 05:43:13'),
(360, 'App\\Models\\User', 12, 'auth_token', '01d0c9677fef4c686bd237cac449184a2b91e972486e6e9965f49c99dd706abe', '[\"*\"]', '2026-01-15 00:56:47', NULL, '2026-01-15 00:49:49', '2026-01-15 00:56:47'),
(361, 'App\\Models\\User', 1, 'auth_token', '6c129cb8a4a91c36f2e396195529e42142a7980481e30583bb588522f035ac06', '[\"*\"]', '2026-01-15 02:09:56', NULL, '2026-01-15 00:56:54', '2026-01-15 02:09:56'),
(362, 'App\\Models\\User', 12, 'auth_token', 'ad4cf8d4abdf77d0eb3dd4978b4eb980371e338b76b15f1a7a4a8da53e178b3f', '[\"*\"]', '2026-01-15 00:59:55', NULL, '2026-01-15 00:59:21', '2026-01-15 00:59:55'),
(363, 'App\\Models\\User', 12, 'auth_token', '7af80ffdf41149c99fba49d7960a0e74cfddf5523edda624d8f0648b6bb26640', '[\"*\"]', '2026-01-15 02:11:46', NULL, '2026-01-15 02:11:08', '2026-01-15 02:11:46'),
(364, 'App\\Models\\User', 1, 'auth_token', 'e8caa172aa912a6113ddc1621b2f2d8230e2b57895ec8bd100b8492eda5cc426', '[\"*\"]', '2026-01-15 03:39:27', NULL, '2026-01-15 02:12:01', '2026-01-15 03:39:27'),
(365, 'App\\Models\\User', 12, 'auth_token', '23322ff5d0d2120e9faa620fa3f5fb772bef2b1e89529119ea4339ad6d431349', '[\"*\"]', '2026-01-15 04:04:37', NULL, '2026-01-15 03:40:11', '2026-01-15 04:04:37'),
(366, 'App\\Models\\User', 1, 'auth_token', '122a36bdcbefab8057489819f652c39415801396ed5fecf3aa24ae1889cad928', '[\"*\"]', '2026-01-15 05:21:34', NULL, '2026-01-15 04:06:18', '2026-01-15 05:21:34'),
(367, 'App\\Models\\User', 12, 'auth_token', 'f3f5843983ad03e334071d2eca582d7ab1ff2aa1ad62cc80939c3ec423594ad9', '[\"*\"]', '2026-01-15 04:14:56', NULL, '2026-01-15 04:07:24', '2026-01-15 04:14:56'),
(368, 'App\\Models\\User', 12, 'auth_token', '52af545504a3b536f84a6a732343bf08a1eea62453c78f55d0156a113275df7f', '[\"*\"]', '2026-01-15 05:19:41', NULL, '2026-01-15 04:15:01', '2026-01-15 05:19:41'),
(369, 'App\\Models\\User', 12, 'auth_token', '9944f8ff4280a48e376001267e95fe9de4f6ec3c2e194b80f0b3b6837346e669', '[\"*\"]', NULL, NULL, '2026-01-15 05:21:43', '2026-01-15 05:21:43'),
(370, 'App\\Models\\User', 12, 'auth_token', 'cc95f4592cba3b9bfdea5e1f56e29b3660b158721d03800c4b09de4144f75ba5', '[\"*\"]', NULL, NULL, '2026-01-15 05:22:33', '2026-01-15 05:22:33'),
(371, 'App\\Models\\User', 12, 'auth_token', 'dad89649f97316ed78b61ed8d921757f32868648e77bd850eb40fcad8593dd7b', '[\"*\"]', '2026-01-15 05:25:19', NULL, '2026-01-15 05:23:54', '2026-01-15 05:25:19'),
(372, 'App\\Models\\User', 1, 'auth_token', 'aad48214e65334bf5717dc0009570294b6063be0c910b0ac0d240e886fbdb7c7', '[\"*\"]', '2026-01-15 05:26:10', NULL, '2026-01-15 05:25:54', '2026-01-15 05:26:10'),
(373, 'App\\Models\\User', 1, 'auth_token', 'ebc5bbd8510f788c2d7d21bc7bfa5ca7664920d37a8d5e0d7e7a9a7350a9d42d', '[\"*\"]', '2026-01-15 05:29:16', NULL, '2026-01-15 05:26:38', '2026-01-15 05:29:16'),
(374, 'App\\Models\\User', 12, 'auth_token', 'e31fe6a7e259112d5efb9654752720b52893cee4368a3bcd37beb150b53955f9', '[\"*\"]', '2026-01-15 06:17:50', NULL, '2026-01-15 05:29:44', '2026-01-15 06:17:50'),
(375, 'App\\Models\\User', 12, 'auth_token', '88e77de9a9496cbb702de494c09dffa9b0c92a4fd8e0b91384c9169ce5e95014', '[\"*\"]', '2026-01-15 06:23:33', NULL, '2026-01-15 06:20:01', '2026-01-15 06:23:33'),
(376, 'App\\Models\\User', 12, 'auth_token', 'ec923c8b443333b76433b4f95aa9eac1a93ee4514196c67436a466d74d9ebffd', '[\"*\"]', '2026-01-15 06:28:45', NULL, '2026-01-15 06:28:44', '2026-01-15 06:28:45'),
(377, 'App\\Models\\User', 12, 'auth_token', '1f91dd7f9dab3732d84f78214310373d0c17c346353446c5ca770baec2041248', '[\"*\"]', '2026-01-15 07:19:27', NULL, '2026-01-15 06:29:26', '2026-01-15 07:19:27'),
(378, 'App\\Models\\User', 12, 'auth_token', 'cb8c5a6f52b0e1b0a3136a28c6599361a703db448d32f2e44f597a9705f93a1d', '[\"*\"]', '2026-01-15 07:30:04', NULL, '2026-01-15 07:20:41', '2026-01-15 07:30:04'),
(379, 'App\\Models\\User', 1, 'auth_token', '099cf9bb6f6bc4a08679a12b119dcd342d305225b2649ae63f7b2a281d178e29', '[\"*\"]', '2026-01-15 21:34:55', NULL, '2026-01-15 21:06:21', '2026-01-15 21:34:55'),
(380, 'App\\Models\\User', 28, 'auth_token', '99012ca5fd4bd42bf62cf9a402e6ac1b2ecd1d84449b8aa54549df41d7c27ac3', '[\"*\"]', '2026-01-15 21:37:39', NULL, '2026-01-15 21:35:48', '2026-01-15 21:37:39'),
(381, 'App\\Models\\User', 1, 'auth_token', '87c68726d2371e1f54461c06a1a3b4d4cf3504b73eb5395bb57996262d81a6e5', '[\"*\"]', '2026-01-15 21:40:23', NULL, '2026-01-15 21:38:18', '2026-01-15 21:40:23'),
(382, 'App\\Models\\User', 28, 'auth_token', '8fdf4256d0ac3dac6f0f5738de0c23e80d6177f63a62369e99e9d77253b73528', '[\"*\"]', '2026-01-15 21:52:19', NULL, '2026-01-15 21:40:39', '2026-01-15 21:52:19'),
(383, 'App\\Models\\User', 1, 'auth_token', 'd2e1c7aa2c7159913961bd115b6bfd07a5e2578196f4d2a8cb8288451c8ce3da', '[\"*\"]', '2026-01-15 21:56:20', NULL, '2026-01-15 21:53:12', '2026-01-15 21:56:20'),
(384, 'App\\Models\\User', 28, 'auth_token', '7b11ee042fc0e588a99a4cf4236d053351d655776872c2bec31a00662f94cc76', '[\"*\"]', '2026-01-15 21:57:34', NULL, '2026-01-15 21:56:47', '2026-01-15 21:57:34'),
(385, 'App\\Models\\User', 1, 'auth_token', '092605a1e0352ac5d89f6de1fa2aa427f79ae26c6593774b5b283d6051469e90', '[\"*\"]', '2026-01-15 22:14:26', NULL, '2026-01-15 21:58:20', '2026-01-15 22:14:26'),
(386, 'App\\Models\\User', 28, 'auth_token', '1e716834f5c30070ac77caf96fba30be98a4655bc5e869bd7570764408c00afb', '[\"*\"]', '2026-01-15 22:15:08', NULL, '2026-01-15 22:14:35', '2026-01-15 22:15:08'),
(387, 'App\\Models\\User', 1, 'auth_token', '88fa6792401f6334b04b505011a24b1ec6e08d535cc161ba7652bc048f727ab7', '[\"*\"]', '2026-01-15 22:19:51', NULL, '2026-01-15 22:15:49', '2026-01-15 22:19:51'),
(388, 'App\\Models\\User', 28, 'auth_token', 'ef995e1f21a0c4c145bf504fa5c850717966eaa1b04da2aff54b974cfdaddfe7', '[\"*\"]', NULL, NULL, '2026-01-15 22:20:08', '2026-01-15 22:20:08'),
(389, 'App\\Models\\User', 1, 'auth_token', '9c074e1e341268015eb798a81bcaf531d8ed1ea5df817602e84fe85414f32893', '[\"*\"]', '2026-01-15 22:20:51', NULL, '2026-01-15 22:20:31', '2026-01-15 22:20:51'),
(390, 'App\\Models\\User', 28, 'auth_token', '4ae02be1b258e3a2b47fcca420414592045d3b2e3952c3d3791fd7bc9005bf0d', '[\"*\"]', '2026-01-15 22:21:57', NULL, '2026-01-15 22:21:05', '2026-01-15 22:21:57'),
(391, 'App\\Models\\User', 1, 'auth_token', '91c8aa2e30eb6566e5919baef651dc2cbc716390a2d2425c90e87f167ece77de', '[\"*\"]', '2026-01-15 22:56:24', NULL, '2026-01-15 22:22:22', '2026-01-15 22:56:24'),
(392, 'App\\Models\\User', 28, 'auth_token', '18f2fa184fd9a6704c8152e7f81203c4e91b6b2a0ffcd4921dd7d40dd0f32606', '[\"*\"]', '2026-01-15 23:03:39', NULL, '2026-01-15 23:00:15', '2026-01-15 23:03:39'),
(393, 'App\\Models\\User', 28, 'auth_token', '98ac263547296bc83a4fc078163955661dab463752118fadb818ae7eef88da99', '[\"*\"]', '2026-01-16 04:23:26', NULL, '2026-01-16 04:23:24', '2026-01-16 04:23:26'),
(394, 'App\\Models\\User', 1, 'auth_token', '5c9eaad106088b5e3190b7e00b80c191e61ca220d1b4923aa8d6f11619512707', '[\"*\"]', '2026-01-16 04:48:34', NULL, '2026-01-16 04:24:04', '2026-01-16 04:48:34'),
(395, 'App\\Models\\User', 1, 'auth_token', '455610bc927b805bce69161b1c48de4d97b52d5c6dbe5735d31cb5d9195321e7', '[\"*\"]', '2026-01-16 21:33:50', NULL, '2026-01-16 21:29:12', '2026-01-16 21:33:50'),
(396, 'App\\Models\\User', 12, 'auth_token', '632fc625105dcc5254522643645c5b0655d972fb8775895d463d66a85a13356c', '[\"*\"]', '2026-01-16 22:06:01', NULL, '2026-01-16 21:35:10', '2026-01-16 22:06:01'),
(397, 'App\\Models\\User', 1, 'auth_token', '9c6261a47da4b42ee403432cccdbb03f906feada04a8624f77775771b620d05a', '[\"*\"]', '2026-01-16 22:29:31', NULL, '2026-01-16 22:06:23', '2026-01-16 22:29:31'),
(398, 'App\\Models\\User', 12, 'auth_token', 'f30e8d074fd026e99a43356f4119a29a6c16d3a10e26955e7f6b1ae2d09323e0', '[\"*\"]', '2026-01-16 22:30:58', NULL, '2026-01-16 22:29:38', '2026-01-16 22:30:58'),
(399, 'App\\Models\\User', 1, 'auth_token', '52fa5da04c026b95fc50ac68a9ff89290a73a593f6ff288df21d23527dc95490', '[\"*\"]', '2026-01-16 22:51:23', NULL, '2026-01-16 22:31:09', '2026-01-16 22:51:23'),
(400, 'App\\Models\\User', 28, 'auth_token', 'b769982215e3a4b2d6788123bbb30ac5dceeebbd5f0c6bbb688ac53b842ef729', '[\"*\"]', '2026-01-17 00:31:13', NULL, '2026-01-16 23:01:56', '2026-01-17 00:31:13'),
(401, 'App\\Models\\User', 1, 'auth_token', '31b31449d08a51dc2a3264a0392889a6c03882f8d0ea83191b072e5d908cfc9d', '[\"*\"]', '2026-01-16 23:21:39', NULL, '2026-01-16 23:21:38', '2026-01-16 23:21:39'),
(402, 'App\\Models\\User', 1, 'auth_token', 'c2a6e7e313a990bc8ea60174e36e85161f404e212efdf0a5cd25860b092e7b2d', '[\"*\"]', '2026-01-16 23:25:55', NULL, '2026-01-16 23:22:46', '2026-01-16 23:25:55'),
(403, 'App\\Models\\User', 12, 'auth_token', 'f09fd08a7ee8d77548b3cea2d7b640b3f71ffb9e456d180c3a15a759f3ad256c', '[\"*\"]', '2026-01-16 23:27:12', NULL, '2026-01-16 23:26:02', '2026-01-16 23:27:12'),
(404, 'App\\Models\\User', 1, 'auth_token', 'd5f8dec899e643d93ecfc5322e4e87d66c03762255532688bf05a4dc8991bd40', '[\"*\"]', '2026-01-16 23:28:07', NULL, '2026-01-16 23:27:49', '2026-01-16 23:28:07'),
(405, 'App\\Models\\User', 12, 'auth_token', '63b0e7b660af2a283a8f6d134ed33d6a9b5626ec3fc46afce390b419863938e8', '[\"*\"]', '2026-01-16 23:29:18', NULL, '2026-01-16 23:28:22', '2026-01-16 23:29:18'),
(406, 'App\\Models\\User', 12, 'auth_token', '85dfd7591016446bfaa8fec8969f58f3e14372cc19169be97554d8201abaa5fc', '[\"*\"]', '2026-01-16 23:39:19', NULL, '2026-01-16 23:37:59', '2026-01-16 23:39:19'),
(407, 'App\\Models\\User', 12, 'auth_token', 'd15d29795c52942e5531a19b4e3bba217f30ecc3eeadfae3176c4c97d579a542', '[\"*\"]', '2026-01-16 23:39:55', NULL, '2026-01-16 23:39:38', '2026-01-16 23:39:55'),
(408, 'App\\Models\\User', 12, 'auth_token', '8064aac09d677b3ba16e1a121bc863d0730a01d680ebf097b9b7f1974a18a550', '[\"*\"]', '2026-01-16 23:40:15', NULL, '2026-01-16 23:40:06', '2026-01-16 23:40:15'),
(409, 'App\\Models\\User', 12, 'auth_token', 'ca73b51df931f4a099982db73c53b8dc44ac452e5acc6e30cde558822e4e4e40', '[\"*\"]', '2026-01-16 23:41:10', NULL, '2026-01-16 23:40:27', '2026-01-16 23:41:10'),
(410, 'App\\Models\\User', 12, 'auth_token', '982e353f6d44db630383ba685fe36e260db83803b06c8d18f58b27cf9cd7a607', '[\"*\"]', '2026-01-16 23:41:52', NULL, '2026-01-16 23:41:29', '2026-01-16 23:41:52'),
(411, 'App\\Models\\User', 12, 'auth_token', '548eef2992583094465f181401adfc14cfaf70c252a64fdc53f3a224662dcd0b', '[\"*\"]', NULL, NULL, '2026-01-16 23:42:03', '2026-01-16 23:42:03'),
(412, 'App\\Models\\User', 12, 'auth_token', '28632c034fbe37b7da80f2cee19a749fa8b9a5437db376fa82de70cf2df555b5', '[\"*\"]', '2026-01-16 23:43:13', NULL, '2026-01-16 23:43:07', '2026-01-16 23:43:13'),
(413, 'App\\Models\\User', 12, 'auth_token', '4e7058de035271ce027461502383c26e0b8f03b388196bdaf32b8cbe56f8156a', '[\"*\"]', '2026-01-16 23:45:11', NULL, '2026-01-16 23:45:07', '2026-01-16 23:45:11'),
(414, 'App\\Models\\User', 12, 'auth_token', 'bed7ce9bb56bca48425a91ee7069a76f8da3071407653035a427985e8d806cdb', '[\"*\"]', '2026-01-16 23:46:04', NULL, '2026-01-16 23:45:59', '2026-01-16 23:46:04'),
(415, 'App\\Models\\User', 12, 'auth_token', '7e7629b9a4cf67b71460c76f7709c75c3de2d3f57078b15e6852219bcb25c091', '[\"*\"]', '2026-01-16 23:48:56', NULL, '2026-01-16 23:48:53', '2026-01-16 23:48:56'),
(416, 'App\\Models\\User', 12, 'auth_token', '18d4385b6ce4e9021548d8ca1b8bf25adb40aa3c0c89d9514d65fb3cb8bb73d4', '[\"*\"]', '2026-01-16 23:50:11', NULL, '2026-01-16 23:49:34', '2026-01-16 23:50:11'),
(417, 'App\\Models\\User', 12, 'auth_token', '664ac23f0063b14169dc0d3e400ed30915a87b9a498f8a0c0f78139e42800597', '[\"*\"]', '2026-01-16 23:50:48', NULL, '2026-01-16 23:50:45', '2026-01-16 23:50:48'),
(418, 'App\\Models\\User', 12, 'auth_token', 'e7cdadc106a790355a4c35dd0f84139406cfe35c2ae2b0de35f7c308647523c8', '[\"*\"]', '2026-01-16 23:57:14', NULL, '2026-01-16 23:57:10', '2026-01-16 23:57:14'),
(419, 'App\\Models\\User', 12, 'auth_token', '3d3b80a3712f386b3d2bfc4a27feb63f6a013af8290256f4148d65bed4a37b4e', '[\"*\"]', '2026-01-16 23:59:41', NULL, '2026-01-16 23:59:35', '2026-01-16 23:59:41'),
(420, 'App\\Models\\User', 12, 'auth_token', '1ed91d5c9b409f3c75b9237a66fb92e7d354b514be73dc0c7aa8d028b2e902e5', '[\"*\"]', '2026-01-17 00:04:15', NULL, '2026-01-17 00:04:11', '2026-01-17 00:04:15'),
(421, 'App\\Models\\User', 12, 'auth_token', '5e3d18c9e09dea155064f4e1d94994864f0efd2b926a77a329e7692bfef6a435', '[\"*\"]', '2026-01-17 00:13:59', NULL, '2026-01-17 00:04:23', '2026-01-17 00:13:59'),
(422, 'App\\Models\\User', 12, 'auth_token', '9fa0468d4a733e0d66ccab966e7a9ca2a0dfe6fa8b3bdf797d71248d690d4a79', '[\"*\"]', '2026-01-17 00:06:35', NULL, '2026-01-17 00:06:31', '2026-01-17 00:06:35'),
(423, 'App\\Models\\User', 12, 'auth_token', '6433689fe89bd85292ebfc4b2a2ca2d97fb66f1252f2ba471842e6d214f7749b', '[\"*\"]', '2026-01-17 00:07:13', NULL, '2026-01-17 00:07:10', '2026-01-17 00:07:13'),
(424, 'App\\Models\\User', 12, 'auth_token', '76d73c4d4c9ad544eb45db2db22ee6fa20f336e8bc68e3b9ee74ba25abd8e533', '[\"*\"]', '2026-01-17 00:14:53', NULL, '2026-01-17 00:14:46', '2026-01-17 00:14:53'),
(425, 'App\\Models\\User', 12, 'auth_token', '7f1690adefe3530cf2fe4ee8f01cdc55db35f40f6f3231f27b7393eaf7efd7b1', '[\"*\"]', '2026-01-17 00:21:15', NULL, '2026-01-17 00:21:11', '2026-01-17 00:21:15'),
(426, 'App\\Models\\User', 12, 'auth_token', 'ae1ff9129518fe4b23856be9f72f57c12b74a9bc1271f82d3d1113bf63470dca', '[\"*\"]', '2026-01-17 00:45:50', NULL, '2026-01-17 00:26:18', '2026-01-17 00:45:50'),
(427, 'App\\Models\\User', 29, 'auth_token', 'fc62a7bd72ace6f457f18e15b7b15376f08a6723795ed22a1a284ef81be8e813', '[\"*\"]', NULL, NULL, '2026-01-17 00:27:06', '2026-01-17 00:27:06'),
(428, 'App\\Models\\User', 29, 'auth_token', 'f6dec6ebc15b9e66e5d69334c8544e7eb63c268539f54335c5334b57b3a41591', '[\"*\"]', NULL, NULL, '2026-01-17 00:27:25', '2026-01-17 00:27:25'),
(429, 'App\\Models\\User', 29, 'auth_token', '2c5cf8ec14d9aeb865ed74242df68301fc8d9614dd7d08bcbc04fab31af8ed78', '[\"*\"]', '2026-01-17 02:44:35', NULL, '2026-01-17 00:27:45', '2026-01-17 02:44:35'),
(430, 'App\\Models\\User', 1, 'auth_token', 'b574bef1e8929f6e2241accc063ded1a2228baa8ba8c173c61953b2bbab72ad7', '[\"*\"]', '2026-01-17 00:41:59', NULL, '2026-01-17 00:29:57', '2026-01-17 00:41:59'),
(431, 'App\\Models\\User', 28, 'auth_token', '0a335ff8332975a17a3dddf9d598a09eefb5b4190f3e6f076299dd1e3ff72319', '[\"*\"]', '2026-01-17 00:31:35', NULL, '2026-01-17 00:31:34', '2026-01-17 00:31:35'),
(432, 'App\\Models\\User', 1, 'auth_token', 'f06641adc716028cb65e06582c6463da4819c22100200c917eceb4e9d03c509b', '[\"*\"]', '2026-01-17 00:58:47', NULL, '2026-01-17 00:32:05', '2026-01-17 00:58:47'),
(433, 'App\\Models\\User', 1, 'auth_token', 'a45469f1111ae67e9a2f053dcd9012033676ef553e3ef329e784c14764fbf611', '[\"*\"]', '2026-01-17 01:59:15', NULL, '2026-01-17 00:47:09', '2026-01-17 01:59:15'),
(434, 'App\\Models\\User', 1, 'auth_token', '85caf15f1797a12fff4f02e4b2fb53bb1f0dd52e5314ad3fb02bf3698dc83dbd', '[\"*\"]', '2026-01-17 02:15:30', NULL, '2026-01-17 02:10:20', '2026-01-17 02:15:30'),
(435, 'App\\Models\\User', 12, 'auth_token', 'e71536437e84cdf8fce20026d21036e5d892266a9ef20fb8c5ca466b084c2277', '[\"*\"]', '2026-01-17 02:28:32', NULL, '2026-01-17 02:16:15', '2026-01-17 02:28:32'),
(436, 'App\\Models\\User', 1, 'auth_token', '54ff4e678c4db35da159c1b78389887d207c3bfeb8d8704ebb2cbe79f7e5b0ba', '[\"*\"]', '2026-01-17 02:34:11', NULL, '2026-01-17 02:33:32', '2026-01-17 02:34:11'),
(437, 'App\\Models\\User', 12, 'auth_token', 'b7ea2b4a644ffd5726a3b93f19c48a857c2987fb523b8b860a905334eb477c71', '[\"*\"]', '2026-01-17 02:42:20', NULL, '2026-01-17 02:36:56', '2026-01-17 02:42:20'),
(438, 'App\\Models\\User', 12, 'auth_token', 'b53d9ed5739b1bfa094c641e35256c2dfe75b47f0160720efafaa571fec1436f', '[\"*\"]', NULL, NULL, '2026-01-17 02:43:08', '2026-01-17 02:43:08'),
(439, 'App\\Models\\User', 12, 'auth_token', 'fe13055d8135a6d31dc471f145883c2aadf73a32fa0aca9947502c25e34fe25d', '[\"*\"]', NULL, NULL, '2026-01-17 02:43:14', '2026-01-17 02:43:14'),
(440, 'App\\Models\\User', 1, 'auth_token', '546b4c04597e83acdf7573600bbb8b842fa2d69a7eaed2cc7e8c2971cd04fc79', '[\"*\"]', '2026-01-17 04:59:54', NULL, '2026-01-17 02:43:47', '2026-01-17 04:59:54'),
(441, 'App\\Models\\User', 12, 'auth_token', 'ba30120a5a0f488d52ccde5ce13de282529acf0cccfdb97fa82fc7989d90181e', '[\"*\"]', '2026-01-17 05:44:30', NULL, '2026-01-17 05:06:19', '2026-01-17 05:44:30'),
(442, 'App\\Models\\User', 1, 'auth_token', 'd0c798549c76293d0e6f502020b0edbf3b1d56c4823daf2a55a9d2e065b7909e', '[\"*\"]', '2026-01-17 05:52:24', NULL, '2026-01-17 05:45:51', '2026-01-17 05:52:24'),
(443, 'App\\Models\\User', 1, 'auth_token', 'b32b71842f5ba02cb86dc65e15fc042c27e74749425e350cdfdffc25ad4b7419', '[\"*\"]', '2026-01-17 06:33:40', NULL, '2026-01-17 05:54:03', '2026-01-17 06:33:40'),
(444, 'App\\Models\\User', 12, 'auth_token', 'ed50c3163604f96621bb3daf576cacc36b1011e745c8c9726c974148c94e5aca', '[\"*\"]', '2026-01-17 06:47:37', NULL, '2026-01-17 05:56:31', '2026-01-17 06:47:37'),
(445, 'App\\Models\\User', 30, 'auth_token', 'b235b224c657311486197e00f5bf2488af0fdb3bbc8dca80f71b1d6da9572459', '[\"*\"]', NULL, NULL, '2026-01-17 07:06:34', '2026-01-17 07:06:34'),
(446, 'App\\Models\\User', 1, 'auth_token', '7dcd98d69159ac3205451c532ca3a8beb7e4f7ec24c593386bbfaba87907c70e', '[\"*\"]', '2026-01-17 23:53:26', NULL, '2026-01-17 22:58:43', '2026-01-17 23:53:26'),
(447, 'App\\Models\\User', 12, 'auth_token', 'faedd12f9787bb62c680ce63e76e704b8f1954ec9db7ff43f49e49847df1103e', '[\"*\"]', '2026-01-17 23:54:58', NULL, '2026-01-17 23:53:42', '2026-01-17 23:54:58'),
(448, 'App\\Models\\User', 12, 'auth_token', '18e4295d4c19fd535e8a9f9a9af650189b5bc1a930ac182ffab1ce685055b7e4', '[\"*\"]', '2026-01-18 21:40:21', NULL, '2026-01-18 21:38:00', '2026-01-18 21:40:21'),
(449, 'App\\Models\\User', 1, 'auth_token', 'e976051e802978d2e153e8c28ba508e87579be4c294fc8ae83945786d9e6446d', '[\"*\"]', '2026-01-18 22:09:35', NULL, '2026-01-18 21:44:22', '2026-01-18 22:09:35'),
(450, 'App\\Models\\User', 12, 'auth_token', '67e47ec5ad46f99bcd101ffc8162d2f3599fe19adc9d4dd33c4b5d3b868ac312', '[\"*\"]', '2026-01-18 22:13:36', NULL, '2026-01-18 22:09:50', '2026-01-18 22:13:36'),
(451, 'App\\Models\\User', 1, 'auth_token', 'fc4769c0565a5e6d812ab589021ab4c75c550e379003ce57fa3e4480def9fc86', '[\"*\"]', '2026-01-19 00:48:54', NULL, '2026-01-18 22:13:46', '2026-01-19 00:48:54'),
(452, 'App\\Models\\User', 1, 'auth_token', 'd835c3a3a6ccc1731b541113db39c47c68eac603c42154a67fa4616d934d5f40', '[\"*\"]', '2026-01-19 02:06:20', NULL, '2026-01-19 00:54:45', '2026-01-19 02:06:20'),
(453, 'App\\Models\\User', 12, 'auth_token', '96a6be7ed78139f7314e0d198413b1080037b4f144e72499c05dd5009177dd6d', '[\"*\"]', '2026-01-19 04:42:11', NULL, '2026-01-19 03:50:19', '2026-01-19 04:42:11'),
(454, 'App\\Models\\User', 1, 'auth_token', 'c5ee0e064e2def3b055bc4f5bfdae6418fc17bbf3af8aa5176eb88e007893564', '[\"*\"]', '2026-01-19 04:45:35', NULL, '2026-01-19 04:42:20', '2026-01-19 04:45:35'),
(455, 'App\\Models\\User', 12, 'auth_token', 'a628a9d8a43eada9d8a7b458b54997114f211cdd585a5a8e7d47298b20576f8c', '[\"*\"]', '2026-01-19 05:30:29', NULL, '2026-01-19 04:46:09', '2026-01-19 05:30:29'),
(456, 'App\\Models\\User', 1, 'auth_token', '5d53746929ebd47ce705b7adc093da4ea6e097cf0ec15543459bee4d5e61374d', '[\"*\"]', '2026-01-19 06:51:30', NULL, '2026-01-19 05:33:41', '2026-01-19 06:51:30'),
(457, 'App\\Models\\User', 1, 'auth_token', 'b0d38ff9028bf2efb1a3561b9d243c194f306d983d9ddef0970ba3dd8a97ba9b', '[\"*\"]', '2026-01-20 03:46:22', NULL, '2026-01-19 21:55:43', '2026-01-20 03:46:22'),
(458, 'App\\Models\\User', 23, 'auth_token', '9c1bd8ffc21a03806f5e526c5361ec9f7321a967d4212474e80f5ba487348ef1', '[\"*\"]', '2026-01-21 07:49:30', NULL, '2026-01-19 23:25:46', '2026-01-21 07:49:30'),
(459, 'App\\Models\\User', 1, 'auth_token', '3ec028fc73ea563282b738671b50eb4c6da748dcdc3365119d9dc2ffc54f0609', '[\"*\"]', '2026-01-20 07:31:39', NULL, '2026-01-20 05:40:36', '2026-01-20 07:31:39'),
(460, 'App\\Models\\User', 1, 'auth_token', 'c9ca41c31024b408d24b3e670a0af883603350749095691465c6ea375cf05b22', '[\"*\"]', '2026-01-20 07:45:20', NULL, '2026-01-20 07:37:03', '2026-01-20 07:45:20'),
(461, 'App\\Models\\User', 1, 'auth_token', '22a8af73abef24460786744ee9e3d5e7ba6462b7c53d9ac34860d12418cdd1fc', '[\"*\"]', '2026-01-21 03:25:55', NULL, '2026-01-20 21:50:12', '2026-01-21 03:25:55'),
(462, 'App\\Models\\User', 1, 'auth_token', '832b0ea7cfa29f95ae7398eff08136a8a10093d4858c847a8907f7ec5a45748d', '[\"*\"]', '2026-01-21 04:11:44', NULL, '2026-01-21 03:26:30', '2026-01-21 04:11:44'),
(463, 'App\\Models\\User', 31, 'auth_token', '17ddc286210b5dc43e247c6e17e11385f1a778f4728675c82a1a65a5755fc1c2', '[\"*\"]', NULL, NULL, '2026-01-21 04:13:24', '2026-01-21 04:13:24'),
(464, 'App\\Models\\User', 31, 'auth_token', '1a31608743c3c87eb1503aaf1b551f41f800e226d3ab0566c35caae02489f699', '[\"*\"]', NULL, NULL, '2026-01-21 04:13:36', '2026-01-21 04:13:36'),
(465, 'App\\Models\\User', 31, 'auth_token', '9ba63e330612678dd9723bff1081055b466c9b78c5088238aae9b30464a81a2f', '[\"*\"]', '2026-01-21 04:13:49', NULL, '2026-01-21 04:13:45', '2026-01-21 04:13:49'),
(466, 'App\\Models\\User', 31, 'auth_token', '46f23fa5409e64c3dae402403a84e73d52df7604f276c0553d23b24e32cfb7ff', '[\"*\"]', '2026-01-21 04:29:06', NULL, '2026-01-21 04:14:31', '2026-01-21 04:29:06'),
(467, 'App\\Models\\User', 31, 'auth_token', '58b1258b2c69075220f42873f6b7ffda08799395871c4aa29bfd2d71332743ad', '[\"*\"]', '2026-01-21 04:37:36', NULL, '2026-01-21 04:29:55', '2026-01-21 04:37:36'),
(468, 'App\\Models\\User', 1, 'auth_token', '11df3009e8501621a826d3ef7698267b985f13e05ea8c8bf06a9c38708ab2af0', '[\"*\"]', '2026-01-21 04:39:19', NULL, '2026-01-21 04:37:49', '2026-01-21 04:39:19'),
(469, 'App\\Models\\User', 31, 'auth_token', '3f1b197448e43f0a3f1dd0aa150567e18566e15959b85595f79f9390d0057484', '[\"*\"]', '2026-01-21 05:04:34', NULL, '2026-01-21 04:39:48', '2026-01-21 05:04:34'),
(470, 'App\\Models\\User', 1, 'auth_token', 'e39fde78daef0a12f444bf614b4d1f0ce88356a6954920319747e73a0ad68f06', '[\"*\"]', '2026-01-21 05:35:13', NULL, '2026-01-21 05:05:00', '2026-01-21 05:35:13'),
(471, 'App\\Models\\User', 31, 'auth_token', '574b9ebc18c751a387cf66d7ceb93613fdc9a94b1ca48a6f57468260a937e5db', '[\"*\"]', '2026-01-21 05:50:41', NULL, '2026-01-21 05:50:23', '2026-01-21 05:50:41'),
(472, 'App\\Models\\User', 1, 'auth_token', '134138812adc6556066f8c743fd7f12ad60667f9d7182ccae9babcd4cdfec38a', '[\"*\"]', '2026-01-21 06:07:34', NULL, '2026-01-21 05:51:02', '2026-01-21 06:07:34'),
(473, 'App\\Models\\User', 1, 'auth_token', '7eeed104907ba99c8d6b397e5e9396ed797e96dea4f84446bd98fb3b7a262101', '[\"*\"]', '2026-01-21 07:06:05', NULL, '2026-01-21 06:32:45', '2026-01-21 07:06:05'),
(474, 'App\\Models\\User', 1, 'auth_token', '86b876ad43976e42f3eaa818c6ae23252e0ff02b4af04a956f0ec1678d6341bb', '[\"*\"]', '2026-01-21 07:30:04', NULL, '2026-01-21 07:22:22', '2026-01-21 07:30:04'),
(475, 'App\\Models\\User', 1, 'auth_token', 'b1cdf986bf180d658909205b4bcdc5c58df06a4ce5814522d102839a4fb18131', '[\"*\"]', '2026-01-21 07:51:43', NULL, '2026-01-21 07:38:43', '2026-01-21 07:51:43'),
(476, 'App\\Models\\User', 1, 'auth_token', '3a13be83a5a9368fb194e70e9ddfd40967466c052831ed210394bd1b4093d943', '[\"*\"]', '2026-01-21 21:36:01', NULL, '2026-01-21 21:10:19', '2026-01-21 21:36:01'),
(477, 'App\\Models\\User', 1, 'auth_token', 'a6a7c27c25ecd0cb92fff30d3040ef514cb55ea7923c22707dd9ce5fb30ae027', '[\"*\"]', '2026-01-21 21:51:21', NULL, '2026-01-21 21:36:31', '2026-01-21 21:51:21'),
(478, 'App\\Models\\User', 31, 'auth_token', '57bbf8c4cb013746fa511c79fb5e38f233bcc16b58ca599fc6a4c9f6c6731ab3', '[\"*\"]', '2026-01-21 21:53:54', NULL, '2026-01-21 21:52:17', '2026-01-21 21:53:54'),
(479, 'App\\Models\\User', 1, 'auth_token', 'd173d040f2ab89e2cdb4b2c46f6051eea5117d5ca7198656df8bb6998c542bef', '[\"*\"]', '2026-01-21 23:20:38', NULL, '2026-01-21 21:54:30', '2026-01-21 23:20:38'),
(480, 'App\\Models\\User', 31, 'auth_token', 'c60bfbb1100e8a36285252b350065b13b65d9d29d1869a6f45b17d2ad0b78c0b', '[\"*\"]', '2026-01-21 22:35:52', NULL, '2026-01-21 22:11:40', '2026-01-21 22:35:52'),
(481, 'App\\Models\\User', 31, 'auth_token', 'f4b559442df5e257422b2a6603a95ae4744b871d14e349f1320bd7564a8e68d7', '[\"*\"]', '2026-01-21 23:05:42', NULL, '2026-01-21 22:37:18', '2026-01-21 23:05:42'),
(482, 'App\\Models\\User', 31, 'auth_token', 'c35b0f33246384a1a186a50afea70f1504f08ca4129f48957cc1f6ba7c8729c2', '[\"*\"]', '2026-01-21 23:08:21', NULL, '2026-01-21 23:06:21', '2026-01-21 23:08:21'),
(483, 'App\\Models\\User', 31, 'auth_token', 'a2cb4dada01ba06b94053a7a91f674adf62e8e8db52652bec60c4b56a0d9242c', '[\"*\"]', '2026-01-21 23:10:59', NULL, '2026-01-21 23:10:03', '2026-01-21 23:10:59');

-- --------------------------------------------------------

--
-- Table structure for table `processing_times`
--

CREATE TABLE `processing_times` (
  `id` bigint UNSIGNED NOT NULL,
  `service_id` bigint UNSIGNED DEFAULT NULL,
  `details` text CHARACTER SET utf8mb4 COLLATE utf8mb4_unicode_ci,
  `time` varchar(255) CHARACTER SET utf8mb4 COLLATE utf8mb4_unicode_ci DEFAULT NULL,
  `created_at` timestamp NULL DEFAULT NULL,
  `updated_at` timestamp NULL DEFAULT NULL
) ENGINE=InnoDB DEFAULT CHARSET=utf8mb4 COLLATE=utf8mb4_unicode_ci;

--
-- Dumping data for table `processing_times`
--

INSERT INTO `processing_times` (`id`, `service_id`, `details`, `time`, `created_at`, `updated_at`) VALUES
(1, 1, 'Deserunt voluptatem', 'Odit dolores soluta', '2026-01-15 04:45:52', '2026-01-15 04:45:52'),
(2, 2, 'Aut voluptatem digni', 'Dolores culpa volupt', '2026-01-15 05:28:54', '2026-01-15 05:28:54'),
(5, 5, 'early', '1/2 day', '2026-01-15 21:30:57', '2026-01-15 21:30:57'),
(6, 6, 'Football(No, Quote)', 'Football(No, Quote)', '2026-01-15 21:32:34', '2026-01-15 21:32:34'),
(7, 7, 'early', '1/2 day', '2026-01-15 21:34:29', '2026-01-15 21:34:29'),
(8, 4, 'early', '1/2 day', '2026-01-16 21:33:32', '2026-01-16 21:33:32'),
(9, 8, 'Somthing', '10 day', '2026-01-16 23:25:31', '2026-01-16 23:25:31'),
(10, 9, 'process details 11', '10 days', '2026-01-17 05:52:24', '2026-01-17 05:52:24'),
(14, 13, 'Eiusmod sint repelle', 'Hic voluptas dolor a', '2026-01-19 00:56:17', '2026-01-19 00:56:17'),
(16, 15, 'Standard Processing', '15 - 20 working days', '2026-01-19 05:28:48', '2026-01-19 05:28:48'),
(19, 16, 'Standard Processing (edit)', '15 - 20 working days', '2026-01-20 02:48:45', '2026-01-20 02:48:45'),
(43, 36, 'Mollitia qui elit e', 'Sit velit est et o', '2026-01-21 22:14:10', '2026-01-21 22:14:10'),
(45, 38, 'Cupiditate molestiae', 'Vitae in in exercita', '2026-01-21 23:07:14', '2026-01-21 23:07:14');

-- --------------------------------------------------------

--
-- Table structure for table `questionaries`
--

CREATE TABLE `questionaries` (
  `id` bigint UNSIGNED NOT NULL,
  `service_id` bigint UNSIGNED NOT NULL,
  `name` varchar(255) CHARACTER SET utf8mb4 COLLATE utf8mb4_unicode_ci NOT NULL,
  `type` varchar(255) CHARACTER SET utf8mb4 COLLATE utf8mb4_unicode_ci NOT NULL,
  `options` json DEFAULT NULL,
  `created_at` timestamp NULL DEFAULT NULL,
  `updated_at` timestamp NULL DEFAULT NULL,
  `is_required` tinyint(1) NOT NULL DEFAULT '0'
) ENGINE=InnoDB DEFAULT CHARSET=utf8mb4 COLLATE=utf8mb4_unicode_ci;

--
-- Dumping data for table `questionaries`
--

INSERT INTO `questionaries` (`id`, `service_id`, `name`, `type`, `options`, `created_at`, `updated_at`, `is_required`) VALUES
(1, 1, 'Kelly Le', 'Input field', NULL, '2026-01-15 04:45:52', '2026-01-15 04:45:52', 0),
(2, 2, 'Violet Justice', 'Input field', NULL, '2026-01-15 05:28:54', '2026-01-15 05:28:54', 0),
(3, 2, 'Wesley Ward', 'Drop down', '\"[\\\"value 1\\\",\\\"value 2\\\",\\\"value 3\\\"]\"', '2026-01-15 05:28:54', '2026-01-15 05:28:54', 0),
(4, 2, 'check=box', 'Check box', NULL, '2026-01-15 05:28:54', '2026-01-15 05:28:54', 0),
(5, 2, 'text=box', 'Textbox', NULL, '2026-01-15 05:28:54', '2026-01-15 05:28:54', 0),
(10, 4, 'Cricket(yes. Quote)', 'Textbox', NULL, '2026-01-15 21:27:30', '2026-01-15 21:27:30', 0),
(11, 4, 'Cricket(yes. Quote)', 'Input field', NULL, '2026-01-15 21:27:30', '2026-01-15 21:27:30', 0),
(12, 4, 'Cricket(yes. Quote)', 'Drop down', '\"[\\\"Cricket(yes. Quote)\\\",\\\"Cricket(yes. Quote)\\\"]\"', '2026-01-15 21:27:30', '2026-01-15 21:27:30', 0),
(13, 4, 'Cricket(yes. Quote)', 'Check box', NULL, '2026-01-15 21:27:30', '2026-01-15 21:27:30', 0),
(14, 5, 'Paper (yes, checkout)', 'Textbox', NULL, '2026-01-15 21:30:57', '2026-01-15 21:30:57', 0),
(15, 5, 'Paper (yes, checkout)', 'Drop down', '\"[\\\"Paper (yes, checkout)\\\",\\\"Paper (yes, checkout)\\\"]\"', '2026-01-15 21:30:57', '2026-01-15 21:30:57', 0),
(16, 6, 'Football(No, Quote)', 'Check box', NULL, '2026-01-15 21:32:34', '2026-01-15 21:32:34', 0),
(17, 6, 'Football(No, Quote)', 'Input field', NULL, '2026-01-15 21:32:34', '2026-01-15 21:32:34', 0),
(18, 7, 'Car( No, checkout)', 'Textbox', NULL, '2026-01-15 21:34:29', '2026-01-15 21:34:29', 0),
(19, 7, 'Car( No, checkout)', 'Input field', NULL, '2026-01-15 21:34:29', '2026-01-15 21:34:29', 0),
(20, 8, 'Test Question', 'Check box', NULL, '2026-01-16 23:25:31', '2026-01-16 23:25:31', 0),
(21, 9, 'test ques name 1', 'Textbox', NULL, '2026-01-17 05:52:24', '2026-01-17 05:52:24', 0),
(22, 13, 'Lillith Watson', 'Input field', NULL, '2026-01-19 00:56:17', '2026-01-19 00:56:17', 0),
(23, 13, 'Christine Dyer', 'Textbox', NULL, '2026-01-19 00:56:17', '2026-01-19 00:56:17', 0),
(24, 13, 'Yael Green', 'Drop down', '\"[\\\"a\\\",\\\"b\\\",\\\"c\\\"]\"', '2026-01-19 00:56:17', '2026-01-19 00:56:17', 0),
(25, 13, 'Regina Pennington', 'Check box', '\"[\\\"e\\\",\\\"r\\\",\\\"t\\\"]\"', '2026-01-19 00:56:17', '2026-01-19 00:56:17', 0),
(32, 16, 'What is your preferred business name? (edit)', 'Textbox', NULL, '2026-01-20 02:50:30', '2026-01-20 02:50:30', 0),
(33, 16, 'Select your business entity type (edit)', 'Check box', '\"[\\\"LLC\\\",\\\"Corporation\\\",\\\"Non-Profit\\\"]\"', '2026-01-20 02:50:30', '2026-01-20 02:50:30', 0),
(54, 36, 'Kane Owens', 'Check box', '\"[\\\"aa\\\",\\\"bb\\\",\\\"cc\\\"]\"', '2026-01-21 22:14:47', '2026-01-21 22:14:47', 0),
(55, 36, 'aaaaaa', 'Input field', NULL, '2026-01-21 22:14:47', '2026-01-21 22:14:47', 0),
(56, 38, 'Ronan Dixon', 'Textbox', NULL, '2026-01-21 23:07:34', '2026-01-21 23:07:34', 0),
(57, 38, 'Reuben Kelly', 'Drop down', '\"[\\\"aaa\\\",\\\"bbbbbb\\\",\\\"cccc\\\"]\"', '2026-01-21 23:07:34', '2026-01-21 23:07:34', 0);

-- --------------------------------------------------------

--
-- Table structure for table `quotes`
--

CREATE TABLE `quotes` (
  `id` bigint UNSIGNED NOT NULL,
  `user_id` bigint UNSIGNED NOT NULL,
  `type` varchar(255) CHARACTER SET utf8mb4 COLLATE utf8mb4_unicode_ci NOT NULL,
  `status` varchar(255) COLLATE utf8mb4_unicode_ci NOT NULL DEFAULT 'New',
  `reply` longtext COLLATE utf8mb4_unicode_ci,
  `created_at` timestamp NULL DEFAULT NULL,
  `updated_at` timestamp NULL DEFAULT NULL,
  `delivery_id` bigint UNSIGNED DEFAULT NULL
) ENGINE=InnoDB DEFAULT CHARSET=utf8mb4 COLLATE=utf8mb4_unicode_ci;

--
-- Dumping data for table `quotes`
--

INSERT INTO `quotes` (`id`, `user_id`, `type`, `status`, `reply`, `created_at`, `updated_at`, `delivery_id`) VALUES
(6, 11, 'service', 'New', NULL, '2025-12-26 03:44:49', '2025-12-26 03:44:49', NULL),
(7, 11, 'service', 'New', NULL, '2025-12-26 03:46:24', '2025-12-26 03:46:24', NULL),
(8, 11, 'custom', 'New', NULL, '2025-12-26 03:46:38', '2025-12-26 03:46:38', NULL),
(9, 11, 'service', 'New', NULL, '2025-12-26 03:48:22', '2025-12-26 03:48:22', NULL),
(14, 11, 'service', 'New', NULL, '2025-12-26 04:26:15', '2025-12-26 04:26:15', NULL),
(15, 11, 'service', 'New', NULL, '2025-12-26 04:29:53', '2025-12-26 04:29:53', NULL),
(16, 11, 'service', 'New', NULL, '2025-12-26 04:57:31', '2025-12-26 04:57:31', NULL),
(24, 11, 'service', 'New', NULL, '2025-12-26 22:14:13', '2025-12-26 22:14:13', NULL),
(25, 11, 'service', 'New', NULL, '2025-12-26 22:17:12', '2025-12-26 22:17:12', NULL),
(26, 11, 'service', 'New', NULL, '2025-12-26 22:19:17', '2025-12-26 22:19:17', NULL),
(27, 11, 'service', 'New', NULL, '2025-12-26 22:23:39', '2025-12-26 22:23:39', NULL),
(28, 11, 'service', 'Mailed', 'Magni in sed volupta', '2025-12-27 03:07:40', '2026-01-20 23:58:13', NULL),
(30, 11, 'service', 'New', NULL, '2025-12-28 03:36:14', '2025-12-28 03:36:14', NULL),
(33, 11, 'service', 'New', NULL, '2025-12-28 04:33:27', '2025-12-28 04:33:27', NULL),
(39, 11, 'service', 'New', NULL, '2025-12-28 04:43:49', '2025-12-28 04:43:49', NULL),
(48, 11, 'service', 'New', NULL, '2025-12-29 04:14:22', '2025-12-29 04:14:22', NULL),
(49, 11, 'service', 'New', NULL, '2025-12-29 05:36:24', '2025-12-29 05:36:24', NULL),
(51, 11, 'service', 'New', NULL, '2025-12-29 23:37:45', '2025-12-29 23:37:45', NULL),
(52, 11, 'custom', 'New', NULL, '2025-12-29 23:39:42', '2025-12-29 23:39:42', NULL),
(53, 11, 'custom', 'Mailed', NULL, '2025-12-29 23:48:38', '2026-01-20 23:24:23', NULL),
(54, 11, 'custom', 'New', NULL, '2025-12-29 23:49:11', '2025-12-29 23:49:11', NULL),
(55, 11, 'service', 'New', NULL, '2025-12-29 23:49:58', '2025-12-29 23:49:58', NULL),
(56, 11, 'custom', 'New', NULL, '2025-12-29 23:50:56', '2025-12-29 23:50:56', NULL),
(57, 11, 'service', 'New', NULL, '2025-12-29 23:51:23', '2025-12-29 23:51:23', NULL),
(58, 12, 'service', 'New', NULL, '2026-01-05 02:49:11', '2026-01-05 02:49:11', NULL),
(59, 12, 'service', 'New', NULL, '2026-01-05 02:54:06', '2026-01-05 02:54:06', NULL),
(60, 12, 'service', 'New', NULL, '2026-01-05 03:00:06', '2026-01-05 03:00:06', NULL),
(61, 12, 'service', 'New', NULL, '2026-01-05 03:00:28', '2026-01-05 03:00:28', NULL),
(62, 12, 'service', 'New', NULL, '2026-01-05 03:01:59', '2026-01-05 03:01:59', NULL),
(63, 12, 'service', 'New', NULL, '2026-01-05 03:10:20', '2026-01-05 03:10:20', NULL),
(64, 12, 'service', 'New', NULL, '2026-01-05 05:21:12', '2026-01-05 05:21:12', NULL),
(65, 12, 'service', 'New', NULL, '2026-01-06 02:52:01', '2026-01-06 02:52:01', NULL),
(66, 12, 'service', 'New', NULL, '2026-01-06 03:59:23', '2026-01-06 03:59:23', NULL),
(67, 12, 'custom', 'New', NULL, '2026-01-06 04:01:37', '2026-01-06 04:01:37', NULL),
(68, 12, 'service', 'New', NULL, '2026-01-06 04:01:52', '2026-01-06 04:01:52', NULL),
(69, 12, 'service', 'New', NULL, '2026-01-06 04:13:47', '2026-01-06 04:13:47', NULL),
(70, 12, 'service', 'New', NULL, '2026-01-06 04:17:24', '2026-01-06 04:17:24', NULL),
(71, 12, 'service', 'New', NULL, '2026-01-06 04:25:57', '2026-01-06 04:25:57', NULL),
(72, 12, 'service', 'New', NULL, '2026-01-06 04:28:15', '2026-01-06 04:28:15', NULL),
(73, 12, 'service', 'New', NULL, '2026-01-06 04:38:06', '2026-01-06 04:38:06', NULL),
(74, 12, 'service', 'New', NULL, '2026-01-06 05:14:43', '2026-01-06 05:14:43', NULL),
(75, 12, 'service', 'New', NULL, '2026-01-06 05:15:27', '2026-01-06 05:15:27', NULL),
(76, 12, 'service', 'New', NULL, '2026-01-06 05:24:08', '2026-01-06 05:24:08', NULL),
(77, 12, 'service', 'New', NULL, '2026-01-06 06:35:22', '2026-01-06 06:35:22', NULL),
(78, 12, 'service', 'New', NULL, '2026-01-06 06:35:51', '2026-01-06 06:35:51', NULL),
(79, 12, 'service', 'New', NULL, '2026-01-06 21:32:05', '2026-01-06 21:32:05', NULL),
(80, 12, 'service', 'New', NULL, '2026-01-06 21:42:56', '2026-01-06 21:42:56', NULL),
(81, 12, 'service', 'New', NULL, '2026-01-06 22:25:30', '2026-01-06 22:25:30', NULL),
(82, 12, 'service', 'New', NULL, '2026-01-06 22:29:09', '2026-01-06 22:29:09', NULL),
(83, 12, 'service', 'New', NULL, '2026-01-07 00:23:00', '2026-01-07 00:23:00', NULL),
(84, 12, 'custom', 'New', NULL, '2026-01-07 04:16:24', '2026-01-07 04:16:24', NULL),
(85, 12, 'service', 'New', NULL, '2026-01-07 05:37:51', '2026-01-07 05:37:51', NULL),
(86, 12, 'service', 'New', NULL, '2026-01-07 06:23:35', '2026-01-07 06:23:35', NULL),
(87, 12, 'service', 'New', NULL, '2026-01-07 20:58:23', '2026-01-07 20:58:23', NULL),
(88, 12, 'service', 'New', NULL, '2026-01-09 21:31:43', '2026-01-09 21:31:43', NULL),
(89, 12, 'service', 'New', NULL, '2026-01-09 22:40:19', '2026-01-09 22:40:19', NULL),
(90, 12, 'custom', 'New', NULL, '2026-01-10 00:17:52', '2026-01-10 00:17:52', NULL),
(91, 12, 'service', 'New', NULL, '2026-01-10 00:21:30', '2026-01-10 00:21:30', NULL),
(92, 12, 'service', 'New', NULL, '2026-01-10 00:28:45', '2026-01-10 00:28:45', NULL),
(93, 12, 'service', 'New', NULL, '2026-01-10 22:32:31', '2026-01-10 22:32:31', NULL),
(96, 26, 'service', 'New', NULL, '2026-01-11 00:01:35', '2026-01-11 00:01:35', NULL),
(98, 12, 'custom', 'New', NULL, '2026-01-11 05:04:02', '2026-01-11 05:04:02', NULL),
(99, 12, 'service', 'New', NULL, '2026-01-11 05:15:20', '2026-01-11 05:15:20', NULL),
(100, 12, 'service', 'New', NULL, '2026-01-11 22:31:42', '2026-01-11 22:31:42', NULL),
(101, 12, 'service', 'New', NULL, '2026-01-13 02:40:34', '2026-01-13 02:40:34', NULL),
(102, 23, 'service', 'New', NULL, '2026-01-13 02:54:50', '2026-01-13 02:54:50', NULL),
(103, 23, 'service', 'New', NULL, '2026-01-13 02:57:57', '2026-01-13 02:57:57', NULL),
(104, 12, 'service', 'New', NULL, '2026-01-13 03:44:10', '2026-01-13 03:44:10', NULL),
(105, 23, 'service', 'New', NULL, '2026-01-13 04:23:30', '2026-01-13 04:23:30', NULL),
(106, 23, 'custom', 'New', NULL, '2026-01-13 04:57:40', '2026-01-13 04:57:40', NULL),
(107, 23, 'custom', 'Mailed', NULL, '2026-01-13 05:00:25', '2026-01-20 22:41:31', NULL),
(108, 27, 'custom', 'New', NULL, '2026-01-13 05:39:25', '2026-01-13 05:39:25', NULL),
(109, 23, 'service', 'New', NULL, '2026-01-14 03:34:36', '2026-01-14 03:34:36', 5),
(111, 12, 'service', 'New', NULL, '2026-01-14 04:27:55', '2026-01-14 04:27:55', 5),
(117, 12, 'service', 'New', NULL, '2026-01-15 05:25:19', '2026-01-15 05:25:19', 2),
(118, 12, 'service', 'New', NULL, '2026-01-15 05:32:05', '2026-01-15 05:32:05', 1),
(119, 12, 'service', 'New', NULL, '2026-01-15 07:30:04', '2026-01-15 07:30:04', 1),
(120, 28, 'service', 'New', NULL, '2026-01-15 21:41:34', '2026-01-15 21:41:34', 3),
(121, 28, 'service', 'Mailed', 'Quia culpa quia anim', '2026-01-15 21:45:13', '2026-01-21 00:08:22', 3),
(135, 28, 'service', 'New', NULL, '2026-01-15 22:21:57', '2026-01-15 22:21:57', 3),
(136, 12, 'service', 'New', NULL, '2026-01-16 21:37:28', '2026-01-16 21:37:28', 1),
(141, 12, 'service', 'New', NULL, '2026-01-16 21:57:06', '2026-01-16 21:57:06', 1),
(142, 28, 'service', 'Mailed', 'Omnis at nisi quibus', '2026-01-17 00:05:04', '2026-01-21 00:01:55', 1),
(143, 28, 'service', 'Mailed', 'Eos aliquam eaque placeat repellat ad. Magni earum et. Sed ut sed temporibus qui porro voluptatem est. Rerum libero minima eos temporibus qui blanditiis rem architecto consectetur. Qui perspiciatis sed ullam repudiandae.', '2026-01-17 00:29:08', '2026-01-17 04:26:25', 3),
(145, 12, 'service', 'Mailed', 'Consequatur expedita magnam et vel quia esse at molestias. Deserunt deleniti odio nihil modi rem ea voluptatem. Dicta recusandae ex distinctio ut. Incidunt aliquam perferendis rerum consectetur.', '2026-01-17 06:06:05', '2026-01-20 23:53:17', 1),
(146, 12, 'service', 'Mailed', 'Est earum officia distinctio aut et et ex ut est. Quam id illo accusantium. Vel nisi nobis. Iure dicta aut cum autem consectetur. A necessitatibus molestiae quia. Impedit nihil voluptatem adipisci iusto aut.', '2026-01-18 21:39:03', '2026-01-20 23:28:05', 1),
(147, 31, 'custom', 'New', NULL, '2026-01-21 05:50:41', '2026-01-21 05:50:41', NULL),
(148, 23, 'service', 'New', NULL, '2026-01-21 07:07:52', '2026-01-21 07:07:52', 3),
(149, 23, 'service', 'New', NULL, '2026-01-21 07:28:31', '2026-01-21 07:28:31', 3),
(151, 23, 'service', 'New', NULL, '2026-01-21 07:37:01', '2026-01-21 07:37:01', 3),
(152, 23, 'service', 'New', NULL, '2026-01-21 07:39:19', '2026-01-21 07:39:19', 3),
(154, 23, 'service', 'New', NULL, '2026-01-21 07:48:49', '2026-01-21 07:48:49', 3),
(155, 23, 'service', 'New', NULL, '2026-01-21 07:49:30', '2026-01-21 07:49:30', 3),
(159, 31, 'service', 'New', NULL, '2026-01-21 23:10:59', '2026-01-21 23:10:59', 2);

-- --------------------------------------------------------

--
-- Table structure for table `ratings`
--

CREATE TABLE `ratings` (
  `id` bigint UNSIGNED NOT NULL,
  `user_id` bigint UNSIGNED NOT NULL,
  `order_id` bigint UNSIGNED NOT NULL,
  `rating` int NOT NULL,
  `review` text CHARACTER SET utf8mb4 COLLATE utf8mb4_unicode_ci,
  `created_at` timestamp NULL DEFAULT NULL,
  `updated_at` timestamp NULL DEFAULT NULL
) ENGINE=InnoDB DEFAULT CHARSET=utf8mb4 COLLATE=utf8mb4_unicode_ci;

--
-- Dumping data for table `ratings`
--

INSERT INTO `ratings` (`id`, `user_id`, `order_id`, `rating`, `review`, `created_at`, `updated_at`) VALUES
(18, 12, 93, 3, 'Your comprehensive analysis and actionable recommendations provide exceptional strategic value. This is precisely the insight we needed to move forward with confidence.', '2026-01-07 23:05:48', '2026-01-07 23:05:48'),
(19, 12, 98, 5, 'I appreciate the authoritative yet concise nature of this review. It delivers critical feedback that is professional, constructive, and immediately useful.', '2026-01-07 23:18:43', '2026-01-07 23:18:43'),
(20, 12, 90, 4, 'This is a masterfully crafted document. The clarity of your presentation makes a complex subject immediately accessible and actionable for the entire team.', '2026-01-07 23:19:37', '2026-01-07 23:19:37'),
(21, 12, 91, 5, 'The depth of your insight here is commendable. You’ve not only diagnosed the key issues but also provided a clear, prioritized path for resolution.', '2026-01-07 23:20:00', '2026-01-07 23:20:00'),
(22, 12, 95, 4, 'I appreciate the authoritative yet concise nature of this review. It delivers critical feedback that is professional, constructive, and immediately useful.', '2026-01-07 23:20:09', '2026-01-07 23:20:09'),
(23, 28, 6, 4, 'fdf', '2026-01-15 23:01:58', '2026-01-15 23:01:58'),
(24, 28, 5, 5, 'sfgg', '2026-01-15 23:02:04', '2026-01-15 23:02:04');

-- --------------------------------------------------------

--
-- Table structure for table `required_documents`
--

CREATE TABLE `required_documents` (
  `id` bigint UNSIGNED NOT NULL,
  `service_id` bigint UNSIGNED NOT NULL,
  `title` varchar(255) CHARACTER SET utf8mb4 COLLATE utf8mb4_unicode_ci NOT NULL,
  `created_at` timestamp NULL DEFAULT NULL,
  `updated_at` timestamp NULL DEFAULT NULL
) ENGINE=InnoDB DEFAULT CHARSET=utf8mb4 COLLATE=utf8mb4_unicode_ci;

--
-- Dumping data for table `required_documents`
--

INSERT INTO `required_documents` (`id`, `service_id`, `title`, `created_at`, `updated_at`) VALUES
(1, 1, 'Blanditiis proident', '2026-01-15 04:45:52', '2026-01-15 04:45:52'),
(2, 2, 'birth certificated', '2026-01-15 05:28:54', '2026-01-15 05:28:54'),
(3, 2, 'id card', '2026-01-15 05:28:54', '2026-01-15 05:28:54'),
(6, 5, 'Paper (yes, checkout)', '2026-01-15 21:30:57', '2026-01-15 21:30:57'),
(7, 6, 'Football(No, Quote)', '2026-01-15 21:32:34', '2026-01-15 21:32:34'),
(8, 7, 'Car( No, checkout)', '2026-01-15 21:34:29', '2026-01-15 21:34:29'),
(9, 4, 'Cricket(yes. Quote)', '2026-01-16 21:33:32', '2026-01-16 21:33:32'),
(10, 8, 'Checkout', '2026-01-16 23:25:31', '2026-01-16 23:25:31'),
(11, 9, 'id card', '2026-01-17 05:52:24', '2026-01-17 05:52:24'),
(12, 13, 'Aut qui vero explica', '2026-01-19 00:56:17', '2026-01-19 00:56:17'),
(18, 16, 'Passport (edit)', '2026-01-20 02:51:15', '2026-01-20 02:51:15'),
(19, 16, 'County', '2026-01-20 02:51:15', '2026-01-20 02:51:15'),
(20, 16, 'Tax Certificate', '2026-01-20 02:51:15', '2026-01-20 02:51:15'),
(42, 17, 'Passport (edit)', '2026-01-21 07:24:40', '2026-01-21 07:24:40'),
(43, 17, 'County', '2026-01-21 07:24:40', '2026-01-21 07:24:40'),
(44, 17, 'Tax Certificate', '2026-01-21 07:24:40', '2026-01-21 07:24:40'),
(45, 17, 'ccccccc', '2026-01-21 07:24:40', '2026-01-21 07:24:40'),
(46, 17, 'bbbbbbb', '2026-01-21 07:24:40', '2026-01-21 07:24:40'),
(48, 36, 'Qui in laborum Sit', '2026-01-21 22:15:00', '2026-01-21 22:15:00'),
(49, 36, 'id card', '2026-01-21 22:15:00', '2026-01-21 22:15:00'),
(51, 38, 'Sint iusto in tenetu', '2026-01-21 23:07:45', '2026-01-21 23:07:45'),
(52, 38, 'id card', '2026-01-21 23:07:45', '2026-01-21 23:07:45');

-- --------------------------------------------------------

--
-- Table structure for table `services`
--

CREATE TABLE `services` (
  `id` bigint UNSIGNED NOT NULL,
  `category_id` bigint UNSIGNED NOT NULL,
  `is_south_african` tinyint(1) NOT NULL DEFAULT '0',
  `title` varchar(255) CHARACTER SET utf8mb4 COLLATE utf8mb4_unicode_ci NOT NULL,
  `subtitle` varchar(255) COLLATE utf8mb4_unicode_ci DEFAULT NULL,
  `order_type` enum('quote','checkout','null') CHARACTER SET utf8mb4 COLLATE utf8mb4_unicode_ci DEFAULT 'null',
  `type` enum('Quote','Checkout') CHARACTER SET utf8mb4 COLLATE utf8mb4_unicode_ci DEFAULT NULL,
  `price` int UNSIGNED DEFAULT NULL,
  `description` text CHARACTER SET utf8mb4 COLLATE utf8mb4_unicode_ci,
  `image` varchar(255) COLLATE utf8mb4_unicode_ci DEFAULT NULL,
  `created_at` timestamp NULL DEFAULT NULL,
  `updated_at` timestamp NULL DEFAULT NULL,
  `short_description` varchar(255) COLLATE utf8mb4_unicode_ci DEFAULT NULL
) ENGINE=InnoDB DEFAULT CHARSET=utf8mb4 COLLATE=utf8mb4_unicode_ci;

--
-- Dumping data for table `services`
--

INSERT INTO `services` (`id`, `category_id`, `is_south_african`, `title`, `subtitle`, `order_type`, `type`, `price`, `description`, `image`, `created_at`, `updated_at`, `short_description`) VALUES
(1, 2, 1, 'quote or yes', 'Officia nulla volupt', 'quote', NULL, 225, '<p>Voluptatem, minim id.</p>', NULL, '2026-01-15 04:45:51', '2026-01-15 04:45:51', 'Quas magni non eum d'),
(2, 2, 0, 'checkout-1 or no', 'Dolores laboriosam', 'checkout', NULL, 398, '<p>Incididunt nisi natu.</p>', NULL, '2026-01-15 05:28:54', '2026-01-15 05:28:54', 'Dolor sit sunt qui'),
(4, 24, 1, 'Cricket(yes. Quote) aa', 'Cricket(yes. Quote)', 'quote', NULL, 120, '<p>Cricket(yes. Quote) kertuen jbnfejhbdfn hb fjbeq fkji jnfkdfk fndjkfnk kl</p>', NULL, '2026-01-15 21:27:30', '2026-01-16 21:33:32', 'Cricket(yes. Quote)'),
(5, 23, 1, 'Paper (yes, checkout)', 'Paper (yes, checkout)', 'checkout', NULL, 130, '<p>Paper (yes, checkout) dfgdgcfgfsd gdf tsefsdf fgh de gsdg <strong>d</strong></p>', NULL, '2026-01-15 21:30:57', '2026-01-15 21:30:57', 'Paper (yes, checkout)'),
(6, 22, 0, 'Football(No, Quote)', 'Football(No, Quote)', 'quote', NULL, 200, '<p> dfdfdxfdfdfdf dngjdfgfm Football(No, Quote)</p>', NULL, '2026-01-15 21:32:34', '2026-01-15 21:32:34', 'Football(No, Quote)'),
(7, 21, 0, 'Car( No, checkout)', 'Car( No, checkout)', 'checkout', NULL, 250, '<p>Car( No, checkout) dfgsteg65e65e4trhhhh45</p>', NULL, '2026-01-15 21:34:29', '2026-01-15 21:34:29', 'Car( No, checkout)'),
(8, 25, 0, 'Test Title', 'Test Subtitle', 'checkout', NULL, 100, '<p>Testing description</p>', NULL, '2026-01-16 23:25:31', '2026-01-16 23:25:31', 'Nthg to say'),
(9, 26, 1, 'test 1', 'sub title 1', 'quote', NULL, 150, '<p><strong><em>descriptiondes</em></strong> criptiondescription</p><p>description</p>', NULL, '2026-01-17 05:52:24', '2026-01-17 05:52:24', 'short decccccc'),
(13, 26, 1, 'quote or yes', 'Eos aut esse odit s', 'quote', NULL, 427, '<p>Fugiat, non quas con.</p>', NULL, '2026-01-19 00:56:17', '2026-01-19 00:56:17', 'Velit ipsum voluptas'),
(15, 2, 1, 'Residency clearance', 'Clearance', 'checkout', 'Checkout', 500, 'We handle the entire registration process including government fees and documentation.', NULL, '2026-01-19 05:28:48', '2026-01-19 05:28:48', 'this is a short description'),
(16, 2, 1, 'Residency clearance (edit)', 'Clearance', 'checkout', 'Checkout', 500, 'We handle the entire registration process including government fees and documentation.', 'images/service/1768900082.jpg', '2026-01-20 02:30:28', '2026-01-20 03:08:02', 'this is a short description'),
(17, 2, 1, 'Residency clearance (edit)', 'Clearance', 'checkout', 'Checkout', 500, 'We handle the entire registration process including government fees and documentation.', 'images/service/1768903238.jpg', '2026-01-20 03:59:13', '2026-01-20 04:00:38', 'this is a short description'),
(18, 2, 1, 'Residency clearance', 'Clearance', 'checkout', NULL, 500, 'We handle the entire registration process including government fees and documentation.', NULL, '2026-01-20 06:44:16', '2026-01-20 06:44:16', 'this is a short description'),
(33, 2, 0, 'test title', 'Clearance', 'checkout', 'Checkout', 500, 'We handle the entire registration process including government fees and documentation.', 'images/service/1768997762.jpg', '2026-01-21 06:16:02', '2026-01-21 06:16:02', 'this is a short description'),
(36, 27, 1, 'quote or yes', 'Accusamus odio ipsam', 'quote', NULL, 61, '<p>Excepturi nobis vita.</p>', 'images/service/1769055235.jpg', '2026-01-21 22:13:55', '2026-01-21 22:13:55', 'Magna eiusmod minus'),
(38, 29, 1, 'bangladesh', 'Enim omnis mollit te', 'quote', NULL, 383, '<p>Assumenda dolor erro.</p>', 'images/service/1769058422.jpg', '2026-01-21 23:07:02', '2026-01-21 23:07:02', 'Nisi culpa quae aut');

-- --------------------------------------------------------

--
-- Table structure for table `service_quotes`
--

CREATE TABLE `service_quotes` (
  `id` bigint UNSIGNED NOT NULL,
  `quote_id` bigint UNSIGNED DEFAULT NULL,
  `service_id` bigint UNSIGNED NOT NULL,
  `delivery_details_ids` json DEFAULT NULL,
  `created_at` timestamp NULL DEFAULT NULL,
  `updated_at` timestamp NULL DEFAULT NULL,
  `order_id` varchar(255) CHARACTER SET utf8mb4 COLLATE utf8mb4_unicode_ci DEFAULT NULL
) ENGINE=InnoDB DEFAULT CHARSET=utf8mb4 COLLATE=utf8mb4_unicode_ci;

--
-- Dumping data for table `service_quotes`
--

INSERT INTO `service_quotes` (`id`, `quote_id`, `service_id`, `delivery_details_ids`, `created_at`, `updated_at`, `order_id`) VALUES
(68, 73, 96, '[\"3\"]', '2026-01-06 04:38:06', '2026-01-06 04:38:06', NULL),
(69, 74, 96, '[]', '2026-01-06 05:14:43', '2026-01-06 05:14:43', NULL),
(71, 76, 96, '[\"171\", \"172\"]', '2026-01-06 05:24:08', '2026-01-06 05:24:08', NULL),
(72, 77, 96, '[\"171\", \"172\"]', '2026-01-06 06:35:22', '2026-01-06 06:35:22', NULL),
(73, 78, 96, '[\"171\", \"172\"]', '2026-01-06 06:35:51', '2026-01-06 06:35:51', NULL),
(74, 79, 98, '[\"174\"]', '2026-01-06 21:32:05', '2026-01-06 21:32:05', NULL),
(75, 80, 98, '[\"175\"]', '2026-01-06 21:42:56', '2026-01-06 21:42:56', NULL),
(76, 81, 98, '[\"175\"]', '2026-01-06 22:25:30', '2026-01-06 22:25:30', NULL),
(77, 82, 98, '[\"174\"]', '2026-01-06 22:29:09', '2026-01-06 22:29:09', NULL),
(78, 83, 98, '[\"174\"]', '2026-01-07 00:23:00', '2026-01-07 00:23:00', NULL),
(79, 85, 90, '[\"158\"]', '2026-01-07 05:37:51', '2026-01-07 05:37:51', NULL),
(80, 86, 96, '[\"171\"]', '2026-01-07 06:23:35', '2026-01-07 06:23:35', NULL),
(81, 87, 90, '[\"158\"]', '2026-01-07 20:58:23', '2026-01-07 20:58:23', NULL),
(82, 88, 98, '[\"174\"]', '2026-01-09 21:31:43', '2026-01-09 21:31:43', NULL),
(83, 89, 96, '[\"171\", \"172\"]', '2026-01-09 22:40:19', '2026-01-09 22:40:19', NULL),
(84, 91, 98, '[\"174\", \"175\"]', '2026-01-10 00:21:30', '2026-01-10 00:21:30', NULL),
(85, 92, 101, '[\"181\"]', '2026-01-10 00:28:45', '2026-01-10 00:28:45', NULL),
(86, 93, 98, '[]', '2026-01-10 22:32:31', '2026-01-10 22:32:31', NULL),
(89, 96, 102, '[\"189\"]', '2026-01-11 00:01:35', '2026-01-11 00:01:35', NULL),
(90, 99, 107, '[\"197\"]', '2026-01-11 05:15:20', '2026-01-11 05:15:20', NULL),
(91, 100, 108, '[\"198\"]', '2026-01-11 22:31:42', '2026-01-11 22:31:42', NULL),
(92, 101, 112, NULL, '2026-01-13 02:40:34', '2026-01-13 02:40:34', NULL),
(93, 102, 112, NULL, '2026-01-13 02:54:50', '2026-01-13 02:54:50', NULL),
(94, 103, 112, NULL, '2026-01-13 02:57:57', '2026-01-13 02:57:57', NULL),
(95, 104, 96, NULL, '2026-01-13 03:44:10', '2026-01-13 03:44:10', NULL),
(96, 105, 1, NULL, '2026-01-13 04:23:30', '2026-01-13 04:23:30', NULL),
(105, 117, 1, NULL, '2026-01-15 05:25:19', '2026-01-15 05:25:19', NULL),
(106, 118, 1, NULL, '2026-01-15 05:32:05', '2026-01-15 05:32:05', NULL),
(107, 119, 1, NULL, '2026-01-15 07:30:04', '2026-01-15 07:30:04', NULL),
(108, 120, 4, NULL, '2026-01-15 21:41:34', '2026-01-15 21:41:34', NULL),
(109, 121, 6, NULL, '2026-01-15 21:45:13', '2026-01-15 21:45:13', NULL),
(110, 135, 4, NULL, '2026-01-15 22:21:57', '2026-01-15 22:21:57', NULL),
(111, 136, 4, NULL, '2026-01-16 21:37:28', '2026-01-16 21:37:28', NULL),
(112, 141, 4, NULL, '2026-01-16 21:57:06', '2026-01-16 21:57:06', NULL),
(113, 142, 4, NULL, '2026-01-17 00:05:04', '2026-01-17 00:05:04', NULL),
(114, 143, 4, NULL, '2026-01-17 00:29:08', '2026-01-17 00:29:08', NULL),
(115, 145, 9, NULL, '2026-01-17 06:06:05', '2026-01-17 06:06:05', NULL),
(116, 146, 9, NULL, '2026-01-18 21:39:03', '2026-01-18 21:39:03', NULL),
(117, 148, 16, NULL, '2026-01-21 07:07:52', '2026-01-21 07:07:52', NULL),
(118, 149, 16, NULL, '2026-01-21 07:28:31', '2026-01-21 07:28:31', NULL),
(120, 151, 16, NULL, '2026-01-21 07:37:01', '2026-01-21 07:37:01', NULL),
(121, 152, 16, NULL, '2026-01-21 07:39:19', '2026-01-21 07:39:19', NULL),
(123, 154, 16, NULL, '2026-01-21 07:48:49', '2026-01-21 07:48:49', NULL),
(124, 155, 16, NULL, '2026-01-21 07:49:30', '2026-01-21 07:49:30', NULL),
(128, 159, 38, NULL, '2026-01-21 23:10:59', '2026-01-21 23:10:59', NULL);

-- --------------------------------------------------------

--
-- Table structure for table `sessions`
--

CREATE TABLE `sessions` (
  `id` varchar(255) CHARACTER SET utf8mb4 COLLATE utf8mb4_unicode_ci NOT NULL,
  `user_id` bigint UNSIGNED DEFAULT NULL,
  `ip_address` varchar(45) CHARACTER SET utf8mb4 COLLATE utf8mb4_unicode_ci DEFAULT NULL,
  `user_agent` text CHARACTER SET utf8mb4 COLLATE utf8mb4_unicode_ci,
  `payload` longtext CHARACTER SET utf8mb4 COLLATE utf8mb4_unicode_ci NOT NULL,
  `last_activity` int NOT NULL
) ENGINE=InnoDB DEFAULT CHARSET=utf8mb4 COLLATE=utf8mb4_unicode_ci;

--
-- Dumping data for table `sessions`
--

INSERT INTO `sessions` (`id`, `user_id`, `ip_address`, `user_agent`, `payload`, `last_activity`) VALUES
('4K8atVgME1SFewEX0dKviP8Q3NCNodV7GhzHrHDf', NULL, '10.10.10.19', 'Mozilla/5.0 (Windows NT 10.0; Win64; x64) AppleWebKit/537.36 (KHTML, like Gecko) Chrome/143.0.0.0 Safari/537.36', 'YTozOntzOjY6Il90b2tlbiI7czo0MDoiSEl0eE9OQWN1UXhuc2FwbEFmN01YUFB1eTZlS1MxQ0NsdWpwRVlRYyI7czo5OiJfcHJldmlvdXMiO2E6Mjp7czozOiJ1cmwiO3M6MjM6Imh0dHA6Ly8xMC4xMC4xMC40NTo4MDAwIjtzOjU6InJvdXRlIjtOO31zOjY6Il9mbGFzaCI7YToyOntzOjM6Im9sZCI7YTowOnt9czozOiJuZXciO2E6MDp7fX19', 1768207932),
('xlc1Qz6gII5IpzWGVgeghNTU0tkOUUeXbgUFVgVE', NULL, '10.10.10.45', 'PostmanRuntime/7.51.0', 'YTozOntzOjY6Il90b2tlbiI7czo0MDoiOFRJWGZPTlJUMFk1bExmbUZwU09zY0xYVHlRS25lSldaV2RDOGNYQSI7czo5OiJfcHJldmlvdXMiO2E6Mjp7czozOiJ1cmwiO3M6MjM6Imh0dHA6Ly8xMC4xMC4xMC40NTo4MDAwIjtzOjU6InJvdXRlIjtOO31zOjY6Il9mbGFzaCI7YToyOntzOjM6Im9sZCI7YTowOnt9czozOiJuZXciO2E6MDp7fX19', 1768897877),
('XyEiDbyRKTenBLfI5xpCl3EPy4gtViBmjufrVw9A', NULL, '10.10.10.45', 'Mozilla/5.0 (Windows NT 10.0; Win64; x64) AppleWebKit/537.36 (KHTML, like Gecko) Chrome/143.0.0.0 Safari/537.36', 'YTozOntzOjY6Il90b2tlbiI7czo0MDoiT0k2ZjhteTl4NmNoRDhLWkUweEpwU1MxYzZveUxmVnAwVGhuY3dmRiI7czo5OiJfcHJldmlvdXMiO2E6Mjp7czozOiJ1cmwiO3M6MjM6Imh0dHA6Ly8xMC4xMC4xMC40NTo4MDAwIjtzOjU6InJvdXRlIjtOO31zOjY6Il9mbGFzaCI7YToyOntzOjM6Im9sZCI7YTowOnt9czozOiJuZXciO2E6MDp7fX19', 1768361189),
('Yqy8ZMYwg5BYcvRHZalTtEJWht0cjWDuFqyxEwaO', NULL, '10.10.10.45', 'Mozilla/5.0 (Windows NT 10.0; Win64; x64) AppleWebKit/537.36 (KHTML, like Gecko) Chrome/143.0.0.0 Safari/537.36 Edg/143.0.0.0', 'YTozOntzOjY6Il90b2tlbiI7czo0MDoiUElxRHN4VXRncktUQTg3RUxSbUJjS1R1YlBlSXloVUVySzVwcmM0WiI7czo5OiJfcHJldmlvdXMiO2E6Mjp7czozOiJ1cmwiO3M6MjM6Imh0dHA6Ly8xMC4xMC4xMC40NTo4MDAwIjtzOjU6InJvdXRlIjtOO31zOjY6Il9mbGFzaCI7YToyOntzOjM6Im9sZCI7YTowOnt9czozOiJuZXciO2E6MDp7fX19', 1768361201);

-- --------------------------------------------------------

--
-- Table structure for table `subscribers`
--

CREATE TABLE `subscribers` (
  `id` bigint UNSIGNED NOT NULL,
  `email` varchar(255) CHARACTER SET utf8mb4 COLLATE utf8mb4_unicode_ci NOT NULL,
  `created_at` timestamp NULL DEFAULT NULL,
  `updated_at` timestamp NULL DEFAULT NULL
) ENGINE=InnoDB DEFAULT CHARSET=utf8mb4 COLLATE=utf8mb4_unicode_ci;

--
-- Dumping data for table `subscribers`
--

INSERT INTO `subscribers` (`id`, `email`, `created_at`, `updated_at`) VALUES
(1, 'Mckayla79@hotmail.com', '2025-12-26 00:23:17', '2025-12-26 00:23:17'),
(2, 'Margie44@yahoo.com', '2025-12-26 00:23:19', '2025-12-26 00:23:19'),
(3, 'Heather_Moore@yahoo.com', '2025-12-26 00:23:21', '2025-12-26 00:23:21'),
(4, 'Bart21@gmail.com', '2025-12-26 00:37:04', '2025-12-26 00:37:04'),
(5, 'Jaqueline.Treutel24@hotmail.com', '2025-12-26 02:58:59', '2025-12-26 02:58:59'),
(6, 'muvux@mailinator.com', '2025-12-26 03:01:25', '2025-12-26 03:01:25'),
(7, 'mogenyqe@mailinator.com', '2025-12-26 03:01:39', '2025-12-26 03:01:39'),
(8, 'mesexy@mailinator.com', '2025-12-26 03:01:57', '2025-12-26 03:01:57'),
(9, 'Tabitha_OConner78@yahoo.com', '2025-12-26 03:02:18', '2025-12-26 03:02:18'),
(10, 'test11@yopmail.com', '2025-12-26 03:02:57', '2025-12-26 03:02:57'),
(11, 'zyditiwyf@mailinator.com', '2025-12-26 03:10:56', '2025-12-26 03:10:56'),
(12, 'Roscoe71@gmail.com', '2026-01-04 23:44:15', '2026-01-04 23:44:15'),
(13, 'Fern.Kreiger@hotmail.com', '2026-01-04 23:50:52', '2026-01-04 23:50:52'),
(14, 'yises81604@gopicta.com', '2026-01-11 00:10:17', '2026-01-11 00:10:17'),
(15, 'kihini4578@imfaya.com', '2026-01-11 00:10:40', '2026-01-11 00:10:40'),
(16, 'almashossain555@gmail.com', '2026-01-11 02:59:50', '2026-01-11 02:59:50'),
(17, 'almas44@gmail.com', '2026-01-11 03:00:24', '2026-01-11 03:00:24'),
(18, 'Daisha93@yahoo.com', '2026-01-11 03:01:16', '2026-01-11 03:01:16'),
(19, 'almas448@gmail.com', '2026-01-11 03:02:16', '2026-01-11 03:02:16'),
(20, 'almashossain7384@gmail.com', '2026-01-11 05:48:38', '2026-01-11 05:48:38'),
(21, 'focip31212@imfaya.com', '2026-01-15 21:55:01', '2026-01-15 21:55:01'),
(22, 'skalmas882@gmail.com', '2026-01-16 22:06:10', '2026-01-16 22:06:10'),
(23, 'abc@gmail.com', '2026-01-17 00:34:22', '2026-01-17 00:34:22'),
(24, 'nopuze@mailinator.com', '2026-01-21 04:15:07', '2026-01-21 04:15:07'),
(25, 'user55@yopmail.com', '2026-01-21 04:15:12', '2026-01-21 04:15:12');

-- --------------------------------------------------------

--
-- Table structure for table `subscriptions`
--

CREATE TABLE `subscriptions` (
  `id` bigint UNSIGNED NOT NULL,
  `user_id` bigint UNSIGNED NOT NULL,
  `type` varchar(255) CHARACTER SET utf8mb4 COLLATE utf8mb4_unicode_ci NOT NULL,
  `stripe_id` varchar(255) CHARACTER SET utf8mb4 COLLATE utf8mb4_unicode_ci NOT NULL,
  `stripe_status` varchar(255) CHARACTER SET utf8mb4 COLLATE utf8mb4_unicode_ci NOT NULL,
  `stripe_price` varchar(255) CHARACTER SET utf8mb4 COLLATE utf8mb4_unicode_ci DEFAULT NULL,
  `quantity` int DEFAULT NULL,
  `trial_ends_at` timestamp NULL DEFAULT NULL,
  `ends_at` timestamp NULL DEFAULT NULL,
  `created_at` timestamp NULL DEFAULT NULL,
  `updated_at` timestamp NULL DEFAULT NULL
) ENGINE=InnoDB DEFAULT CHARSET=utf8mb4 COLLATE=utf8mb4_unicode_ci;

-- --------------------------------------------------------

--
-- Table structure for table `subscription_items`
--

CREATE TABLE `subscription_items` (
  `id` bigint UNSIGNED NOT NULL,
  `subscription_id` bigint UNSIGNED NOT NULL,
  `stripe_id` varchar(255) CHARACTER SET utf8mb4 COLLATE utf8mb4_unicode_ci NOT NULL,
  `stripe_product` varchar(255) CHARACTER SET utf8mb4 COLLATE utf8mb4_unicode_ci NOT NULL,
  `stripe_price` varchar(255) CHARACTER SET utf8mb4 COLLATE utf8mb4_unicode_ci NOT NULL,
  `meter_id` varchar(255) CHARACTER SET utf8mb4 COLLATE utf8mb4_unicode_ci DEFAULT NULL,
  `quantity` int DEFAULT NULL,
  `meter_event_name` varchar(255) CHARACTER SET utf8mb4 COLLATE utf8mb4_unicode_ci DEFAULT NULL,
  `created_at` timestamp NULL DEFAULT NULL,
  `updated_at` timestamp NULL DEFAULT NULL
) ENGINE=InnoDB DEFAULT CHARSET=utf8mb4 COLLATE=utf8mb4_unicode_ci;

-- --------------------------------------------------------

--
-- Table structure for table `transactions`
--

CREATE TABLE `transactions` (
  `id` bigint UNSIGNED NOT NULL,
  `user_id` bigint UNSIGNED NOT NULL,
  `order_id` bigint UNSIGNED NOT NULL,
  `amount` decimal(10,2) NOT NULL,
  `payment_intent_id` varchar(255) CHARACTER SET utf8mb4 COLLATE utf8mb4_unicode_ci NOT NULL,
  `status` varchar(255) CHARACTER SET utf8mb4 COLLATE utf8mb4_unicode_ci NOT NULL DEFAULT 'pending',
  `created_at` timestamp NULL DEFAULT NULL,
  `updated_at` timestamp NULL DEFAULT NULL
) ENGINE=InnoDB DEFAULT CHARSET=utf8mb4 COLLATE=utf8mb4_unicode_ci;

--
-- Dumping data for table `transactions`
--

INSERT INTO `transactions` (`id`, `user_id`, `order_id`, `amount`, `payment_intent_id`, `status`, `created_at`, `updated_at`) VALUES
(3, 11, 10, 150.00, 'pi_3Shp0ZEcCwd4ms951LPZ4X4F', 'pending', '2025-12-24 04:52:09', '2025-12-24 04:52:09'),
(4, 11, 11, 150.00, 'pi_3Shp0ZEcCwd4ms951LPZ4X4F', 'pending', '2025-12-24 06:03:59', '2025-12-24 06:03:59'),
(5, 11, 15, 150.00, 'pi_3Shp0ZEcCwd4ms951LPZ4X4F', 'pending', '2025-12-26 07:13:14', '2025-12-26 07:13:14'),
(6, 11, 17, 150.00, 'pi_3Shp0ZEcCwd4ms951LPZ4X4F', 'initiated', '2025-12-26 07:31:11', '2025-12-26 07:31:11'),
(7, 11, 18, 150.00, 'pi_3Shp0ZEcCwd4ms951LPZ4X4F', 'initiated', '2025-12-26 07:32:13', '2025-12-26 07:32:13'),
(8, 11, 19, 150.00, 'pi_3Shp0ZEcCwd4ms951LPZ4X4F', 'initiated', '2025-12-26 07:37:46', '2025-12-26 07:37:46'),
(9, 11, 21, 150.00, 'pi_3Shp0ZEcCwd4ms951LPZ4X4F', 'initiated', '2025-12-26 23:13:09', '2025-12-26 23:13:09'),
(10, 11, 22, 150.00, 'pi_3Shp0ZEcCwd4ms951LPZ4X4F', 'initiated', '2025-12-26 23:19:41', '2025-12-26 23:19:41'),
(11, 11, 23, 150.00, 'pi_3Shp0ZEcCwd4ms951LPZ4X4F', 'initiated', '2025-12-27 00:27:31', '2025-12-27 00:27:31'),
(12, 11, 24, 150.00, 'pi_3Shp0ZEcCwd4ms951LPZ4X4F', 'initiated', '2025-12-27 00:29:08', '2025-12-27 00:29:08'),
(13, 11, 25, 150.00, 'pi_3Shp0ZEcCwd4ms951LPZ4X4F', 'initiated', '2025-12-27 01:02:09', '2025-12-27 01:02:09'),
(14, 11, 26, 150.00, 'pi_3Shp0ZEcCwd4ms951LPZ4X4F', 'initiated', '2025-12-27 01:16:32', '2025-12-27 01:16:32'),
(15, 11, 27, 150.00, 'pi_3Shp0ZEcCwd4ms951LPZ4X4F', 'initiated', '2025-12-27 01:28:46', '2025-12-27 01:28:46'),
(16, 11, 28, 150.00, 'pi_3Shp0ZEcCwd4ms951LPZ4X4F', 'initiated', '2025-12-27 02:04:19', '2025-12-27 02:04:19'),
(17, 11, 29, 1200.00, 'pi_3Shp0ZEcCwd4ms951LPZ4X4F', 'initiated', '2025-12-27 03:48:10', '2025-12-27 03:48:10'),
(18, 11, 30, 1200.00, 'pi_3Shp0ZEcCwd4ms951LPZ4X4F', 'initiated', '2025-12-27 04:04:18', '2025-12-27 04:04:18'),
(19, 11, 42, 1200.00, 'pi_3Shp0ZEcCwd4ms951LPZ4X4F', 'initiated', '2025-12-27 04:27:12', '2025-12-27 04:27:12'),
(20, 11, 43, 1200.00, 'pi_3Shp0ZEcCwd4ms951LPZ4X4F', 'initiated', '2025-12-27 04:28:28', '2025-12-27 04:28:28'),
(21, 11, 46, 1200.00, 'pi_3Shp0ZEcCwd4ms951LPZ4X4F', 'initiated', '2025-12-27 05:39:12', '2025-12-27 05:39:12'),
(22, 11, 47, 1200.00, 'pi_3Shp0ZEcCwd4ms951LPZ4X4F', 'initiated', '2025-12-27 05:42:06', '2025-12-27 05:42:06'),
(23, 11, 48, 1200.00, 'pi_3Shp0ZEcCwd4ms951LPZ4X4F', 'initiated', '2025-12-29 22:00:10', '2025-12-29 22:00:10'),
(24, 11, 49, 1200.00, 'pi_3Shp0ZEcCwd4ms951LPZ4X4F', 'initiated', '2025-12-29 22:03:57', '2025-12-29 22:03:57'),
(25, 11, 50, 1200.00, 'pi_3Shp0ZEcCwd4ms951LPZ4X4F', 'initiated', '2025-12-29 22:08:16', '2025-12-29 22:08:16'),
(26, 11, 51, 1200.00, 'pi_3Shp0ZEcCwd4ms951LPZ4X4F', 'initiated', '2025-12-29 22:13:04', '2025-12-29 22:13:04'),
(28, 11, 53, 1200.00, 'pi_3Shp0ZEcCwd4ms951LPZ4X4F', 'initiated', '2025-12-29 23:18:35', '2025-12-29 23:18:35'),
(29, 12, 54, 1200.00, 'pi_3Shp0ZEcCwd4ms951LPZ4X4F', 'initiated', '2025-12-30 05:39:34', '2025-12-30 05:39:34'),
(30, 12, 55, 12.00, 'pi_3Shp0ZEcCwd4ms951LPZ4X4F', 'initiated', '2025-12-30 06:37:57', '2025-12-30 06:37:57'),
(31, 12, 56, 12.00, 'pi_3Shp0ZEcCwd4ms951LPZ4X4F', 'initiated', '2025-12-30 06:38:36', '2025-12-30 06:38:36'),
(32, 12, 57, 1200.00, 'pi_3Shp0ZEcCwd4ms951LPZ4X4F', 'initiated', '2025-12-31 02:44:15', '2025-12-31 02:44:15'),
(33, 12, 58, 12.00, 'pi_3Shp0ZEcCwd4ms951LPZ4X4F', 'initiated', '2025-12-31 04:09:13', '2025-12-31 04:09:13'),
(34, 12, 59, 12.00, 'pi_3Shp0ZEcCwd4ms951LPZ4X4F', 'initiated', '2025-12-31 04:09:58', '2025-12-31 04:09:58'),
(35, 12, 60, 12.00, 'pi_3Shp0ZEcCwd4ms951LPZ4X4F', 'initiated', '2025-12-31 04:10:48', '2025-12-31 04:10:48'),
(36, 12, 61, 12.00, 'pi_3SkMN8EcCwd4ms9500pfiz4w', 'initiated', '2025-12-31 04:12:09', '2025-12-31 04:12:09'),
(37, 12, 62, 12.00, 'pi_3SkMN8EcCwd4ms9500pfiz4w', 'initiated', '2025-12-31 04:14:07', '2025-12-31 04:14:07'),
(38, 12, 63, 12.00, 'pi_3SkMQNEcCwd4ms951KyJUHxx', 'initiated', '2025-12-31 04:15:24', '2025-12-31 04:15:24'),
(39, 12, 64, 12.00, 'pi_3SkMQNEcCwd4ms951KyJUHxx', 'initiated', '2025-12-31 04:19:19', '2025-12-31 04:19:19'),
(40, 12, 65, 1200.00, 'pi_3Shp0ZEcCwd4ms951LPZ4X4F', 'initiated', '2025-12-31 04:19:50', '2025-12-31 04:19:50'),
(41, 12, 66, 1200.00, 'pi_3Shp0ZEcCwd4ms951LPZ4X4F', 'initiated', '2025-12-31 04:19:52', '2025-12-31 04:19:52'),
(42, 12, 67, 1200.00, 'pi_3Shp0ZEcCwd4ms951LPZ4X4F', 'initiated', '2025-12-31 04:19:55', '2025-12-31 04:19:55'),
(43, 12, 68, 1200.00, 'pi_3Shp0ZEcCwd4ms951LPZ4X4F', 'initiated', '2025-12-31 04:19:57', '2025-12-31 04:19:57'),
(44, 12, 69, 1200.00, 'pi_3Shp0ZEcCwd4ms951LPZ4X4F', 'initiated', '2025-12-31 04:19:59', '2025-12-31 04:19:59'),
(45, 12, 70, 12.00, 'pi_3SkMQNEcCwd4ms951KyJUHxx', 'initiated', '2025-12-31 04:29:42', '2025-12-31 04:29:42'),
(46, 12, 71, 1200.00, 'pi_3Shp0ZEcCwd4ms951LPZ4X4F', 'initiated', '2025-12-31 04:33:23', '2025-12-31 04:33:23'),
(47, 12, 72, 3652.00, 'pi_3SkMyfEcCwd4ms950zmtLiRh', 'initiated', '2025-12-31 04:55:15', '2025-12-31 04:55:15'),
(48, 12, 73, 1200.00, 'pi_3Shp0ZEcCwd4ms951LPZ4X4F', 'initiated', '2025-12-31 04:56:00', '2025-12-31 04:56:00'),
(49, 12, 74, 3652.00, 'pi_3SkN4wEcCwd4ms9506DrrGgB', 'initiated', '2025-12-31 04:56:57', '2025-12-31 04:56:57'),
(50, 12, 75, 3652.00, 'pi_3SkN6IEcCwd4ms950Hkrl0q2', 'initiated', '2025-12-31 04:58:19', '2025-12-31 04:58:19'),
(51, 12, 76, 3652.00, 'pi_3SkN9LEcCwd4ms951nnNMuJG', 'initiated', '2025-12-31 05:01:40', '2025-12-31 05:01:40'),
(52, 12, 77, 3652.00, 'pi_3SkNADEcCwd4ms951nltjf1J', 'initiated', '2025-12-31 05:03:01', '2025-12-31 05:03:01'),
(53, 12, 78, 3652.00, 'pi_3SkNCqEcCwd4ms951Z7szHRa', 'initiated', '2025-12-31 05:05:06', '2025-12-31 05:05:06'),
(54, 12, 79, 3652.00, 'pi_3SkNDXEcCwd4ms951CAhsbrT', 'initiated', '2025-12-31 05:05:44', '2025-12-31 05:05:44'),
(55, 12, 80, 3652.00, 'pi_3SkNErEcCwd4ms950WgbNIoX', 'initiated', '2025-12-31 05:07:16', '2025-12-31 05:07:16'),
(56, 12, 81, 3652.00, 'pi_3SkNGqEcCwd4ms951kCF70bE', 'initiated', '2025-12-31 05:09:06', '2025-12-31 05:09:06'),
(57, 12, 82, 3652.00, 'pi_3SkNI0EcCwd4ms950UhbvoV4', 'initiated', '2025-12-31 05:11:06', '2025-12-31 05:11:06'),
(58, 12, 83, 4043.00, 'pi_3SkfFUEcCwd4ms9513aHYlz6', 'initiated', '2026-01-01 00:20:57', '2026-01-01 00:20:57'),
(59, 12, 84, 775.00, 'pi_3SlQg2EcCwd4ms951llAyGrU', 'initiated', '2026-01-03 02:59:49', '2026-01-03 02:59:49'),
(60, 12, 85, 775.00, 'pi_3SlQhJEcCwd4ms950K6RAHmj', 'initiated', '2026-01-03 03:01:48', '2026-01-03 03:01:48'),
(61, 12, 86, 775.00, 'pi_3SlQtJEcCwd4ms95095vv4Co', 'initiated', '2026-01-03 03:13:25', '2026-01-03 03:13:25'),
(62, 12, 87, 775.00, 'pi_3SlQtoEcCwd4ms950z3jIULR', 'initiated', '2026-01-03 03:22:12', '2026-01-03 03:22:12'),
(63, 12, 88, 3000.00, 'pi_3SlR3kEcCwd4ms9514Iv6K67', 'initiated', '2026-01-03 03:24:26', '2026-01-03 03:24:26'),
(64, 12, 89, 3000.00, 'pi_3SlR5kEcCwd4ms950c6q9opF', 'initiated', '2026-01-03 03:26:03', '2026-01-03 03:26:03'),
(65, 12, 90, 1200.00, 'pi_3Shp0ZEcCwd4ms951LPZ4X4F', 'initiated', '2026-01-03 03:40:17', '2026-01-03 03:40:17'),
(66, 12, 91, 3000.00, 'pi_3SlRHUEcCwd4ms9514oHwxRI', 'initiated', '2026-01-03 03:40:37', '2026-01-03 03:40:37'),
(67, 12, 92, 3000.00, 'pi_3SlRQ9EcCwd4ms950LO7zPMr', 'initiated', '2026-01-03 03:47:27', '2026-01-03 03:47:27'),
(68, 12, 93, 3000.00, 'pi_3SlRqOEcCwd4ms950y6cKVKD', 'initiated', '2026-01-03 04:14:50', '2026-01-03 04:14:50'),
(69, 12, 94, 3000.00, 'pi_3SlRrLEcCwd4ms951dJJDo5a', 'initiated', '2026-01-03 04:15:49', '2026-01-03 04:15:49'),
(70, 12, 95, 1200.00, 'pi_3SmooHCO6ERksYBY0Q1YlgyN', 'initiated', '2026-01-06 22:57:52', '2026-01-06 22:57:52'),
(71, 12, 96, 1200.00, 'pi_3SmooHCO6ERksYBY0Q1YlgyN', 'initiated', '2026-01-06 22:58:05', '2026-01-06 22:58:05'),
(72, 12, 97, 3056.00, 'pi_3Smp3aCO6ERksYBY11ia5ZBf', 'initiated', '2026-01-06 23:13:25', '2026-01-06 23:13:25'),
(73, 12, 98, 1200.00, 'pi_3SmvkoCO6ERksYBY1XAAMxQg', 'initiated', '2026-01-07 06:22:50', '2026-01-07 06:22:50'),
(74, 12, 99, 3754.00, 'pi_3Smw06CO6ERksYBY1RR2CNSZ', 'initiated', '2026-01-07 06:38:17', '2026-01-07 06:38:17'),
(75, 12, 100, 9944.00, 'pi_3SnGqCCO6ERksYBY10rM9CVI', 'initiated', '2026-01-08 04:53:36', '2026-01-08 04:53:36'),
(76, 12, 101, 2407.00, 'pi_3Snti1CO6ERksYBY0jWVZreL', 'initiated', '2026-01-09 22:23:40', '2026-01-09 22:23:40'),
(77, 12, 102, 17323.00, 'pi_3SnugXCO6ERksYBY19kIAvDo', 'initiated', '2026-01-09 23:26:14', '2026-01-09 23:26:14'),
(78, 12, 103, 2407.00, 'pi_3SnukQCO6ERksYBY1x1UQ8PG', 'initiated', '2026-01-09 23:30:19', '2026-01-09 23:30:19'),
(79, 12, 104, 1145.00, 'pi_3SnuoPCO6ERksYBY0OwNazyz', 'initiated', '2026-01-09 23:34:27', '2026-01-09 23:34:27'),
(80, 12, 105, 868.00, 'pi_3Snv8KCO6ERksYBY0mITUCDH', 'initiated', '2026-01-09 23:55:03', '2026-01-09 23:55:03'),
(81, 12, 106, 1200.00, 'pi_3Snv8KCO6ERksYBY0mITUCDH', 'initiated', '2026-01-10 22:45:19', '2026-01-10 22:45:19'),
(82, 12, 107, 868.00, 'pi_3SoGgKCO6ERksYBY0fGBakhx', 'initiated', '2026-01-10 22:55:27', '2026-01-10 22:55:27'),
(83, 12, 108, 1472.00, 'pi_3Soj7DCO6ERksYBY0T961Rsy', 'initiated', '2026-01-12 05:17:08', '2026-01-12 05:17:08'),
(84, 12, 109, 1200.00, 'pi_3Sp2xICO6ERksYBY0A3HfISQ', 'initiated', '2026-01-13 02:28:18', '2026-01-13 02:28:18'),
(85, 23, 110, 1200.00, 'pi_3Sp2xICO6ERksYBY0A3HfISQ', 'initiated', '2026-01-13 05:44:24', '2026-01-13 05:44:24'),
(86, 23, 111, 1200.00, 'pi_3Sp2xICO6ERksYBY0A3HfISQ', 'initiated', '2026-01-13 05:46:05', '2026-01-13 05:46:05'),
(87, 23, 1, 1200.00, 'pi_3Sp2xICO6ERksYBY0A3HfISQ', 'initiated', '2026-01-13 05:51:23', '2026-01-13 05:51:23'),
(88, 23, 2, 1200.00, 'pi_3Sp2xICO6ERksYBY0A3HfISQ', 'initiated', '2026-01-13 05:52:29', '2026-01-13 05:52:29'),
(89, 23, 3, 1200.00, 'pi_3Sp2xICO6ERksYBY0A3HfISQ', 'initiated', '2026-01-14 03:37:42', '2026-01-14 03:37:42'),
(90, 23, 4, 1200.00, 'pi_3Sp2xICO6ERksYBY0A3HfISQ', 'initiated', '2026-01-14 03:41:15', '2026-01-14 03:41:15'),
(91, 12, 5, 1200.00, 'pi_3Sp2xICO6ERksYBY0A3HfISQ', 'initiated', '2026-01-14 07:37:35', '2026-01-14 07:37:35'),
(92, 12, 6, 1200.00, 'pi_3Sp2xICO6ERksYBY0A3HfISQ', 'initiated', '2026-01-14 07:58:53', '2026-01-14 07:58:53'),
(93, 23, 7, 1200.00, 'pi_3SphAlCO6ERksYBY1HkvQwQe', 'initiated', '2026-01-14 21:25:00', '2026-01-14 21:25:00'),
(94, 23, 10, 1200.00, 'pi_3SphAlCO6ERksYBY1HkvQwQe', 'initiated', '2026-01-14 22:14:24', '2026-01-14 22:14:24'),
(95, 12, 11, 2186.00, 'pi_3Spi0YCO6ERksYBY1MYBkXb4', 'initiated', '2026-01-14 22:18:18', '2026-01-14 22:18:18'),
(96, 12, 12, 8477.00, 'pi_3Spi2CCO6ERksYBY0DXND15C', 'initiated', '2026-01-14 22:20:00', '2026-01-14 22:20:00'),
(97, 12, 1, 5088.00, 'pi_3Spp58CO6ERksYBY1Cay7bQa', 'initiated', '2026-01-15 05:51:31', '2026-01-15 05:51:31'),
(98, 12, 2, 1446.00, 'pi_3SppYCCO6ERksYBY18NIPw6r', 'initiated', '2026-01-15 06:21:34', '2026-01-15 06:21:34'),
(99, 12, 3, 1446.00, 'pi_3SpqHMCO6ERksYBY1hugkvSb', 'initiated', '2026-01-15 07:08:25', '2026-01-15 07:08:25'),
(100, 12, 4, 1446.00, 'pi_3SpqO2CO6ERksYBY1nyp6lxK', 'initiated', '2026-01-15 07:19:27', '2026-01-15 07:19:27'),
(101, 28, 5, 435.00, 'pi_3Sq3wuCO6ERksYBY06FzNkSO', 'initiated', '2026-01-15 21:44:03', '2026-01-15 21:44:03'),
(102, 28, 6, 770.00, 'pi_3Sq44wCO6ERksYBY1rnIjDGy', 'initiated', '2026-01-15 21:52:19', '2026-01-15 21:52:19'),
(103, 12, 7, 1467.00, 'pi_3SqQfOCO6ERksYBY0LMN8lAP', 'initiated', '2026-01-16 21:59:42', '2026-01-16 21:59:42'),
(104, 12, 8, 585.00, 'pi_3SqR9oCO6ERksYBY0vZa0RaO', 'initiated', '2026-01-16 22:30:57', '2026-01-16 22:30:57'),
(105, 12, 9, 1432.00, 'pi_3SqS4ICO6ERksYBY0PzCsmmC', 'initiated', '2026-01-16 23:29:17', '2026-01-16 23:29:17'),
(106, 28, 10, 417.00, 'pi_3SqT2CCO6ERksYBY0EQ0GvNn', 'initiated', '2026-01-17 00:31:12', '2026-01-17 00:31:12'),
(107, 12, 11, 1432.00, 'pi_3SqXvJCO6ERksYBY1kPHtVzh', 'initiated', '2026-01-17 05:44:29', '2026-01-17 05:44:29'),
(108, 12, 12, 1432.00, 'pi_3SqowfCO6ERksYBY0KiXGWtZ', 'initiated', '2026-01-17 23:54:56', '2026-01-17 23:54:56'),
(109, 12, 13, 1432.00, 'pi_3Sr9K0CO6ERksYBY0qL1Hf1J', 'initiated', '2026-01-18 21:40:20', '2026-01-18 21:40:20'),
(110, 12, 14, 1327.00, 'pi_3SrGBGCO6ERksYBY1GJDkYaX', 'initiated', '2026-01-19 04:59:46', '2026-01-19 04:59:46'),
(111, 23, 16, 1200.00, 'pi_3SphAlCO6ERksYBY1HkvQwQe', 'initiated', '2026-01-21 06:08:00', '2026-01-21 06:08:00'),
(112, 12, 17, 1200.00, 'pi_3SphAlCO6ERksYBY1HkvQwQe', 'initiated', '2026-01-21 06:26:44', '2026-01-21 06:26:44'),
(113, 12, 18, 1200.00, 'pi_3SphAlCO6ERksYBY1HkvQwQe', 'initiated', '2026-01-21 07:18:12', '2026-01-21 07:18:12'),
(114, 12, 19, 1200.00, 'pi_3SphAlCO6ERksYBY1HkvQwQe', 'initiated', '2026-01-21 07:26:04', '2026-01-21 07:26:04');

-- --------------------------------------------------------

--
-- Table structure for table `users`
--

CREATE TABLE `users` (
  `id` bigint UNSIGNED NOT NULL,
  `name` varchar(255) CHARACTER SET utf8mb4 COLLATE utf8mb4_unicode_ci NOT NULL,
  `email` varchar(255) CHARACTER SET utf8mb4 COLLATE utf8mb4_unicode_ci NOT NULL,
  `role` enum('admin','user') CHARACTER SET utf8mb4 COLLATE utf8mb4_unicode_ci NOT NULL DEFAULT 'user',
  `password` varchar(255) CHARACTER SET utf8mb4 COLLATE utf8mb4_unicode_ci NOT NULL,
  `profile_pic` varchar(255) CHARACTER SET utf8mb4 COLLATE utf8mb4_unicode_ci DEFAULT NULL,
  `phone_number` varchar(255) CHARACTER SET utf8mb4 COLLATE utf8mb4_unicode_ci DEFAULT NULL,
  `address` varchar(255) CHARACTER SET utf8mb4 COLLATE utf8mb4_unicode_ci DEFAULT NULL,
  `is_active` tinyint(1) NOT NULL DEFAULT '1',
  `verification_code` varchar(255) CHARACTER SET utf8mb4 COLLATE utf8mb4_unicode_ci DEFAULT NULL,
  `verification_expires_at` timestamp NULL DEFAULT NULL,
  `reset_token` varchar(255) CHARACTER SET utf8mb4 COLLATE utf8mb4_unicode_ci DEFAULT NULL,
  `email_verified_at` timestamp NULL DEFAULT NULL,
  `google_id` varchar(255) CHARACTER SET utf8mb4 COLLATE utf8mb4_unicode_ci DEFAULT NULL,
  `remember_token` varchar(100) CHARACTER SET utf8mb4 COLLATE utf8mb4_unicode_ci DEFAULT NULL,
  `reset_token_expires_at` timestamp NULL DEFAULT NULL,
  `created_at` timestamp NULL DEFAULT NULL,
  `updated_at` timestamp NULL DEFAULT NULL,
  `reset_token_verified` tinyint(1) NOT NULL DEFAULT '0',
  `reset_token_verified_at` timestamp NULL DEFAULT NULL,
  `ban_type` varchar(255) COLLATE utf8mb4_unicode_ci DEFAULT NULL,
  `banned_until` timestamp NULL DEFAULT NULL,
  `ban_reason` varchar(255) COLLATE utf8mb4_unicode_ci DEFAULT NULL,
  `stripe_id` varchar(255) CHARACTER SET utf8mb4 COLLATE utf8mb4_unicode_ci DEFAULT NULL,
  `pm_type` varchar(255) CHARACTER SET utf8mb4 COLLATE utf8mb4_unicode_ci DEFAULT NULL,
  `pm_last_four` varchar(4) CHARACTER SET utf8mb4 COLLATE utf8mb4_unicode_ci DEFAULT NULL,
  `trial_ends_at` timestamp NULL DEFAULT NULL
) ENGINE=InnoDB DEFAULT CHARSET=utf8mb4 COLLATE=utf8mb4_unicode_ci;

--
-- Dumping data for table `users`
--

INSERT INTO `users` (`id`, `name`, `email`, `role`, `password`, `profile_pic`, `phone_number`, `address`, `is_active`, `verification_code`, `verification_expires_at`, `reset_token`, `email_verified_at`, `google_id`, `remember_token`, `reset_token_expires_at`, `created_at`, `updated_at`, `reset_token_verified`, `reset_token_verified_at`, `ban_type`, `banned_until`, `ban_reason`, `stripe_id`, `pm_type`, `pm_last_four`, `trial_ends_at`) VALUES
(1, 'ADMIN 01', 'almashossain7384@gmail.com', 'admin', '$2y$12$NchBGrDlulOfDzdL6VPHE.DgCmPY.pCv6glqbrwuWkiadFaFxYpg6', 'images/profile/1768902093_85EO1WxKzE.jpg', '512', 'Et nulla dicta ut do', 1, NULL, NULL, NULL, '2025-12-02 11:38:15', NULL, NULL, NULL, '2025-12-23 05:37:37', '2026-01-20 03:44:15', 1, NULL, NULL, NULL, NULL, NULL, NULL, NULL, NULL),
(2, 'admin edited2', 'test@yopmail.com', 'admin', '$2y$12$3FErPBv9lgByg6k7d6mBDe3yvROMpWazZ2iw.cQf4lg3ovxtHZCLC', 'images/profile/1766640775_tM8Ovt2WPU.jpg', NULL, 'newyork', 1, NULL, NULL, NULL, '2025-12-02 12:03:21', NULL, NULL, NULL, '2025-12-23 05:59:47', '2025-12-25 00:27:51', 1, NULL, NULL, NULL, NULL, NULL, NULL, NULL, NULL),
(3, 'Xenos Brooks', 'test1@yopmail.com', 'user', '$2y$12$Z05rNPvd1HK3VaZE.cE3RutEoi.KEb99zZVOS1ifCTS/7f1vkkxZW', NULL, NULL, NULL, 1, NULL, NULL, NULL, '2025-12-23 06:06:16', NULL, NULL, NULL, '2025-12-23 06:05:57', '2026-01-20 00:33:03', 0, NULL, 'ban_for_one_week', '2026-01-27 00:33:03', 'Nisi sint cum molest', NULL, NULL, NULL, NULL),
(4, 'Akeem Bell', 'test2@yopmail.com', 'user', '$2y$12$1l178plRT85qx2lO1N4z6OOdkR8FIElBp54oiaXbmwD6aA7FvTcwq', NULL, NULL, NULL, 1, NULL, NULL, NULL, '2025-12-23 22:23:53', NULL, NULL, NULL, '2025-12-23 22:23:32', '2025-12-23 22:23:53', 0, NULL, NULL, NULL, NULL, NULL, NULL, NULL, NULL),
(5, 'Fulton Cooke', 'test3@yopmail.com', 'user', '$2y$12$j6Os1CxfXM8ZHxC.l/wOA.mstV4nDEtK5I04wJZ7pS4FA9k6VCLZ6', NULL, NULL, NULL, 1, NULL, NULL, NULL, '2025-12-23 22:24:27', NULL, NULL, NULL, '2025-12-23 22:24:12', '2026-01-20 02:43:22', 0, NULL, 'ban_for_one_week', '2026-01-27 02:43:22', 'dfdddd', NULL, NULL, NULL, NULL),
(6, 'awes admin', 'test4@yopmail.com', 'admin', '$2y$12$Ide1bMjwW6f6zmoYdbTOGOCdKDDn7qljm.h5knaddM0XRABvhHP/C', NULL, NULL, NULL, 1, NULL, NULL, NULL, '2025-12-24 03:39:52', NULL, NULL, NULL, '2025-12-24 03:39:19', '2025-12-24 03:39:52', 0, NULL, NULL, NULL, NULL, NULL, NULL, NULL, NULL),
(7, 'Nathan Summers', 'cyxylekev@mailinator.com', 'user', '$2y$12$P2HxuDnfnj0Su2y0Sc96YucYJ16RIEax88I7uoqsA28ml9Dmez282', 'images/profile/1766643956_MWMo3AhcDq.png', '660', 'Alias voluptates et', 1, NULL, NULL, NULL, '2025-12-24 23:56:50', NULL, NULL, NULL, '2025-12-24 23:56:27', '2026-01-19 23:52:39', 0, NULL, 'ban_for_one_week', '2026-01-26 23:52:39', 'rules violation.', NULL, NULL, NULL, NULL),
(8, 'Brian Fuller', 'test6@yopmail.com', 'user', '$2y$12$cI9bqDLHxoBKUZEiQh/iWeYqQwtuZAK8VouJ3q/vR9MXWdolC0idi', 'images/profile/1766650377_DNH5tRx7AJ.png', NULL, NULL, 1, NULL, NULL, NULL, '2025-12-25 00:34:02', NULL, NULL, NULL, '2025-12-25 00:33:47', '2026-01-20 02:51:04', 0, NULL, 'ban_for_one_month', '2026-02-20 02:51:04', 'Page layouts look better with something in each section. Web page designers, content writers, and layout artists use lorem ipsum, also known as placeholder copy,', NULL, NULL, NULL, NULL),
(9, 'awes admin', 'test7@yopmail.com', 'user', '$2y$12$6b9RebnHxwRDcS4apDIMh.BE5YcAeD6gzWrkItSYVvrRCc.g6uHnK', NULL, NULL, NULL, 1, NULL, NULL, NULL, '2025-12-25 00:43:39', NULL, NULL, NULL, '2025-12-25 00:43:17', '2025-12-25 00:45:22', 0, NULL, NULL, NULL, NULL, NULL, NULL, NULL, NULL),
(10, 'awes admin', 'test8@yopmail.com', 'user', '$2y$12$iYMTy3sSj17GUUuIOUwR1.aiix8KfhM6BVlEQG6Lrof3VoBEfZm0G', NULL, NULL, NULL, 1, NULL, NULL, NULL, '2025-12-25 02:22:42', NULL, NULL, NULL, '2025-12-25 02:22:17', '2025-12-25 02:22:42', 0, NULL, NULL, NULL, NULL, NULL, NULL, NULL, NULL),
(11, 'awes admin', 'test9@yopmail.com', 'admin', '$2y$12$GqJ6OU/yIoC1UxCNAM4vT.RFLiF8rRhzT1SNurGv4aQhmufzo3cwO', NULL, NULL, NULL, 1, NULL, NULL, NULL, '2025-12-25 02:25:04', NULL, NULL, NULL, '2025-12-25 02:24:43', '2025-12-25 02:25:04', 0, NULL, NULL, NULL, NULL, NULL, NULL, NULL, NULL),
(12, 'Wanda Rodgers', 'test10@yopmail.com', 'user', '$2y$12$mhjFX6328p5Us.v9QcZpFONidCGfJutzyEDXw43akotjpf9Q8Q6Oi', 'images/profile/1768131300_9q5lL3kSzh.jpg', '987455455555', 'Sunt et place of three', 1, NULL, NULL, NULL, '2025-12-25 21:37:13', NULL, NULL, NULL, '2025-12-25 21:36:50', '2026-01-20 02:50:24', 0, NULL, 'ban_permanently', NULL, 'Page layouts look better with something in each section. Web page designers, content writers, and layout artists use lorem ipsum, also known as placeholder copy,', NULL, NULL, NULL, NULL),
(13, 'user 15', 'test15@yopmail.com', 'user', '$2y$12$1LPLEoSt1u8o8pJhga24Fu52AheLzI0RO6HpDQBFcwP5tX/tvuSbS', NULL, NULL, NULL, 1, NULL, NULL, NULL, NULL, NULL, NULL, NULL, '2026-01-04 23:20:46', '2026-01-04 23:20:46', 0, NULL, NULL, NULL, NULL, NULL, NULL, NULL, NULL),
(14, 'user 15', 'test205@yopmail.com', 'user', '$2y$12$bRdoG3E7pr9kin8ULEjjNO73mUSTMygq6XQaqAdCk7pBC09WzT5Hu', NULL, NULL, NULL, 1, NULL, NULL, NULL, NULL, NULL, NULL, NULL, '2026-01-04 23:22:56', '2026-01-04 23:22:56', 0, NULL, NULL, NULL, NULL, NULL, NULL, NULL, NULL),
(15, 'awes admin', 'test2055555@yopmail.com', 'user', '$2y$12$tLgW4HJ0U2MWMjT1BuXaDeSdR0tbTxv2Qrc8h6Rhrq3FgF.cKgzeu', NULL, NULL, NULL, 1, NULL, NULL, NULL, NULL, NULL, NULL, NULL, '2026-01-04 23:26:38', '2026-01-04 23:26:38', 0, NULL, NULL, NULL, NULL, NULL, NULL, NULL, NULL),
(16, 'Kylan Giles', 'test20@yopmail.com', 'user', '$2y$12$ojqZPaLHx2Y3NsRAO6BoTu09r99Vlid.hWfpE94xJAkindonCAWwO', NULL, NULL, NULL, 1, NULL, NULL, NULL, NULL, NULL, NULL, NULL, '2026-01-04 23:51:57', '2026-01-04 23:51:57', 0, NULL, NULL, NULL, NULL, NULL, NULL, NULL, NULL),
(17, 'user 10', 'user10@yopmail.com', 'user', '$2y$12$OAmi/RU5jsp2Acs58NU3..z1Sr5igwr5zi.2RRG3MYC4YZi5mWWP6', NULL, NULL, NULL, 1, NULL, NULL, NULL, NULL, NULL, NULL, NULL, '2026-01-10 00:31:13', '2026-01-20 02:52:56', 0, NULL, 'ban_for_one_year', '2027-01-20 02:52:56', 'Page layouts look better with something in each section. Web page designers, content writers, and layout artists use lorem ipsum, also known as placeholder copy,', NULL, NULL, NULL, NULL),
(23, 'awes user', 'rafiawes4897@gmail.com', 'user', '$2y$12$F.z7IdQzBJmP4vY/jKvbLecATbOpkMcLBGlDgOnnPU6BuZxGbnMT.', NULL, NULL, NULL, 1, NULL, NULL, NULL, '2026-01-03 08:53:37', NULL, NULL, NULL, '2026-01-10 00:49:58', '2026-01-20 00:50:27', 0, NULL, 'ban_for_one_week', '2026-01-27 00:50:27', 'rules violation.', NULL, NULL, NULL, NULL),
(24, 'Hadassah Mathews', 'dodebeja@mailinator.com', 'user', '$2y$12$kvKc0FZ.LjIRS9pfUPbpBOhoWM1AVC9NTnRnbO2aXJNbJGgq5l4Cq', NULL, NULL, NULL, 1, NULL, NULL, NULL, NULL, NULL, NULL, NULL, '2026-01-10 03:03:59', '2026-01-10 03:03:59', 0, NULL, NULL, NULL, NULL, NULL, NULL, NULL, NULL),
(25, 'user  name 11', 'user11@yopmail.com', 'user', '$2y$12$mLmU0h.g/xXjOVanX240CuPjo786w1Qc8qT7l7D1LuWn7Z0c3whM.', NULL, NULL, NULL, 1, NULL, NULL, NULL, '2026-01-10 03:33:43', NULL, NULL, NULL, '2026-01-10 03:33:23', '2026-01-20 02:53:27', 0, NULL, 'ban_for_one_year', '2027-01-20 02:53:27', 'Page layouts look better with something in each section. Web page designers, content writers, and layout artists use lorem ipsum, also known as placeholder copy,', NULL, NULL, NULL, NULL),
(26, 'Emma Brown', 'kihini4578@imfaya.com', 'user', '$2y$12$F3GdZ9YCquW/utF3jmIOdeth2Bd3Ybjnc6rLR7qAkIcO/3LNehvmS', NULL, NULL, NULL, 1, NULL, NULL, NULL, '2026-01-10 23:13:32', NULL, NULL, NULL, '2026-01-10 23:11:44', '2026-01-10 23:13:32', 0, NULL, NULL, NULL, NULL, NULL, NULL, NULL, NULL),
(27, 'almas hossain', 'skalmas634@gmail.com', 'user', '$2y$12$ciy.xZQwYHgo4DmkoqlvleGCTPmRNwFniXTtcx4em6BSjcwvID8a6', NULL, NULL, NULL, 1, NULL, NULL, NULL, '2026-01-13 05:37:49', NULL, NULL, NULL, '2026-01-13 05:36:51', '2026-01-13 05:37:49', 0, NULL, NULL, NULL, NULL, NULL, NULL, NULL, NULL),
(28, 'Emma Brown', 'focip31212@imfaya.com', 'user', '$2y$12$KQ5R8kjEvpzw2op8rDlxBevSDJ1BX0ohmBjKDPzXoVMzKqja23bR.', 'images/profile/1768539676_s7MA9tTzsE.png', '87848544', 'dsdsdsd', 1, NULL, NULL, NULL, '2026-01-14 22:59:29', NULL, NULL, NULL, '2026-01-14 22:58:53', '2026-01-15 23:01:16', 0, NULL, NULL, NULL, NULL, NULL, NULL, NULL, NULL),
(29, 'Md. Abid Hasan', 'abid.bdcalling@gmail.com', 'user', '$2y$12$nkTsaMvgdV9kuW31nC8e7eptRB76oivim0dJwnN3Z.8wCoRBYn0oq', NULL, NULL, NULL, 1, NULL, NULL, NULL, '2026-01-17 00:27:25', NULL, NULL, NULL, '2026-01-17 00:26:55', '2026-01-17 00:27:25', 0, NULL, NULL, NULL, NULL, NULL, NULL, NULL, NULL),
(30, 'Arif Biswas', 'arifbiswas1020@gmail.com', 'user', '$2y$12$PE8Ra1kWRqavmvA9wyLJAeZw028rnxzGIw99qGt.T4f47DvT1bV8i', NULL, NULL, NULL, 1, NULL, NULL, NULL, NULL, NULL, NULL, NULL, '2026-01-17 07:06:22', '2026-01-17 07:06:22', 0, NULL, NULL, NULL, NULL, NULL, NULL, NULL, NULL),
(31, 'Grace Hutchinson', 'user55@yopmail.com', 'user', '$2y$12$gCqH5SwJJwSGd2goE59E8ehwkljEoQhCbBeoVLQx8SiBcQd3zAeB.', NULL, '+1 (504) 584-6895', 'Porro atque eu ipsa', 1, NULL, NULL, NULL, '2026-01-21 04:13:36', NULL, NULL, NULL, '2026-01-21 04:13:11', '2026-01-21 04:50:38', 0, NULL, NULL, NULL, NULL, NULL, NULL, NULL, NULL);

--
-- Indexes for dumped tables
--

--
-- Indexes for table `answers`
--
ALTER TABLE `answers`
  ADD PRIMARY KEY (`id`),
  ADD KEY `answers_user_id_foreign` (`user_id`),
  ADD KEY `answers_order_id_foreign` (`order_id`),
  ADD KEY `answers_order_item_id_foreign` (`order_item_id`),
  ADD KEY `answers_cart_id_foreign` (`cart_id`),
  ADD KEY `answers_cart_item_id_foreign` (`cart_item_id`),
  ADD KEY `answers_service_quote_id_foreign` (`service_quote_id`),
  ADD KEY `answers_questionary_id_foreign` (`questionary_id`),
  ADD KEY `answers_docs_id_foreign` (`docs_id`);

--
-- Indexes for table `cache`
--
ALTER TABLE `cache`
  ADD PRIMARY KEY (`key`);

--
-- Indexes for table `cache_locks`
--
ALTER TABLE `cache_locks`
  ADD PRIMARY KEY (`key`);

--
-- Indexes for table `carts`
--
ALTER TABLE `carts`
  ADD PRIMARY KEY (`id`),
  ADD KEY `carts_user_id_foreign` (`user_id`);

--
-- Indexes for table `cart_items`
--
ALTER TABLE `cart_items`
  ADD PRIMARY KEY (`id`);

--
-- Indexes for table `categories`
--
ALTER TABLE `categories`
  ADD PRIMARY KEY (`id`);

--
-- Indexes for table `custom_quotes`
--
ALTER TABLE `custom_quotes`
  ADD PRIMARY KEY (`id`),
  ADD KEY `custom_quotes_quote_id_foreign` (`quote_id`);

--
-- Indexes for table `deliveries`
--
ALTER TABLE `deliveries`
  ADD PRIMARY KEY (`id`);

--
-- Indexes for table `failed_jobs`
--
ALTER TABLE `failed_jobs`
  ADD PRIMARY KEY (`id`),
  ADD UNIQUE KEY `failed_jobs_uuid_unique` (`uuid`);

--
-- Indexes for table `faqs`
--
ALTER TABLE `faqs`
  ADD PRIMARY KEY (`id`);

--
-- Indexes for table `how_it_works`
--
ALTER TABLE `how_it_works`
  ADD PRIMARY KEY (`id`),
  ADD KEY `how_it_works_service_id_foreign` (`service_id`);

--
-- Indexes for table `included_services`
--
ALTER TABLE `included_services`
  ADD PRIMARY KEY (`id`),
  ADD KEY `included_services_service_id_foreign` (`service_id`);

--
-- Indexes for table `jobs`
--
ALTER TABLE `jobs`
  ADD PRIMARY KEY (`id`),
  ADD KEY `jobs_queue_index` (`queue`);

--
-- Indexes for table `job_batches`
--
ALTER TABLE `job_batches`
  ADD PRIMARY KEY (`id`);

--
-- Indexes for table `messages`
--
ALTER TABLE `messages`
  ADD PRIMARY KEY (`id`);

--
-- Indexes for table `migrations`
--
ALTER TABLE `migrations`
  ADD PRIMARY KEY (`id`);

--
-- Indexes for table `news`
--
ALTER TABLE `news`
  ADD PRIMARY KEY (`id`);

--
-- Indexes for table `notifications`
--
ALTER TABLE `notifications`
  ADD PRIMARY KEY (`id`),
  ADD KEY `notifications_notifiable_type_notifiable_id_index` (`notifiable_type`,`notifiable_id`);

--
-- Indexes for table `orders`
--
ALTER TABLE `orders`
  ADD PRIMARY KEY (`id`),
  ADD UNIQUE KEY `orders_slug_unique` (`orderid`),
  ADD KEY `orders_user_id_foreign` (`user_id`),
  ADD KEY `orders_delivery_id_foreign` (`delivery_id`);

--
-- Indexes for table `order_items`
--
ALTER TABLE `order_items`
  ADD PRIMARY KEY (`id`),
  ADD KEY `order_items_order_id_foreign` (`order_id`),
  ADD KEY `order_items_service_id_foreign` (`service_id`);

--
-- Indexes for table `order_item_deliveries`
--
ALTER TABLE `order_item_deliveries`
  ADD PRIMARY KEY (`id`),
  ADD KEY `order_item_deliveries_order_item_id_foreign` (`order_item_id`);

--
-- Indexes for table `pages`
--
ALTER TABLE `pages`
  ADD PRIMARY KEY (`id`);

--
-- Indexes for table `password_reset_tokens`
--
ALTER TABLE `password_reset_tokens`
  ADD PRIMARY KEY (`email`);

--
-- Indexes for table `personal_access_tokens`
--
ALTER TABLE `personal_access_tokens`
  ADD PRIMARY KEY (`id`),
  ADD UNIQUE KEY `personal_access_tokens_token_unique` (`token`),
  ADD KEY `personal_access_tokens_tokenable_type_tokenable_id_index` (`tokenable_type`,`tokenable_id`),
  ADD KEY `personal_access_tokens_expires_at_index` (`expires_at`);

--
-- Indexes for table `processing_times`
--
ALTER TABLE `processing_times`
  ADD PRIMARY KEY (`id`),
  ADD KEY `processing_times_service_id_foreign` (`service_id`);

--
-- Indexes for table `questionaries`
--
ALTER TABLE `questionaries`
  ADD PRIMARY KEY (`id`),
  ADD KEY `questionaries_service_id_foreign` (`service_id`);

--
-- Indexes for table `quotes`
--
ALTER TABLE `quotes`
  ADD PRIMARY KEY (`id`),
  ADD KEY `quotes_user_id_foreign` (`user_id`),
  ADD KEY `quotes_delivery_id_foreign` (`delivery_id`);

--
-- Indexes for table `ratings`
--
ALTER TABLE `ratings`
  ADD PRIMARY KEY (`id`),
  ADD KEY `ratings_user_id_foreign` (`user_id`),
  ADD KEY `ratings_order_id_foreign` (`order_id`);

--
-- Indexes for table `required_documents`
--
ALTER TABLE `required_documents`
  ADD PRIMARY KEY (`id`),
  ADD KEY `required_documents_service_id_foreign` (`service_id`);

--
-- Indexes for table `services`
--
ALTER TABLE `services`
  ADD PRIMARY KEY (`id`),
  ADD KEY `services_category_id_foreign` (`category_id`);

--
-- Indexes for table `service_quotes`
--
ALTER TABLE `service_quotes`
  ADD PRIMARY KEY (`id`),
  ADD KEY `service_quotes_quote_id_foreign` (`quote_id`),
  ADD KEY `service_quotes_service_id_foreign` (`service_id`);

--
-- Indexes for table `sessions`
--
ALTER TABLE `sessions`
  ADD PRIMARY KEY (`id`),
  ADD KEY `sessions_user_id_index` (`user_id`),
  ADD KEY `sessions_last_activity_index` (`last_activity`);

--
-- Indexes for table `subscribers`
--
ALTER TABLE `subscribers`
  ADD PRIMARY KEY (`id`),
  ADD UNIQUE KEY `subscribers_email_unique` (`email`);

--
-- Indexes for table `subscriptions`
--
ALTER TABLE `subscriptions`
  ADD PRIMARY KEY (`id`),
  ADD UNIQUE KEY `subscriptions_stripe_id_unique` (`stripe_id`),
  ADD KEY `subscriptions_user_id_stripe_status_index` (`user_id`,`stripe_status`);

--
-- Indexes for table `subscription_items`
--
ALTER TABLE `subscription_items`
  ADD PRIMARY KEY (`id`),
  ADD UNIQUE KEY `subscription_items_stripe_id_unique` (`stripe_id`),
  ADD KEY `subscription_items_subscription_id_stripe_price_index` (`subscription_id`,`stripe_price`);

--
-- Indexes for table `transactions`
--
ALTER TABLE `transactions`
  ADD PRIMARY KEY (`id`),
  ADD KEY `transactions_user_id_foreign` (`user_id`),
  ADD KEY `transactions_order_id_foreign` (`order_id`);

--
-- Indexes for table `users`
--
ALTER TABLE `users`
  ADD PRIMARY KEY (`id`),
  ADD UNIQUE KEY `users_email_unique` (`email`),
  ADD KEY `users_stripe_id_index` (`stripe_id`);

--
-- AUTO_INCREMENT for dumped tables
--

--
-- AUTO_INCREMENT for table `answers`
--
ALTER TABLE `answers`
  MODIFY `id` bigint UNSIGNED NOT NULL AUTO_INCREMENT, AUTO_INCREMENT=329;

--
-- AUTO_INCREMENT for table `carts`
--
ALTER TABLE `carts`
  MODIFY `id` bigint UNSIGNED NOT NULL AUTO_INCREMENT, AUTO_INCREMENT=9;

--
-- AUTO_INCREMENT for table `cart_items`
--
ALTER TABLE `cart_items`
  MODIFY `id` bigint UNSIGNED NOT NULL AUTO_INCREMENT, AUTO_INCREMENT=283;

--
-- AUTO_INCREMENT for table `categories`
--
ALTER TABLE `categories`
  MODIFY `id` bigint UNSIGNED NOT NULL AUTO_INCREMENT, AUTO_INCREMENT=30;

--
-- AUTO_INCREMENT for table `custom_quotes`
--
ALTER TABLE `custom_quotes`
  MODIFY `id` bigint UNSIGNED NOT NULL AUTO_INCREMENT, AUTO_INCREMENT=42;

--
-- AUTO_INCREMENT for table `deliveries`
--
ALTER TABLE `deliveries`
  MODIFY `id` bigint UNSIGNED NOT NULL AUTO_INCREMENT, AUTO_INCREMENT=5;

--
-- AUTO_INCREMENT for table `failed_jobs`
--
ALTER TABLE `failed_jobs`
  MODIFY `id` bigint UNSIGNED NOT NULL AUTO_INCREMENT;

--
-- AUTO_INCREMENT for table `faqs`
--
ALTER TABLE `faqs`
  MODIFY `id` bigint UNSIGNED NOT NULL AUTO_INCREMENT, AUTO_INCREMENT=9;

--
-- AUTO_INCREMENT for table `how_it_works`
--
ALTER TABLE `how_it_works`
  MODIFY `id` bigint UNSIGNED NOT NULL AUTO_INCREMENT, AUTO_INCREMENT=48;

--
-- AUTO_INCREMENT for table `included_services`
--
ALTER TABLE `included_services`
  MODIFY `id` bigint UNSIGNED NOT NULL AUTO_INCREMENT, AUTO_INCREMENT=48;

--
-- AUTO_INCREMENT for table `jobs`
--
ALTER TABLE `jobs`
  MODIFY `id` bigint UNSIGNED NOT NULL AUTO_INCREMENT, AUTO_INCREMENT=2083;

--
-- AUTO_INCREMENT for table `messages`
--
ALTER TABLE `messages`
  MODIFY `id` bigint UNSIGNED NOT NULL AUTO_INCREMENT, AUTO_INCREMENT=52;

--
-- AUTO_INCREMENT for table `migrations`
--
ALTER TABLE `migrations`
  MODIFY `id` int UNSIGNED NOT NULL AUTO_INCREMENT, AUTO_INCREMENT=444;

--
-- AUTO_INCREMENT for table `news`
--
ALTER TABLE `news`
  MODIFY `id` bigint UNSIGNED NOT NULL AUTO_INCREMENT, AUTO_INCREMENT=17;

--
-- AUTO_INCREMENT for table `orders`
--
ALTER TABLE `orders`
  MODIFY `id` bigint UNSIGNED NOT NULL AUTO_INCREMENT, AUTO_INCREMENT=20;

--
-- AUTO_INCREMENT for table `order_items`
--
ALTER TABLE `order_items`
  MODIFY `id` bigint UNSIGNED NOT NULL AUTO_INCREMENT, AUTO_INCREMENT=21;

--
-- AUTO_INCREMENT for table `order_item_deliveries`
--
ALTER TABLE `order_item_deliveries`
  MODIFY `id` bigint UNSIGNED NOT NULL AUTO_INCREMENT;

--
-- AUTO_INCREMENT for table `pages`
--
ALTER TABLE `pages`
  MODIFY `id` bigint UNSIGNED NOT NULL AUTO_INCREMENT, AUTO_INCREMENT=4;

--
-- AUTO_INCREMENT for table `personal_access_tokens`
--
ALTER TABLE `personal_access_tokens`
  MODIFY `id` bigint UNSIGNED NOT NULL AUTO_INCREMENT, AUTO_INCREMENT=484;

--
-- AUTO_INCREMENT for table `processing_times`
--
ALTER TABLE `processing_times`
  MODIFY `id` bigint UNSIGNED NOT NULL AUTO_INCREMENT, AUTO_INCREMENT=46;

--
-- AUTO_INCREMENT for table `questionaries`
--
ALTER TABLE `questionaries`
  MODIFY `id` bigint UNSIGNED NOT NULL AUTO_INCREMENT, AUTO_INCREMENT=58;

--
-- AUTO_INCREMENT for table `quotes`
--
ALTER TABLE `quotes`
  MODIFY `id` bigint UNSIGNED NOT NULL AUTO_INCREMENT, AUTO_INCREMENT=160;

--
-- AUTO_INCREMENT for table `ratings`
--
ALTER TABLE `ratings`
  MODIFY `id` bigint UNSIGNED NOT NULL AUTO_INCREMENT, AUTO_INCREMENT=25;

--
-- AUTO_INCREMENT for table `required_documents`
--
ALTER TABLE `required_documents`
  MODIFY `id` bigint UNSIGNED NOT NULL AUTO_INCREMENT, AUTO_INCREMENT=53;

--
-- AUTO_INCREMENT for table `services`
--
ALTER TABLE `services`
  MODIFY `id` bigint UNSIGNED NOT NULL AUTO_INCREMENT, AUTO_INCREMENT=39;

--
-- AUTO_INCREMENT for table `service_quotes`
--
ALTER TABLE `service_quotes`
  MODIFY `id` bigint UNSIGNED NOT NULL AUTO_INCREMENT, AUTO_INCREMENT=129;

--
-- AUTO_INCREMENT for table `subscribers`
--
ALTER TABLE `subscribers`
  MODIFY `id` bigint UNSIGNED NOT NULL AUTO_INCREMENT, AUTO_INCREMENT=26;

--
-- AUTO_INCREMENT for table `subscriptions`
--
ALTER TABLE `subscriptions`
  MODIFY `id` bigint UNSIGNED NOT NULL AUTO_INCREMENT;

--
-- AUTO_INCREMENT for table `subscription_items`
--
ALTER TABLE `subscription_items`
  MODIFY `id` bigint UNSIGNED NOT NULL AUTO_INCREMENT;

--
-- AUTO_INCREMENT for table `transactions`
--
ALTER TABLE `transactions`
  MODIFY `id` bigint UNSIGNED NOT NULL AUTO_INCREMENT, AUTO_INCREMENT=115;

--
-- AUTO_INCREMENT for table `users`
--
ALTER TABLE `users`
  MODIFY `id` bigint UNSIGNED NOT NULL AUTO_INCREMENT, AUTO_INCREMENT=32;

--
-- Constraints for dumped tables
--

--
-- Constraints for table `answers`
--
ALTER TABLE `answers`
  ADD CONSTRAINT `answers_cart_id_foreign` FOREIGN KEY (`cart_id`) REFERENCES `carts` (`id`) ON DELETE CASCADE,
  ADD CONSTRAINT `answers_cart_item_id_foreign` FOREIGN KEY (`cart_item_id`) REFERENCES `cart_items` (`id`) ON DELETE CASCADE,
  ADD CONSTRAINT `answers_docs_id_foreign` FOREIGN KEY (`docs_id`) REFERENCES `required_documents` (`id`) ON DELETE CASCADE,
  ADD CONSTRAINT `answers_order_id_foreign` FOREIGN KEY (`order_id`) REFERENCES `orders` (`id`) ON DELETE CASCADE,
  ADD CONSTRAINT `answers_order_item_id_foreign` FOREIGN KEY (`order_item_id`) REFERENCES `order_items` (`id`) ON DELETE CASCADE,
  ADD CONSTRAINT `answers_questionary_id_foreign` FOREIGN KEY (`questionary_id`) REFERENCES `questionaries` (`id`) ON DELETE CASCADE,
  ADD CONSTRAINT `answers_service_quote_id_foreign` FOREIGN KEY (`service_quote_id`) REFERENCES `service_quotes` (`id`) ON DELETE CASCADE,
  ADD CONSTRAINT `answers_user_id_foreign` FOREIGN KEY (`user_id`) REFERENCES `users` (`id`) ON DELETE CASCADE;

--
-- Constraints for table `carts`
--
ALTER TABLE `carts`
  ADD CONSTRAINT `carts_user_id_foreign` FOREIGN KEY (`user_id`) REFERENCES `users` (`id`) ON DELETE CASCADE;

--
-- Constraints for table `custom_quotes`
--
ALTER TABLE `custom_quotes`
  ADD CONSTRAINT `custom_quotes_quote_id_foreign` FOREIGN KEY (`quote_id`) REFERENCES `quotes` (`id`) ON DELETE CASCADE;

--
-- Constraints for table `how_it_works`
--
ALTER TABLE `how_it_works`
  ADD CONSTRAINT `how_it_works_service_id_foreign` FOREIGN KEY (`service_id`) REFERENCES `services` (`id`) ON DELETE CASCADE;

--
-- Constraints for table `included_services`
--
ALTER TABLE `included_services`
  ADD CONSTRAINT `included_services_service_id_foreign` FOREIGN KEY (`service_id`) REFERENCES `services` (`id`) ON DELETE CASCADE;

--
-- Constraints for table `orders`
--
ALTER TABLE `orders`
  ADD CONSTRAINT `orders_delivery_id_foreign` FOREIGN KEY (`delivery_id`) REFERENCES `deliveries` (`id`) ON DELETE SET NULL,
  ADD CONSTRAINT `orders_user_id_foreign` FOREIGN KEY (`user_id`) REFERENCES `users` (`id`);

--
-- Constraints for table `order_items`
--
ALTER TABLE `order_items`
  ADD CONSTRAINT `order_items_order_id_foreign` FOREIGN KEY (`order_id`) REFERENCES `orders` (`id`) ON DELETE CASCADE,
  ADD CONSTRAINT `order_items_service_id_foreign` FOREIGN KEY (`service_id`) REFERENCES `services` (`id`);

--
-- Constraints for table `order_item_deliveries`
--
ALTER TABLE `order_item_deliveries`
  ADD CONSTRAINT `order_item_deliveries_order_item_id_foreign` FOREIGN KEY (`order_item_id`) REFERENCES `order_items` (`id`) ON DELETE CASCADE;

--
-- Constraints for table `processing_times`
--
ALTER TABLE `processing_times`
  ADD CONSTRAINT `processing_times_service_id_foreign` FOREIGN KEY (`service_id`) REFERENCES `services` (`id`) ON DELETE CASCADE;

--
-- Constraints for table `questionaries`
--
ALTER TABLE `questionaries`
  ADD CONSTRAINT `questionaries_service_id_foreign` FOREIGN KEY (`service_id`) REFERENCES `services` (`id`) ON DELETE CASCADE;

--
-- Constraints for table `quotes`
--
ALTER TABLE `quotes`
  ADD CONSTRAINT `quotes_delivery_id_foreign` FOREIGN KEY (`delivery_id`) REFERENCES `deliveries` (`id`) ON DELETE SET NULL,
  ADD CONSTRAINT `quotes_user_id_foreign` FOREIGN KEY (`user_id`) REFERENCES `users` (`id`) ON DELETE CASCADE;

--
-- Constraints for table `ratings`
--
ALTER TABLE `ratings`
  ADD CONSTRAINT `ratings_order_id_foreign` FOREIGN KEY (`order_id`) REFERENCES `orders` (`id`) ON DELETE CASCADE,
  ADD CONSTRAINT `ratings_user_id_foreign` FOREIGN KEY (`user_id`) REFERENCES `users` (`id`) ON DELETE CASCADE;

--
-- Constraints for table `required_documents`
--
ALTER TABLE `required_documents`
  ADD CONSTRAINT `required_documents_service_id_foreign` FOREIGN KEY (`service_id`) REFERENCES `services` (`id`) ON DELETE CASCADE;

--
-- Constraints for table `services`
--
ALTER TABLE `services`
  ADD CONSTRAINT `services_category_id_foreign` FOREIGN KEY (`category_id`) REFERENCES `categories` (`id`) ON DELETE CASCADE;

--
-- Constraints for table `service_quotes`
--
ALTER TABLE `service_quotes`
  ADD CONSTRAINT `service_quotes_quote_id_foreign` FOREIGN KEY (`quote_id`) REFERENCES `quotes` (`id`) ON DELETE CASCADE,
  ADD CONSTRAINT `service_quotes_service_id_foreign` FOREIGN KEY (`service_id`) REFERENCES `services` (`id`) ON DELETE CASCADE;

--
-- Constraints for table `transactions`
--
ALTER TABLE `transactions`
  ADD CONSTRAINT `transactions_order_id_foreign` FOREIGN KEY (`order_id`) REFERENCES `orders` (`id`) ON DELETE CASCADE,
  ADD CONSTRAINT `transactions_user_id_foreign` FOREIGN KEY (`user_id`) REFERENCES `users` (`id`) ON DELETE CASCADE;
COMMIT;

